NOAA-Style Climate Reports

Select a Year or Month report
2017: Jan Feb Mar Apr May Jun Jul Aug Sep Oct Nov Dec
2016: Jan Feb Mar Apr May Jun Jul Aug Sep Oct Nov Dec
2015: Jan Feb Mar Apr May Jun Jul Aug Sep Oct Nov Dec
2014: Jan Feb Mar Apr May Jun Jul Aug Sep Oct Nov Dec
2013: Jan Feb Mar Apr May Jun Jul Aug Sep Oct Nov Dec
2012: Jan Feb Mar Apr May Jun Jul Aug Sep Oct Nov Dec
2011: Jan Feb Mar Apr May Jun Jul Aug Sep Oct Nov Dec
2010: Jan Feb Mar Apr May Jun Jul Aug Sep Oct Nov Dec
2009: Jan Feb Mar Apr May Jun Jul Aug Sep Oct Nov Dec
2008: Jan Feb Mar Apr May Jun Jul Aug Sep Oct Nov Dec
2007: Jan Feb Mar Apr May Jun Jul Aug Sep Oct Nov Dec
2006: Jan Feb Mar Apr May Jun Jul Aug Sep Oct Nov Dec
2005: Jan Feb Mar Apr May Jun Jul Aug Sep Oct Nov Dec
2004: Jan Feb Mar Apr May Jun Jul Aug Sep Oct Nov Dec
2003: Jan Feb Mar Apr May Jun Jul Aug Sep Oct Nov Dec
2002: Jan Feb Mar Apr May Jun Jul Aug Sep Oct Nov Dec
2001: Jan Feb Mar Apr May Jun Jul Aug Sep Oct Nov Dec
2000: Jan Feb Mar Apr May Jun Jul Aug Sep Oct Nov Dec
1999: Jan Feb Mar Apr May Jun Jul Aug Sep Oct Nov Dec
1998: Jan Feb Mar Apr May Jun Jul Aug Sep Oct Nov Dec
1997: Jan Feb Mar Apr May Jun Jul Aug Sep Oct Nov Dec
1996: Jan Feb Mar Apr May Jun Jul Aug Sep Oct Nov Dec
1995: Jan Feb Mar Apr May Jun Jul Aug Sep Oct Nov Dec
1994: Jan Feb Mar Apr May Jun Jul Aug Sep Oct Nov Dec
1993: Jan Feb Mar Apr May Jun Jul Aug Sep Oct Nov Dec
1992: Jan Feb Mar Apr May Jun Jul Aug Sep Oct Nov Dec
1991: Jan Feb Mar Apr May Jun Jul Aug Sep Oct Nov Dec
1990: Jan Feb Mar Apr May Jun Jul Aug Sep Oct Nov Dec
1989: Jan Feb Mar Apr May Jun Jul Aug Sep Oct Nov Dec
1988: Jan Feb Mar Apr May Jun Jul Aug Sep Oct Nov Dec
1987: Jan Feb Mar Apr May Jun Jul Aug Sep Oct Nov Dec
1986: Jan Feb Mar Apr May Jun Jul Aug Sep Oct Nov Dec

Report for 2017 October
                  MONTHLY CLIMATOLOGICAL SUMMARY FOR 10/2017
                                        HEAT  COOL        
     MEAN                               DEG   DEG       WIND SPEED       DOM MEAN  MEAN
DAY  TEMP  HIGH   TIME     LOW   TIME   DAYS  DAYS RAIN AVG  HI  TIME    DIR BAROM HUM
---------------------------------------------------------------------------------------
1    55.9  83.0   3:24pm  42.9  11:43pm   10    1  0.10   1  13   2:28pm WSW 30.07   55
2    40.8  48.9  12:57am  32.0  12:57am   24    0 35.10   11850  12:57am WSW 29.96   79
3    45.4  72.7   3:41pm  35.3  12:00am   20    0  0.00   0   9  12:37pm  SE 30.40   70
4    55.5  82.8   3:44pm  45.7   7:00am   10    1  0.00   0   0  12:00am   N 30.43   67
5    54.0  69.1   3:46pm  45.2   4:48am   11    0  0.02   0   0  12:00am   N 30.34   72
6    51.9  69.1   3:28pm  43.6  11:55pm   13    0  0.00   0   1   6:00pm  NW 30.18   64
7    59.3  88.9   3:33pm  43.2  12:04am    8    3  0.00   0  10   1:48pm  NE 30.09   34
8    53.3  73.8   3:29pm  31.0  11:58pm   12    0  0.10   0  15   9:48pm NNE 30.02   43
9    29.5  33.0   1:49pm  25.2  11:10pm   35    0  0.00   0   2  12:02am NNE 30.41   82
10   37.8  68.8   3:44pm  22.7   2:38am   27    0  0.28   0   1   1:38pm   E 30.41   69
11   53.5  86.8   3:42pm  34.9   3:56am   13    1  0.00   0   6  10:24am   N 30.21   45
12   34.4  48.9  12:57am  32.0  12:57am    0    0  0.00   01850  12:57am WSW  6.30  100
13
14
15   41.3  51.1   7:10pm  32.0  12:57am    5    0 35.50   01852  11:56am   N 22.66   60
16   56.5  74.7   3:04pm  40.2  12:07am   10    1  0.00   0   7  10:39am   W 30.46   27
17   57.5  79.2   3:40pm  43.0   1:03am    9    2  0.00   0  12   3:29pm   E 30.38   22
18   61.5  81.9   4:25pm  54.0  12:00am    6    3  0.00   0   6   3:55pm   W 30.33   21
19   60.5  81.0   3:47pm  46.1   5:01am    8    3  0.00   0   4   3:13pm  SW 30.23   28
20   57.4  83.5   4:17pm  32.0  12:57am    7    3 35.50   01852  11:56am   W 26.63   40
---------------------------------------------------------------------------------------
TOT  56.6  83.5 10/20/17  32.0  3/17/18  229   18 35.50   01850  3/17/18 NNE 27.95   33

HEAT BASE: 65.0
COOL BASE: 65.0