NOAA-Style Climate Reports

Select a Year or Month report
2018: Jan Feb Mar Apr May Jun Jul Aug Sep Oct Nov Dec
2017: Jan Feb Mar Apr May Jun Jul Aug Sep Oct Nov Dec
2016: Jan Feb Mar Apr May Jun Jul Aug Sep Oct Nov Dec
2015: Jan Feb Mar Apr May Jun Jul Aug Sep Oct Nov Dec
2014: Jan Feb Mar Apr May Jun Jul Aug Sep Oct Nov Dec
2013: Jan Feb Mar Apr May Jun Jul Aug Sep Oct Nov Dec
2012: Jan Feb Mar Apr May Jun Jul Aug Sep Oct Nov Dec
2011: Jan Feb Mar Apr May Jun Jul Aug Sep Oct Nov Dec
2010: Jan Feb Mar Apr May Jun Jul Aug Sep Oct Nov Dec
2009: Jan Feb Mar Apr May Jun Jul Aug Sep Oct Nov Dec
2008: Jan Feb Mar Apr May Jun Jul Aug Sep Oct Nov Dec
2007: Jan Feb Mar Apr May Jun Jul Aug Sep Oct Nov Dec
2006: Jan Feb Mar Apr May Jun Jul Aug Sep Oct Nov Dec
2005: Jan Feb Mar Apr May Jun Jul Aug Sep Oct Nov Dec
2004: Jan Feb Mar Apr May Jun Jul Aug Sep Oct Nov Dec
2003: Jan Feb Mar Apr May Jun Jul Aug Sep Oct Nov Dec
2002: Jan Feb Mar Apr May Jun Jul Aug Sep Oct Nov Dec
2001: Jan Feb Mar Apr May Jun Jul Aug Sep Oct Nov Dec
2000: Jan Feb Mar Apr May Jun Jul Aug Sep Oct Nov Dec
1999: Jan Feb Mar Apr May Jun Jul Aug Sep Oct Nov Dec
1998: Jan Feb Mar Apr May Jun Jul Aug Sep Oct Nov Dec
1997: Jan Feb Mar Apr May Jun Jul Aug Sep Oct Nov Dec
1996: Jan Feb Mar Apr May Jun Jul Aug Sep Oct Nov Dec
1995: Jan Feb Mar Apr May Jun Jul Aug Sep Oct Nov Dec
1994: Jan Feb Mar Apr May Jun Jul Aug Sep Oct Nov Dec
1993: Jan Feb Mar Apr May Jun Jul Aug Sep Oct Nov Dec
1992: Jan Feb Mar Apr May Jun Jul Aug Sep Oct Nov Dec
1991: Jan Feb Mar Apr May Jun Jul Aug Sep Oct Nov Dec
1990: Jan Feb Mar Apr May Jun Jul Aug Sep Oct Nov Dec
1989: Jan Feb Mar Apr May Jun Jul Aug Sep Oct Nov Dec
1988: Jan Feb Mar Apr May Jun Jul Aug Sep Oct Nov Dec
1987: Jan Feb Mar Apr May Jun Jul Aug Sep Oct Nov Dec
1986: Jan Feb Mar Apr May Jun Jul Aug Sep Oct Nov Dec

Report for 2018 June
                  MONTHLY CLIMATOLOGICAL SUMMARY FOR 6/2018
                                        HEAT  COOL        
     MEAN                               DEG   DEG       WIND SPEED       DOM MEAN  MEAN
DAY  TEMP  HIGH   TIME     LOW   TIME   DAYS  DAYS RAIN AVG  HI  TIME    DIR BAROM HUM
---------------------------------------------------------------------------------------
1    76.6  99.4   9:48am  60.3   6:01am    1   12  0.00   0  16   4:35pm WSW 30.14   20
2    65.4  81.7   9:57am  47.2   5:38am    4    5  0.00   1  12   1:39pm  SE 30.44   34
3    63.2  74.0   2:45pm  51.7   5:05am    4    2  0.00   0   6   1:27am  SE 30.38   43
4    74.2  97.9   9:53am  54.7   4:51am    2   12  0.00   0  19  12:55pm NNE 30.27   31
5    78.6  99.0   9:59am  63.2   3:13am    0   14  0.00   1  21   2:39pm WSW 30.23   25
6    75.2  91.8   9:46am  58.9   9:43pm    1   11  0.04   1  20   4:56pm NNE 30.21   32
7    74.3  95.2   9:55am  55.8   4:27am    2   11  0.00   1  17   4:09pm  SE 30.25   37
8    78.5 100.1  10:03am  61.2   6:09am    0   14  0.00   2  21   3:05pm WSW 30.27   27
9    77.5  93.4   9:50am  60.5   5:50am    1   13  0.00   2  21   7:08pm ESE 30.22   26
10   77.8  94.0   3:45pm  61.0   4:46am    0   13  0.00   3  22   4:32pm NNE 30.06   21
11   70.5  84.4   9:49am  54.9   5:45am    2    7  0.00   1  13   4:10pm   E 30.21   28
12   73.3  89.8   9:49am  53.7   5:21am    2   10  0.00   1  13   6:24pm ESE 30.31   32
13   67.4  95.6   9:36am  32.0  12:16am    6   12  4.71   11849  12:16am SSE 25.05   46
14   77.5  93.1  12:55pm  62.8   4:01am    0   13  0.00   2  21   2:19pm WSW 30.16   28
15   78.1 101.7   9:58am  65.0   5:46am    0   13  0.00   2  22  12:58pm   E 30.11   30
16   71.9  92.2   9:34am  60.7   4:35am    1    8  0.02   0   9   3:19pm NNE 30.06   46
17   57.6  79.2   9:20am  32.0  12:16am    8    2  5.22   01852   1:03pm NNE 27.08   75
18   63.8  79.2   4:23pm  52.9  12:00am    5    3  0.02   0  13   7:25pm NNE 30.27   75
19   62.4  76.5   3:07pm  53.5  10:17pm    6    3  0.04   1  10   3:49pm   E 30.29   71
20   65.0  86.2   9:46am  48.6   5:02am    5    5  0.00   1  13   6:16pm NNE 30.37   57
21   70.4  94.0   9:41am  49.7   5:22am    4    9  0.00   1  11   3:44pm NNE 30.34   48
22   71.0  88.8   9:37am  57.4   5:54am    2    7  0.00   1  10   7:06pm   E 30.21   44
23   71.8  93.3   9:47am  53.8   4:20am    3   10  0.00   1  14   4:02pm NNE 30.18   42
24   62.0  80.1   9:15am  51.5   5:28am    3    2  0.00   1   9  12:27am NNE 30.25   56
---------------------------------------------------------------------------------------
TOT  66.5 101.7  6/15/18  32.0   3/4/20   59  208  5.28   11846 11/16/20   E 28.19   54

HEAT BASE: 65.0
COOL BASE: 65.0