NOAA-Style Climate Reports

Select a Year or Month report
2017: Jan Feb Mar Apr May Jun Jul Aug Sep Oct Nov Dec
2016: Jan Feb Mar Apr May Jun Jul Aug Sep Oct Nov Dec
2015: Jan Feb Mar Apr May Jun Jul Aug Sep Oct Nov Dec
2014: Jan Feb Mar Apr May Jun Jul Aug Sep Oct Nov Dec
2013: Jan Feb Mar Apr May Jun Jul Aug Sep Oct Nov Dec
2012: Jan Feb Mar Apr May Jun Jul Aug Sep Oct Nov Dec
2011: Jan Feb Mar Apr May Jun Jul Aug Sep Oct Nov Dec
2010: Jan Feb Mar Apr May Jun Jul Aug Sep Oct Nov Dec
2009: Jan Feb Mar Apr May Jun Jul Aug Sep Oct Nov Dec
2008: Jan Feb Mar Apr May Jun Jul Aug Sep Oct Nov Dec
2007: Jan Feb Mar Apr May Jun Jul Aug Sep Oct Nov Dec
2006: Jan Feb Mar Apr May Jun Jul Aug Sep Oct Nov Dec
2005: Jan Feb Mar Apr May Jun Jul Aug Sep Oct Nov Dec
2004: Jan Feb Mar Apr May Jun Jul Aug Sep Oct Nov Dec
2003: Jan Feb Mar Apr May Jun Jul Aug Sep Oct Nov Dec
2002: Jan Feb Mar Apr May Jun Jul Aug Sep Oct Nov Dec
2001: Jan Feb Mar Apr May Jun Jul Aug Sep Oct Nov Dec
2000: Jan Feb Mar Apr May Jun Jul Aug Sep Oct Nov Dec
1999: Jan Feb Mar Apr May Jun Jul Aug Sep Oct Nov Dec
1998: Jan Feb Mar Apr May Jun Jul Aug Sep Oct Nov Dec
1997: Jan Feb Mar Apr May Jun Jul Aug Sep Oct Nov Dec
1996: Jan Feb Mar Apr May Jun Jul Aug Sep Oct Nov Dec
1995: Jan Feb Mar Apr May Jun Jul Aug Sep Oct Nov Dec
1994: Jan Feb Mar Apr May Jun Jul Aug Sep Oct Nov Dec
1993: Jan Feb Mar Apr May Jun Jul Aug Sep Oct Nov Dec
1992: Jan Feb Mar Apr May Jun Jul Aug Sep Oct Nov Dec
1991: Jan Feb Mar Apr May Jun Jul Aug Sep Oct Nov Dec
1990: Jan Feb Mar Apr May Jun Jul Aug Sep Oct Nov Dec
1989: Jan Feb Mar Apr May Jun Jul Aug Sep Oct Nov Dec
1988: Jan Feb Mar Apr May Jun Jul Aug Sep Oct Nov Dec
1987: Jan Feb Mar Apr May Jun Jul Aug Sep Oct Nov Dec
1986: Jan Feb Mar Apr May Jun Jul Aug Sep Oct Nov Dec

Report for 2017 June
                  MONTHLY CLIMATOLOGICAL SUMMARY FOR 6/2017
                                        HEAT  COOL        
     MEAN                               DEG   DEG       WIND SPEED       DOM MEAN  MEAN
DAY  TEMP  HIGH   TIME     LOW   TIME   DAYS  DAYS RAIN AVG  HI  TIME    DIR BAROM HUM
---------------------------------------------------------------------------------------
1    66.7  84.1  12:17pm  49.3   5:01am    4    6  0.00   0  14  12:26pm WSW 30.25   44
2    62.7  79.8   1:30pm  53.3  11:48pm    5    3  0.12   1  12   9:56am   E 30.26   54
3    64.7  81.9   3:38pm  49.5   5:07am    5    5  0.00   1   9   3:06pm WNW 30.38   52
4    68.1  85.3   3:41pm  48.6   5:46am    4    7  0.00   1  17  11:48am   E 30.32   45
5    69.1  87.5  10:01am  54.7   5:38am    2    6  0.00   0  10   2:07pm WSW 30.29   45
6    66.6  78.5  10:01am  52.0   5:47am    4    5  0.00   0   7  11:40am NNE 30.41   49
7    67.1  83.7   1:45pm  51.1   5:39am    4    6  0.16   0  11  10:08pm   E 30.36   52
8    68.8  90.0   3:41pm  50.4   3:18am    4    8  0.00   0  10   4:12pm SSW 30.27   54
9    77.5  95.2   3:41pm  60.0   2:55am    1   13  0.00   2  17   5:43pm  SW 30.11   32
10   79.2  94.3   3:49pm  65.4   4:31am    0   14  0.00   2  20   4:13pm WSW 30.00   27
11   67.9  79.6   3:43pm  61.0   3:35am    1    4  0.00   0  10  11:26am   E 30.11   45
12   74.0  87.7   3:03pm  56.2   5:49am    2   11  0.00   1  18   4:59pm  SW 30.08   41
13   55.3  83.5   3:43pm  32.0  12:57am    5    5 30.79   01850  12:57am WSW 21.78   54
14   56.6  88.2   3:43pm  32.0  12:57am    5    8 30.79   01850  12:57am WSW 20.72   56
15   72.3  87.1   3:09pm  55.5   5:40am    2   10  0.00   0  16   4:04pm   E 30.29   31
16   75.7  96.0   3:44pm  56.4   5:33am    1   12  0.00   1  22   5:41pm NNE 30.22   30
17   71.8  86.4   1:55pm  58.9  11:09pm    1    8  0.02   1  17  12:53pm NNE 30.21   38
18   70.5  89.1   3:45pm  56.9   5:07am    2    8  0.00   1  16   1:10pm  SE 30.31   42
19   71.3  88.6   3:44pm  53.8   5:37am    2    9  0.00   1  16   5:27pm  SE 30.41   41
20   79.2  93.6  10:22am  60.0   6:01am    0   15  0.00   3  22  12:52pm NNE 30.34   34
21   80.3  95.4   9:46am  68.4   2:40am    0   15  0.00   3  22  12:35pm  SE 30.26   30
22   76.3  94.0  10:31am  65.2  11:55pm    0   11  0.00   2  21  10:59am WSW 30.20   34
23   51.7  65.2  12:00am  43.9   7:53am   13    0  0.09   1  10   1:57pm   E 30.43   74
24   58.7  77.8   3:43pm  45.0   5:36am    6    2  0.00   1  11   9:31am NNE 30.48   65
---------------------------------------------------------------------------------------
TOT  71.2  96.0  6/16/17  32.0  3/17/18   74  188 30.90   11850  3/17/18   E 30.29   40

HEAT BASE: 65.0
COOL BASE: 65.0