NOAA-Style Climate Reports

Select a Year or Month report
2018: Jan Feb Mar Apr May Jun Jul Aug Sep Oct Nov Dec
2017: Jan Feb Mar Apr May Jun Jul Aug Sep Oct Nov Dec
2016: Jan Feb Mar Apr May Jun Jul Aug Sep Oct Nov Dec
2015: Jan Feb Mar Apr May Jun Jul Aug Sep Oct Nov Dec
2014: Jan Feb Mar Apr May Jun Jul Aug Sep Oct Nov Dec
2013: Jan Feb Mar Apr May Jun Jul Aug Sep Oct Nov Dec
2012: Jan Feb Mar Apr May Jun Jul Aug Sep Oct Nov Dec
2011: Jan Feb Mar Apr May Jun Jul Aug Sep Oct Nov Dec
2010: Jan Feb Mar Apr May Jun Jul Aug Sep Oct Nov Dec
2009: Jan Feb Mar Apr May Jun Jul Aug Sep Oct Nov Dec
2008: Jan Feb Mar Apr May Jun Jul Aug Sep Oct Nov Dec
2007: Jan Feb Mar Apr May Jun Jul Aug Sep Oct Nov Dec
2006: Jan Feb Mar Apr May Jun Jul Aug Sep Oct Nov Dec
2005: Jan Feb Mar Apr May Jun Jul Aug Sep Oct Nov Dec
2004: Jan Feb Mar Apr May Jun Jul Aug Sep Oct Nov Dec
2003: Jan Feb Mar Apr May Jun Jul Aug Sep Oct Nov Dec
2002: Jan Feb Mar Apr May Jun Jul Aug Sep Oct Nov Dec
2001: Jan Feb Mar Apr May Jun Jul Aug Sep Oct Nov Dec
2000: Jan Feb Mar Apr May Jun Jul Aug Sep Oct Nov Dec
1999: Jan Feb Mar Apr May Jun Jul Aug Sep Oct Nov Dec
1998: Jan Feb Mar Apr May Jun Jul Aug Sep Oct Nov Dec
1997: Jan Feb Mar Apr May Jun Jul Aug Sep Oct Nov Dec
1996: Jan Feb Mar Apr May Jun Jul Aug Sep Oct Nov Dec
1995: Jan Feb Mar Apr May Jun Jul Aug Sep Oct Nov Dec
1994: Jan Feb Mar Apr May Jun Jul Aug Sep Oct Nov Dec
1993: Jan Feb Mar Apr May Jun Jul Aug Sep Oct Nov Dec
1992: Jan Feb Mar Apr May Jun Jul Aug Sep Oct Nov Dec
1991: Jan Feb Mar Apr May Jun Jul Aug Sep Oct Nov Dec
1990: Jan Feb Mar Apr May Jun Jul Aug Sep Oct Nov Dec
1989: Jan Feb Mar Apr May Jun Jul Aug Sep Oct Nov Dec
1988: Jan Feb Mar Apr May Jun Jul Aug Sep Oct Nov Dec
1987: Jan Feb Mar Apr May Jun Jul Aug Sep Oct Nov Dec
1986: Jan Feb Mar Apr May Jun Jul Aug Sep Oct Nov Dec

Report for 2018 February
                  MONTHLY CLIMATOLOGICAL SUMMARY FOR 2/2018
                                        HEAT  COOL        
     MEAN                               DEG   DEG       WIND SPEED       DOM MEAN  MEAN
DAY  TEMP  HIGH   TIME     LOW   TIME   DAYS  DAYS RAIN AVG  HI  TIME    DIR BAROM HUM
---------------------------------------------------------------------------------------
1    26.5  37.8  12:51pm  18.9  11:53pm   35    0  0.00   0   7   1:36am   E 30.32   67
2    35.9  61.6   1:57pm  18.0  12:28am   28    0  0.00   0   7   5:36pm NNE 30.26   61
3    43.5  59.2  12:51pm  33.1   7:11am   20    0  0.00   1  22   3:55pm   N 30.11   43
4    26.7  41.4   2:28pm  12.6   9:09am   36    0  0.00   0   8   6:37am   E 30.18   63
5    39.7  55.6   3:22pm  23.4  11:31pm   24    0  0.00   1  21   1:35pm   E 30.11   52
6    31.6  57.1   2:36pm  20.4   4:13am   31    0  0.00   0   9   3:36pm NNE 30.18   56
7    38.0  67.9   3:22pm  18.4   5:55am   25    0  0.00   0  14   2:20pm   N 30.35   48
8    43.8  64.6   3:39pm  30.1   3:27am   18    0  0.10   01854  12:57am   N 25.27   50
9    32.9  59.8   3:24pm  16.6  11:41pm   30    0  0.00   0  10   6:17pm   E 30.16   59
10   14.3  20.4   1:45pm   8.5  11:51pm   45    0  0.00   0   4   2:26am NNE 30.10   78
11   25.8  58.3   3:16pm   7.9  12:14am   33    0  0.10   0  12   3:16pm SSE 30.14   60
12   23.0  48.9  12:57am  15.7   8:36pm   27    0  0.20   01855   6:53pm   E 22.06   85
13   37.2  75.8   3:27pm  11.7   4:00am   28    0  0.00   0   8  12:13pm   W 30.26   55
14   46.6  62.8   2:30pm  33.1  12:05am   18    0  0.00   2  18  12:53pm   W 30.13   35
15   35.2  51.7  11:17am  19.3  11:55pm   19    0  0.20   11846  12:16am   E 29.81   62
16   31.4  51.3   2:18pm  12.1   7:14am   33    0  0.04   1  12   7:52pm   W 30.22   58
17   41.3  74.2   3:29pm  24.3   5:56am   24    0  0.00   2  22   6:53pm   S 30.14   34
18   49.5  72.7   3:24pm  22.3  11:51pm   16    1  0.00   2  15   8:49pm   W 29.82   27
19   12.9  22.3  12:02am   5.4  11:44pm   52    0  0.00   0   9   5:31pm   E 29.87   74
20   11.0  33.7   3:29pm  -2.7   5:16am   53    0  0.05   0   5   4:11pm NNE 30.14   64
21   15.9  41.8   3:23pm  -0.3   5:41am   48    0  0.04   0   8   1:49pm   E 30.29   63
22    9.0   9.9  12:57am   8.7  12:18am    2    0  0.00   0   0  12:02am   N 30.24   74
---------------------------------------------------------------------------------------
TOT  28.4  74.2  2/17/18  -2.7  2/20/18  643    1  0.33   11855  10/8/19   W 27.77   59

HEAT BASE: 65.0
COOL BASE: 65.0