NOAA-Style Climate Reports

Select a Year or Month report
2018: Jan Feb Mar Apr May Jun Jul Aug Sep Oct Nov Dec
2017: Jan Feb Mar Apr May Jun Jul Aug Sep Oct Nov Dec
2016: Jan Feb Mar Apr May Jun Jul Aug Sep Oct Nov Dec
2015: Jan Feb Mar Apr May Jun Jul Aug Sep Oct Nov Dec
2014: Jan Feb Mar Apr May Jun Jul Aug Sep Oct Nov Dec
2013: Jan Feb Mar Apr May Jun Jul Aug Sep Oct Nov Dec
2012: Jan Feb Mar Apr May Jun Jul Aug Sep Oct Nov Dec
2011: Jan Feb Mar Apr May Jun Jul Aug Sep Oct Nov Dec
2010: Jan Feb Mar Apr May Jun Jul Aug Sep Oct Nov Dec
2009: Jan Feb Mar Apr May Jun Jul Aug Sep Oct Nov Dec
2008: Jan Feb Mar Apr May Jun Jul Aug Sep Oct Nov Dec
2007: Jan Feb Mar Apr May Jun Jul Aug Sep Oct Nov Dec
2006: Jan Feb Mar Apr May Jun Jul Aug Sep Oct Nov Dec
2005: Jan Feb Mar Apr May Jun Jul Aug Sep Oct Nov Dec
2004: Jan Feb Mar Apr May Jun Jul Aug Sep Oct Nov Dec
2003: Jan Feb Mar Apr May Jun Jul Aug Sep Oct Nov Dec
2002: Jan Feb Mar Apr May Jun Jul Aug Sep Oct Nov Dec
2001: Jan Feb Mar Apr May Jun Jul Aug Sep Oct Nov Dec
2000: Jan Feb Mar Apr May Jun Jul Aug Sep Oct Nov Dec
1999: Jan Feb Mar Apr May Jun Jul Aug Sep Oct Nov Dec
1998: Jan Feb Mar Apr May Jun Jul Aug Sep Oct Nov Dec
1997: Jan Feb Mar Apr May Jun Jul Aug Sep Oct Nov Dec
1996: Jan Feb Mar Apr May Jun Jul Aug Sep Oct Nov Dec
1995: Jan Feb Mar Apr May Jun Jul Aug Sep Oct Nov Dec
1994: Jan Feb Mar Apr May Jun Jul Aug Sep Oct Nov Dec
1993: Jan Feb Mar Apr May Jun Jul Aug Sep Oct Nov Dec
1992: Jan Feb Mar Apr May Jun Jul Aug Sep Oct Nov Dec
1991: Jan Feb Mar Apr May Jun Jul Aug Sep Oct Nov Dec
1990: Jan Feb Mar Apr May Jun Jul Aug Sep Oct Nov Dec
1989: Jan Feb Mar Apr May Jun Jul Aug Sep Oct Nov Dec
1988: Jan Feb Mar Apr May Jun Jul Aug Sep Oct Nov Dec
1987: Jan Feb Mar Apr May Jun Jul Aug Sep Oct Nov Dec
1986: Jan Feb Mar Apr May Jun Jul Aug Sep Oct Nov Dec

Report for 1986 January
                  MONTHLY CLIMATOLOGICAL SUMMARY FOR 1/1986
                                        HEAT  COOL        
     MEAN                               DEG   DEG       WIND SPEED       DOM MEAN  MEAN
DAY  TEMP  HIGH   TIME     LOW   TIME   DAYS  DAYS RAIN AVG  HI  TIME    DIR BAROM HUM
---------------------------------------------------------------------------------------
1    38.8  57.0  1:00pm   28.2  1:00am  17.1  0.0  0.00  10  18  00:00   SSE  27.5 29.4
2    36.3  48.0  1:00pm   29.1 11:00pm  22.8  0.0  0.00  18  35  00:00    SW  28.7 32.0
3    38.7  55.9  1:00pm   30.2 11:00pm  17.7  0.0  0.00  21  40  00:00    SW  28.6 27.9
4    21.1  29.1 12:00am   16.2  7:00am  39.9  0.0  0.00  17  32  00:00   SSE  29.0 63.1
5    32.8  48.9  3:00pm   13.1 12:00am  24.1  0.0  0.00   7  14  00:00   SSW  28.8 37.4
6      33  45.0 12:00pm   27.1  6:00am  26.0  0.0  0.00   9  17  00:00   WNW  28.7 61.8
7    25.6  35.1  3:00pm   17.2 10:00pm  34.6  0.0  0.00   9  16  00:00   WSW  29.1 80.5
8    25.7  44.1  2:00pm    9.1  3:00am  30.1  0.0  0.00   7  13  00:00    SE  29.1 62.0
9    35.2  48.0  1:00pm   29.1  1:00am  23.4  0.0  0.00   6  12  00:00    SE  29.0 55.4
10   35.8  54.0  2:00pm   26.2  5:00am  20.1  0.0  0.00   8  15  00:00    SE  27.9 64.0
11   41.8  62.1  1:00pm   30.2  7:00am  13.0  0.0  0.00   7  14  00:00   SSW  29.1 46.8
12   35.2  53.1  1:00pm   25.2  7:00am  20.8  0.0  0.00   7  13  00:00   ESE  29.2 55.1
13   39.9  59.0 12:00pm   27.1 10:00pm  15.5  0.0  0.00   7  14  00:00   SSE  29.0 36.4
14   38.5  57.0  2:00pm   27.1 12:00am  17.2  0.0  0.00  13  25  00:00    SE  28.8 39.9
15   43.2  59.0  2:00pm   35.1  2:00am  13.9  0.0  0.00   6  12  00:00    SW  28.5 30.3
16   38.8  52.0 12:00pm   31.1  5:00am  19.6  0.0  0.00   6  12  00:00    SW  28.8 46.3
17   44.6  57.9  1:00pm   37.9  3:00am  13.7  0.0  0.00  18  35  00:00   WSW  28.7 40.2
18   40.1  57.0  3:00pm   28.2  3:00am  16.4  0.0  0.00  15  29  00:00     S  29.0 51.4
19   48.4  66.9  4:00pm   35.1  3:00am   7.3  0.0  0.00   9  17  00:00   SSW  28.9 27.6
20   56.2  78.1  1:00pm   41.0 10:00pm   0.0  2.2  0.00  18  35  00:00     S  28.5 20.8
21   36.6  46.9 12:00am   21.2 11:00pm  23.2  0.0  0.00  13  24  00:00   WSW  28.8 36.4
22   35.3  54.0  2:00pm   24.3  6:00am  20.3  0.0  0.00   8  15  00:00   SSW  28.9 47.5
23   43.6  64.9  1:00pm   29.1  3:00am  10.7  0.0  0.00  16  30  00:00    SW  28.7 39.3
24   33.3  45.0  3:00pm   27.1  9:00pm  25.8  0.0  0.00  12  23  00:00   WSW  27.5 39.7
25   25.5  39.0 12:00pm   16.2  7:00am  32.7  0.0  0.00   9  17  00:00   ESE  29.1 57.8
26   27.2  46.0  3:00pm   15.3  2:00am  28.4  0.0  0.00   6  12  00:00    SE  29.1 54.3
27   41.3  64.9  2:00pm   22.1  1:00am  11.9  0.0  0.00   8  15  00:00    SW  28.8 38.5
28   47.3  63.0  3:00pm   37.0  4:00am   9.8  0.0  0.00  15  29  00:00   WSW  28.6 30.0
29   37.1  55.0  3:00pm   24.3  7:00am  18.9  0.0  0.00   8  15  00:00   SSE  28.7 57.0
30   47.1  57.9  2:00pm   39.0  4:00am  12.5  0.0  0.00  12  23  00:00   SSE  28.7 31.4
31   44.3  60.1  4:00pm   33.1 11:00pm  12.8  0.0  0.00  11  21  00:00   SSW  28.6 39.7