NOAA-Style Climate Reports

Select a Year or Month report
2018: Jan Feb Mar Apr May Jun Jul Aug Sep Oct Nov Dec
2017: Jan Feb Mar Apr May Jun Jul Aug Sep Oct Nov Dec
2016: Jan Feb Mar Apr May Jun Jul Aug Sep Oct Nov Dec
2015: Jan Feb Mar Apr May Jun Jul Aug Sep Oct Nov Dec
2014: Jan Feb Mar Apr May Jun Jul Aug Sep Oct Nov Dec
2013: Jan Feb Mar Apr May Jun Jul Aug Sep Oct Nov Dec
2012: Jan Feb Mar Apr May Jun Jul Aug Sep Oct Nov Dec
2011: Jan Feb Mar Apr May Jun Jul Aug Sep Oct Nov Dec
2010: Jan Feb Mar Apr May Jun Jul Aug Sep Oct Nov Dec
2009: Jan Feb Mar Apr May Jun Jul Aug Sep Oct Nov Dec
2008: Jan Feb Mar Apr May Jun Jul Aug Sep Oct Nov Dec
2007: Jan Feb Mar Apr May Jun Jul Aug Sep Oct Nov Dec
2006: Jan Feb Mar Apr May Jun Jul Aug Sep Oct Nov Dec
2005: Jan Feb Mar Apr May Jun Jul Aug Sep Oct Nov Dec
2004: Jan Feb Mar Apr May Jun Jul Aug Sep Oct Nov Dec
2003: Jan Feb Mar Apr May Jun Jul Aug Sep Oct Nov Dec
2002: Jan Feb Mar Apr May Jun Jul Aug Sep Oct Nov Dec
2001: Jan Feb Mar Apr May Jun Jul Aug Sep Oct Nov Dec
2000: Jan Feb Mar Apr May Jun Jul Aug Sep Oct Nov Dec
1999: Jan Feb Mar Apr May Jun Jul Aug Sep Oct Nov Dec
1998: Jan Feb Mar Apr May Jun Jul Aug Sep Oct Nov Dec
1997: Jan Feb Mar Apr May Jun Jul Aug Sep Oct Nov Dec
1996: Jan Feb Mar Apr May Jun Jul Aug Sep Oct Nov Dec
1995: Jan Feb Mar Apr May Jun Jul Aug Sep Oct Nov Dec
1994: Jan Feb Mar Apr May Jun Jul Aug Sep Oct Nov Dec
1993: Jan Feb Mar Apr May Jun Jul Aug Sep Oct Nov Dec
1992: Jan Feb Mar Apr May Jun Jul Aug Sep Oct Nov Dec
1991: Jan Feb Mar Apr May Jun Jul Aug Sep Oct Nov Dec
1990: Jan Feb Mar Apr May Jun Jul Aug Sep Oct Nov Dec
1989: Jan Feb Mar Apr May Jun Jul Aug Sep Oct Nov Dec
1988: Jan Feb Mar Apr May Jun Jul Aug Sep Oct Nov Dec
1987: Jan Feb Mar Apr May Jun Jul Aug Sep Oct Nov Dec
1986: Jan Feb Mar Apr May Jun Jul Aug Sep Oct Nov Dec

Report for 1986 February
                  MONTHLY CLIMATOLOGICAL SUMMARY FOR 2/1986
                                        HEAT  COOL        
     MEAN                               DEG   DEG       WIND SPEED       DOM MEAN  MEAN
DAY  TEMP  HIGH   TIME     LOW   TIME   DAYS  DAYS RAIN AVG  HI  TIME    DIR BAROM HUM
---------------------------------------------------------------------------------------
1    39.2  57.9  2:00pm   26.2  5:00am  16.4  0.0  0.00   6  12  00:00    SE  28.8 47.4
2    39.4  54.0  2:00pm   31.1 12:00am  18.3  0.0  0.00   7  14  00:00     S  28.8 49.4
3    35.4  52.0  2:00pm   26.2  4:00am  21.3  0.0  0.00  15  29  00:00   SSW  28.5 58.4
4    30.5  43.0  3:00pm   23.2 11:00pm  28.2  0.0  0.00  12  23  00:00     S  28.5 62.3
5    26.1  32.0  1:00pm   22.1  2:00am  35.9  0.0  0.00   6  12  00:00   ENE  28.7 85.5
6      22  25.2  4:00am   17.2 11:00pm  41.4  0.0  0.00   7  14  00:00     W  28.6 90.4
7    11.7  17.2  1:00am    9.1  9:00am  50.5  0.0  0.00   7  14  00:00    SW  28.7 88.8
8    10.7  15.3  2:00pm    6.3  8:00pm  52.0  0.0  0.00   7  13  00:00   WSW  28.7 88.8
9       9  14.2  2:00pm    3.2 10:00pm  53.4  0.0  0.00   5   9  00:00     S  28.7 87.6
10    6.4  21.2  2:00pm   -5.8  4:00am  51.2  0.0  0.00   7  14  00:00   ESE  28.5 79.0
11      4  12.2  3:00pm    0.1  2:00am  56.9  0.0  0.00   6  12  00:00   WSW  27.4 82.5
12   14.5  33.1  1:00pm   -1.8  1:00am  41.2  0.0  0.00   9  16  00:00     S  28.7 73.8
13   28.2  48.0 11:00am   19.2 12:00am  26.9  0.0  0.00  12  23  00:00   SSW  27.3 74.4
14     35  55.0  4:00pm   19.2  6:00am  20.0  0.0  0.00  13  25  00:00    SW  28.6 59.7
15   48.6  61.0 12:00pm   33.1 12:00am  10.2  0.0  0.00  22  43  00:00   SSW  27.1 39.8
16   43.2  55.9  1:00pm   34.0 11:00pm  15.4  0.0  0.00  19  37  00:00    SW  28.4 43.2
17   46.4  61.0  1:00pm   34.0 12:00am  11.3  0.0  0.00  16  30  00:00    SW  28.5 38.6
18   48.7  59.0  2:00pm   41.0  2:00am  11.1  0.0  0.00  21  40  00:00    SW  28.5 43.8
19   47.9  66.0  3:00pm   27.1 10:00pm   8.0  0.0  0.00  21  40  00:00   SSW  28.4 44.6
20   23.1  36.0 12:00am   19.2  8:00am  35.4  0.0  0.00  10  18  00:00   SSE  28.6 87.6
21   31.7  46.9  3:00pm   17.2  7:00am  25.7  0.0  0.00   9  17  00:00    SW  28.6 54.7
22   41.4  59.0  2:00pm   23.2  3:00am  14.8  0.0  0.00  15  29  00:00   WSW  28.8 36.4
23   41.9  55.9  1:00pm   30.2 11:00pm  16.1  0.0  0.00  15  29  00:00     S  28.7 50.7
24   50.8  68.0  2:00pm   32.0  1:00am   5.6  0.0  0.00  15  29  00:00     W  28.9 38.9
25   51.3  71.1  2:00pm   32.0  7:00am   3.8  0.0  0.00  15  29  00:00   WNW  28.9 34.3
26   46.3  66.0  1:00pm   35.1 11:25pm   8.8  0.0  0.00  21  40  00:00   SSE  28.8 47.3
27   36.1  46.0  2:00pm   31.1 11:00pm  23.9  0.0  0.00  15  29  00:00    SW  29.1 57.2
28   37.3  63.0  3:00pm   19.2  5:00am  14.8  0.0  0.00   7  13  00:00    SE  28.9 41.3