NOAA-Style Climate Reports

Select a Year or Month report
2018: Jan Feb Mar Apr May Jun Jul Aug Sep Oct Nov Dec
2017: Jan Feb Mar Apr May Jun Jul Aug Sep Oct Nov Dec
2016: Jan Feb Mar Apr May Jun Jul Aug Sep Oct Nov Dec
2015: Jan Feb Mar Apr May Jun Jul Aug Sep Oct Nov Dec
2014: Jan Feb Mar Apr May Jun Jul Aug Sep Oct Nov Dec
2013: Jan Feb Mar Apr May Jun Jul Aug Sep Oct Nov Dec
2012: Jan Feb Mar Apr May Jun Jul Aug Sep Oct Nov Dec
2011: Jan Feb Mar Apr May Jun Jul Aug Sep Oct Nov Dec
2010: Jan Feb Mar Apr May Jun Jul Aug Sep Oct Nov Dec
2009: Jan Feb Mar Apr May Jun Jul Aug Sep Oct Nov Dec
2008: Jan Feb Mar Apr May Jun Jul Aug Sep Oct Nov Dec
2007: Jan Feb Mar Apr May Jun Jul Aug Sep Oct Nov Dec
2006: Jan Feb Mar Apr May Jun Jul Aug Sep Oct Nov Dec
2005: Jan Feb Mar Apr May Jun Jul Aug Sep Oct Nov Dec
2004: Jan Feb Mar Apr May Jun Jul Aug Sep Oct Nov Dec
2003: Jan Feb Mar Apr May Jun Jul Aug Sep Oct Nov Dec
2002: Jan Feb Mar Apr May Jun Jul Aug Sep Oct Nov Dec
2001: Jan Feb Mar Apr May Jun Jul Aug Sep Oct Nov Dec
2000: Jan Feb Mar Apr May Jun Jul Aug Sep Oct Nov Dec
1999: Jan Feb Mar Apr May Jun Jul Aug Sep Oct Nov Dec
1998: Jan Feb Mar Apr May Jun Jul Aug Sep Oct Nov Dec
1997: Jan Feb Mar Apr May Jun Jul Aug Sep Oct Nov Dec
1996: Jan Feb Mar Apr May Jun Jul Aug Sep Oct Nov Dec
1995: Jan Feb Mar Apr May Jun Jul Aug Sep Oct Nov Dec
1994: Jan Feb Mar Apr May Jun Jul Aug Sep Oct Nov Dec
1993: Jan Feb Mar Apr May Jun Jul Aug Sep Oct Nov Dec
1992: Jan Feb Mar Apr May Jun Jul Aug Sep Oct Nov Dec
1991: Jan Feb Mar Apr May Jun Jul Aug Sep Oct Nov Dec
1990: Jan Feb Mar Apr May Jun Jul Aug Sep Oct Nov Dec
1989: Jan Feb Mar Apr May Jun Jul Aug Sep Oct Nov Dec
1988: Jan Feb Mar Apr May Jun Jul Aug Sep Oct Nov Dec
1987: Jan Feb Mar Apr May Jun Jul Aug Sep Oct Nov Dec
1986: Jan Feb Mar Apr May Jun Jul Aug Sep Oct Nov Dec

Report for 1986 March
                  MONTHLY CLIMATOLOGICAL SUMMARY FOR 3/1986
                                        HEAT  COOL        
     MEAN                               DEG   DEG       WIND SPEED       DOM MEAN  MEAN
DAY  TEMP  HIGH   TIME     LOW   TIME   DAYS  DAYS RAIN AVG  HI  TIME    DIR BAROM HUM
---------------------------------------------------------------------------------------
1    48.1  68.0  2:00pm   30.2 12:00am   6.9  0.0  0.00   8  15  00:00   WSW  28.8 26.7
2    43.2  60.1  2:00pm   28.2  6:00am  13.3  0.0  0.00   5   9  00:00   SSE  28.9 43.5
3    42.2  54.0  3:00pm   33.1 11:00pm  16.9  0.0  0.00   9  17  00:00   WNW  29.1 57.2
4    45.3  70.0  3:00pm   26.2  5:00am   7.3  0.0  0.00  12  23  00:00    SW  29.0 39.4
5    43.4  60.1  4:00pm   34.0  5:00am  13.2  0.0  0.00   9  17  00:00   SSW  28.9 45.4
6    44.9  64.0  3:00pm   28.2  3:00am  10.5  0.0  0.00  10  18  00:00   WSW  28.8 37.1
7    43.7  64.0  2:00pm   27.1  5:00am  11.1  0.0  0.00   6  12  00:00    SW  28.6 43.6
8    53.3  70.0  3:00pm   41.0 12:00am   3.3  0.0  0.00   9  17  00:00     S  28.4 30.4
9    47.5  60.1 12:00pm   39.0 11:00pm  11.2  0.0  0.00  15  29  00:00   WSW  28.3 37.5
10   38.9  51.1  2:00pm   31.1  6:00am  20.0  0.0  0.00  15  29  00:00   SSW  28.5 40.6
11   35.8  50.0  1:00pm   27.1 12:00am  22.1  0.0  0.00  12  23  00:00    SW  28.4 59.7
12   34.2  44.1  2:00pm   32.0  7:00am  25.8  0.0  0.00  12  23  00:00     W  28.4 76.5
13   36.2  48.0  3:00pm   29.1 11:00pm  22.9  0.0  0.00   7  14  00:00     S  25.5 61.6
14   33.2  46.9  2:00pm   22.1  3:00am  24.9  0.0  0.00  18  35  00:00   SSW  28.5 69.6
15   35.6  46.0  2:00pm   32.0  6:00am  24.2  0.0  0.00   7  14  00:00   ESE  28.5 71.5
16   36.5  48.9  3:00pm   27.1  4:00am  22.3  0.0  0.00  12  23  00:00     S  28.6 67.6
17   34.1  37.9 12:00am   31.1  2:00am  29.0  0.0  0.00   9  16  00:00   WNW  28.4 82.7
18   29.3  39.0  4:00pm   27.1 10:00pm  30.8  0.0  0.00  18  35  00:00   SSW  27.0 80.2
19   26.8  35.1 12:00pm   25.2  8:00am  34.0  0.0  0.00   9  17  00:00     N  25.1 75.3
20   36.4  46.0  4:00pm   32.0 10:00pm  23.8  0.0  0.00   6  12  00:00    SW  28.2 71.5
21   45.8  64.0  4:00pm   32.0  2:00am  10.1  0.0  0.00   9  16  00:00     S  29.0 51.9
22   46.8  62.1  4:00pm   37.9  2:00am  10.5  0.0  0.00   7  14  00:00   SSW  29.0 36.5
23     47  66.0  3:00pm   34.0  7:00am   8.5  0.0  0.00  16  30  00:00   SSE  28.9 45.6
24   50.4  69.1  2:00pm   35.1  4:00am   5.2  0.0  0.00  11  21  00:00   SSW  28.8 37.8
25     46  61.0 12:00pm   36.0 11:00pm  11.5  0.0  0.00  11  21  00:00    SE  28.8 42.2
26   42.3  63.0  3:00pm   30.2  6:00am  12.3  0.0  0.00   8  15  00:00    SW  29.1 61.5
27   51.1  73.9  3:00pm   31.1  5:00am   2.5  0.0  0.00   9  16  00:00   SSE  29.0 38.7
28   55.3  75.0  3:00pm   39.0  1:00am   0.0  0.2  0.00   7  14  00:00   SSE  28.9 28.8
29   56.8  73.0  1:00pm   42.1 12:00am   0.1  0.0  0.00   9  16  00:00    SW  28.8 31.0
30   56.3  75.9  3:00pm   41.0  4:00am   0.0  1.1  0.00  12  23  00:00     S  28.8 32.6
31   48.7  64.9 10:00am   37.0  8:00pm   8.2  0.0  0.00  15  29  00:00     S  27.5 51.4