NOAA-Style Climate Reports

Select a Year or Month report
2018: Jan Feb Mar Apr May Jun Jul Aug Sep Oct Nov Dec
2017: Jan Feb Mar Apr May Jun Jul Aug Sep Oct Nov Dec
2016: Jan Feb Mar Apr May Jun Jul Aug Sep Oct Nov Dec
2015: Jan Feb Mar Apr May Jun Jul Aug Sep Oct Nov Dec
2014: Jan Feb Mar Apr May Jun Jul Aug Sep Oct Nov Dec
2013: Jan Feb Mar Apr May Jun Jul Aug Sep Oct Nov Dec
2012: Jan Feb Mar Apr May Jun Jul Aug Sep Oct Nov Dec
2011: Jan Feb Mar Apr May Jun Jul Aug Sep Oct Nov Dec
2010: Jan Feb Mar Apr May Jun Jul Aug Sep Oct Nov Dec
2009: Jan Feb Mar Apr May Jun Jul Aug Sep Oct Nov Dec
2008: Jan Feb Mar Apr May Jun Jul Aug Sep Oct Nov Dec
2007: Jan Feb Mar Apr May Jun Jul Aug Sep Oct Nov Dec
2006: Jan Feb Mar Apr May Jun Jul Aug Sep Oct Nov Dec
2005: Jan Feb Mar Apr May Jun Jul Aug Sep Oct Nov Dec
2004: Jan Feb Mar Apr May Jun Jul Aug Sep Oct Nov Dec
2003: Jan Feb Mar Apr May Jun Jul Aug Sep Oct Nov Dec
2002: Jan Feb Mar Apr May Jun Jul Aug Sep Oct Nov Dec
2001: Jan Feb Mar Apr May Jun Jul Aug Sep Oct Nov Dec
2000: Jan Feb Mar Apr May Jun Jul Aug Sep Oct Nov Dec
1999: Jan Feb Mar Apr May Jun Jul Aug Sep Oct Nov Dec
1998: Jan Feb Mar Apr May Jun Jul Aug Sep Oct Nov Dec
1997: Jan Feb Mar Apr May Jun Jul Aug Sep Oct Nov Dec
1996: Jan Feb Mar Apr May Jun Jul Aug Sep Oct Nov Dec
1995: Jan Feb Mar Apr May Jun Jul Aug Sep Oct Nov Dec
1994: Jan Feb Mar Apr May Jun Jul Aug Sep Oct Nov Dec
1993: Jan Feb Mar Apr May Jun Jul Aug Sep Oct Nov Dec
1992: Jan Feb Mar Apr May Jun Jul Aug Sep Oct Nov Dec
1991: Jan Feb Mar Apr May Jun Jul Aug Sep Oct Nov Dec
1990: Jan Feb Mar Apr May Jun Jul Aug Sep Oct Nov Dec
1989: Jan Feb Mar Apr May Jun Jul Aug Sep Oct Nov Dec
1988: Jan Feb Mar Apr May Jun Jul Aug Sep Oct Nov Dec
1987: Jan Feb Mar Apr May Jun Jul Aug Sep Oct Nov Dec
1986: Jan Feb Mar Apr May Jun Jul Aug Sep Oct Nov Dec

Report for 1986 April
                  MONTHLY CLIMATOLOGICAL SUMMARY FOR 4/1986
                                        HEAT  COOL        
     MEAN                               DEG   DEG       WIND SPEED       DOM MEAN  MEAN
DAY  TEMP  HIGH   TIME     LOW   TIME   DAYS  DAYS RAIN AVG  HI  TIME    DIR BAROM HUM
---------------------------------------------------------------------------------------
1    43.8  61.0  3:00pm   35.1  6:00am  12.6  0.0  0.00  21  40  00:00   SSE  28.8 56.0
2    46.7  64.0  4:00pm   32.0 10:00pm   9.6  0.0  0.00  18  35  00:00   WSW  28.2 57.8
3    30.3  35.1  6:00am   27.1 10:00pm  32.3  0.0  0.00  20  39  00:00     N  27.0 79.1
4    28.5  39.9  3:00pm   17.2  7:00am  30.8  0.0  0.00   8  15  00:00     S  28.7 80.6
5    37.5  48.9  3:00pm   28.2  6:00am  21.8  0.0  0.00   9  17  00:00     S  28.5 60.8
6    43.5  61.0  2:00pm   33.1  6:00am  12.7  0.0  0.00   6  12  00:00   SSE  28.7 59.2
7    47.1  59.0  1:00pm   37.9 11:00pm  11.9  0.0  0.00   6  12  00:00    SW  28.8 56.3
8    41.2  48.9  3:00pm   39.9 12:00am  19.9  0.0  0.00  14  27  00:00     S  29.0 79.7
9      44  57.9  2:00pm   37.9  5:00am  14.0  0.0  0.00  15  29  00:00     S  28.8 68.7
10   44.3  57.9  3:00pm   36.0  6:00am  13.9  0.0  0.00  12  23  00:00     S  28.7 68.3
11   45.8  60.1  3:00pm   37.9  1:00am  12.0  0.0  0.00   9  17  00:00   SSW  28.7 59.6
12   45.7  60.1  2:00pm   35.1  6:00am  12.1  0.0  0.00  19  37  00:00   SSE  28.6 69.8
13   43.3  55.9  9:00am   27.1 11:00pm  15.4  0.0  0.00  24  46  00:00   WSW  28.4 54.7
14   36.4  53.1  4:00pm   20.1  3:00am  20.2  0.0  0.00  10  20  00:00    SE  28.8 48.8
15   39.4  61.0  3:00pm   23.2  4:00am  14.8  0.0  0.00  10  18  00:00     S  28.9 50.9
16   45.8  66.9 12:00pm   35.1  6:00am   8.6  0.0  0.00  16  30  00:00     S  28.6 52.3
17   38.9  53.1 11:00am   35.1  4:00am  19.0  0.0  0.00  17  32  00:00   SSE  27.3 76.6
18   38.7  48.9  2:00pm   32.0  6:00am  21.2  0.0  0.00  15  29  00:00     S  28.7 61.5
19   41.4  55.9  2:00pm   29.1  6:00am  16.3  0.0  0.00   9  17  00:00     W  27.5 56.5
20     50  63.0 11:00am   37.0  6:00am   8.5  0.0  0.00  15  29  00:00   WNW  27.7 49.4
21   50.5  66.0  3:00pm   39.9  4:00am   6.7  0.0  0.00   9  17  00:00   ESE  28.9 66.3
22     57  75.9  4:00pm   41.0  3:00am   0.0  1.5  0.00  17  32  00:00   SSE  28.6 46.8
23   57.6  70.0  2:00pm   48.0 11:00pm   1.2  0.0  0.00  10  20  00:00   WSW  28.6 41.0
24   54.3  73.0  3:00pm   39.0  4:00am   1.3  0.0  0.00  18  35  00:00   WSW  28.6 51.3
25     52  63.0 12:00pm   42.1 10:00pm   7.5  0.0  0.00  12  23  00:00   SSW  28.4 39.3
26   41.3  51.1 12:00am   33.1  7:00pm  18.8  0.0  0.00  15  29  00:00   SSW  27.3 70.5
27   41.4  57.0  4:00pm   32.0  7:00am  15.8  0.0  0.00   9  17  00:00    SW  28.7 58.3
28   51.5  71.1  4:00pm   35.1  6:00am   3.7  0.0  0.00   9  17  00:00    SE  28.7 44.0
29   52.7  75.0  5:00pm   33.1  6:00am   1.1  0.0  0.00   7  14  00:00     S  27.3 54.2
30   56.4  73.0  3:00pm   41.0  6:00am   0.3  0.0  0.00  12  23  00:00   SSE  28.8 50.3