NOAA-Style Climate Reports

Select a Year or Month report
2018: Jan Feb Mar Apr May Jun Jul Aug Sep Oct Nov Dec
2017: Jan Feb Mar Apr May Jun Jul Aug Sep Oct Nov Dec
2016: Jan Feb Mar Apr May Jun Jul Aug Sep Oct Nov Dec
2015: Jan Feb Mar Apr May Jun Jul Aug Sep Oct Nov Dec
2014: Jan Feb Mar Apr May Jun Jul Aug Sep Oct Nov Dec
2013: Jan Feb Mar Apr May Jun Jul Aug Sep Oct Nov Dec
2012: Jan Feb Mar Apr May Jun Jul Aug Sep Oct Nov Dec
2011: Jan Feb Mar Apr May Jun Jul Aug Sep Oct Nov Dec
2010: Jan Feb Mar Apr May Jun Jul Aug Sep Oct Nov Dec
2009: Jan Feb Mar Apr May Jun Jul Aug Sep Oct Nov Dec
2008: Jan Feb Mar Apr May Jun Jul Aug Sep Oct Nov Dec
2007: Jan Feb Mar Apr May Jun Jul Aug Sep Oct Nov Dec
2006: Jan Feb Mar Apr May Jun Jul Aug Sep Oct Nov Dec
2005: Jan Feb Mar Apr May Jun Jul Aug Sep Oct Nov Dec
2004: Jan Feb Mar Apr May Jun Jul Aug Sep Oct Nov Dec
2003: Jan Feb Mar Apr May Jun Jul Aug Sep Oct Nov Dec
2002: Jan Feb Mar Apr May Jun Jul Aug Sep Oct Nov Dec
2001: Jan Feb Mar Apr May Jun Jul Aug Sep Oct Nov Dec
2000: Jan Feb Mar Apr May Jun Jul Aug Sep Oct Nov Dec
1999: Jan Feb Mar Apr May Jun Jul Aug Sep Oct Nov Dec
1998: Jan Feb Mar Apr May Jun Jul Aug Sep Oct Nov Dec
1997: Jan Feb Mar Apr May Jun Jul Aug Sep Oct Nov Dec
1996: Jan Feb Mar Apr May Jun Jul Aug Sep Oct Nov Dec
1995: Jan Feb Mar Apr May Jun Jul Aug Sep Oct Nov Dec
1994: Jan Feb Mar Apr May Jun Jul Aug Sep Oct Nov Dec
1993: Jan Feb Mar Apr May Jun Jul Aug Sep Oct Nov Dec
1992: Jan Feb Mar Apr May Jun Jul Aug Sep Oct Nov Dec
1991: Jan Feb Mar Apr May Jun Jul Aug Sep Oct Nov Dec
1990: Jan Feb Mar Apr May Jun Jul Aug Sep Oct Nov Dec
1989: Jan Feb Mar Apr May Jun Jul Aug Sep Oct Nov Dec
1988: Jan Feb Mar Apr May Jun Jul Aug Sep Oct Nov Dec
1987: Jan Feb Mar Apr May Jun Jul Aug Sep Oct Nov Dec
1986: Jan Feb Mar Apr May Jun Jul Aug Sep Oct Nov Dec

Report for 1986 May
                  MONTHLY CLIMATOLOGICAL SUMMARY FOR 5/1986
                                        HEAT  COOL        
     MEAN                               DEG   DEG       WIND SPEED       DOM MEAN  MEAN
DAY  TEMP  HIGH   TIME     LOW   TIME   DAYS  DAYS RAIN AVG  HI  TIME    DIR BAROM HUM
---------------------------------------------------------------------------------------
1    54.4  73.9  5:00pm   42.1  6:00am   0.8  0.0  0.00   9  17  00:00   SSW  28.9 55.0
2    59.1  78.1  5:00pm   45.0  5:00am   0.0  3.6  0.00  11  21  00:00   SSW  27.7 50.3
3    58.6  77.0  1:00pm   48.9  5:00am   0.0  2.8  0.00  11  21  00:00   SSW  28.9 46.0
4    63.6  81.0  2:00pm   50.0 12:00am   0.0  7.3  0.00  20  39  00:00    SW  28.5 33.6
5    53.4  69.1  4:00pm   43.0  6:00am   3.7  0.0  0.00  18  35  00:00    SW  28.5 27.3
6    51.5  68.0  2:00pm   37.0  5:00am   5.2  0.0  0.00  21  40  00:00   SSE  27.2 35.8
7    46.7  57.9  2:00pm   42.1 10:00pm  12.7  0.0  0.00  10  18  00:00   WSW  28.4 63.9
8    36.5  39.9 11:00am   36.0  3:00pm  26.8  0.0  0.00   8  15  00:00   SSW  26.2 83.8
9    41.2  57.9  6:00pm   32.0  5:00am  15.4  0.0  0.00   9  17  00:00   SSE  28.5 68.7
10     50  69.1  4:00pm   32.0  4:00am   5.4  0.0  0.00  12  22  00:00     S  28.6 46.7
11   58.1  77.0  5:00pm   45.0  3:00am   0.0  2.6  0.00   9  17  00:00   WSW  28.6 32.1
12     50  64.0  2:00pm   39.9  6:00am   8.0  0.0  0.00  15  29  00:00   ESE  28.8 53.2
13   51.8  73.0  5:00pm   34.0  4:00am   2.6  0.0  0.00   7  13  00:00   SSE  28.7 54.4
14   54.2  69.1  1:00pm   41.0  7:00am   3.3  0.0  0.00   9  17  00:00   SSE  28.4 42.5
15   45.8  62.1 12:00pm   37.0  6:00am  11.0  0.0  0.00  10  20  00:00   SSE  28.7 78.3
16   36.5  43.0 12:00am   35.1  9:00pm  25.2  0.0  0.00   9  16  00:00     S  27.6 90.7
17   41.9  57.9  7:00pm   35.1  4:00am  15.1  0.0  0.00   5   9  00:00     S  29.0 70.0
18   51.5  64.9  5:00pm   37.0  2:00am   6.8  0.0  0.00   8  15  00:00     S  28.9 52.4
19   55.3  71.1  3:00pm   39.9  5:00am   1.8  0.0  0.00   5   9  00:00     S  28.9 51.3
20   59.8  78.1  2:00pm   46.0  5:00am   0.0  4.0  0.00  15  29  00:00   SSW  28.8 46.2
21   64.5  82.9  3:00pm   48.9  1:00am   0.0  8.7  0.00  12  23  00:00     S  28.6 37.3
22   55.3  69.1  3:00pm   43.0 11:00pm   2.8  0.0  0.00  15  29  00:00   ESE  28.5 44.3
23   48.1  66.9  4:00pm   35.1  2:00am   7.5  0.0  0.00   9  17  00:00   SSE  28.8 43.7
24   48.6  63.0  7:00pm   44.1  2:00am   9.2  0.0  0.00   7  13  00:00   WSW  28.6 53.1
25   48.1  64.9  4:00pm   39.0  7:00am   8.5  0.0  0.00   6  12  00:00   WSW  27.1 59.6
26   49.3  61.0  2:00pm   41.0  5:00am   9.8  0.0  0.00  11  21  00:00     S  28.9 57.4
27   48.3  60.1  5:00pm   44.1  5:00am  10.8  0.0  0.00   7  14  00:00   SSW  28.9 66.3
28   48.9  62.1  2:00pm   46.9  1:00am   9.5  0.0  0.00  10  18  00:00   SSW  28.9 73.1
29   46.1  55.0  3:00pm   43.0 11:00pm  14.4  0.0  0.00   6  12  00:00     S  28.9 81.1
30   49.8  66.9  4:00pm   36.0  5:00am   6.6  0.0  0.00   5   9  00:00   ESE  29.0 66.0
31   55.9  71.1  4:00pm   46.0  1:00am   1.5  0.0  0.00   6  12  00:00   SSW  28.8 57.5