NOAA-Style Climate Reports

Select a Year or Month report
2018: Jan Feb Mar Apr May Jun Jul Aug Sep Oct Nov Dec
2017: Jan Feb Mar Apr May Jun Jul Aug Sep Oct Nov Dec
2016: Jan Feb Mar Apr May Jun Jul Aug Sep Oct Nov Dec
2015: Jan Feb Mar Apr May Jun Jul Aug Sep Oct Nov Dec
2014: Jan Feb Mar Apr May Jun Jul Aug Sep Oct Nov Dec
2013: Jan Feb Mar Apr May Jun Jul Aug Sep Oct Nov Dec
2012: Jan Feb Mar Apr May Jun Jul Aug Sep Oct Nov Dec
2011: Jan Feb Mar Apr May Jun Jul Aug Sep Oct Nov Dec
2010: Jan Feb Mar Apr May Jun Jul Aug Sep Oct Nov Dec
2009: Jan Feb Mar Apr May Jun Jul Aug Sep Oct Nov Dec
2008: Jan Feb Mar Apr May Jun Jul Aug Sep Oct Nov Dec
2007: Jan Feb Mar Apr May Jun Jul Aug Sep Oct Nov Dec
2006: Jan Feb Mar Apr May Jun Jul Aug Sep Oct Nov Dec
2005: Jan Feb Mar Apr May Jun Jul Aug Sep Oct Nov Dec
2004: Jan Feb Mar Apr May Jun Jul Aug Sep Oct Nov Dec
2003: Jan Feb Mar Apr May Jun Jul Aug Sep Oct Nov Dec
2002: Jan Feb Mar Apr May Jun Jul Aug Sep Oct Nov Dec
2001: Jan Feb Mar Apr May Jun Jul Aug Sep Oct Nov Dec
2000: Jan Feb Mar Apr May Jun Jul Aug Sep Oct Nov Dec
1999: Jan Feb Mar Apr May Jun Jul Aug Sep Oct Nov Dec
1998: Jan Feb Mar Apr May Jun Jul Aug Sep Oct Nov Dec
1997: Jan Feb Mar Apr May Jun Jul Aug Sep Oct Nov Dec
1996: Jan Feb Mar Apr May Jun Jul Aug Sep Oct Nov Dec
1995: Jan Feb Mar Apr May Jun Jul Aug Sep Oct Nov Dec
1994: Jan Feb Mar Apr May Jun Jul Aug Sep Oct Nov Dec
1993: Jan Feb Mar Apr May Jun Jul Aug Sep Oct Nov Dec
1992: Jan Feb Mar Apr May Jun Jul Aug Sep Oct Nov Dec
1991: Jan Feb Mar Apr May Jun Jul Aug Sep Oct Nov Dec
1990: Jan Feb Mar Apr May Jun Jul Aug Sep Oct Nov Dec
1989: Jan Feb Mar Apr May Jun Jul Aug Sep Oct Nov Dec
1988: Jan Feb Mar Apr May Jun Jul Aug Sep Oct Nov Dec
1987: Jan Feb Mar Apr May Jun Jul Aug Sep Oct Nov Dec
1986: Jan Feb Mar Apr May Jun Jul Aug Sep Oct Nov Dec

Report for 1986 June
                  MONTHLY CLIMATOLOGICAL SUMMARY FOR 6/1986
                                        HEAT  COOL        
     MEAN                               DEG   DEG       WIND SPEED       DOM MEAN  MEAN
DAY  TEMP  HIGH   TIME     LOW   TIME   DAYS  DAYS RAIN AVG  HI  TIME    DIR BAROM HUM
---------------------------------------------------------------------------------------
1    53.2  66.0  3:00pm   45.0  6:00am   5.4  0.0  0.00   9  17  00:00    SW  28.7 69.9
2    54.6  66.9  5:00pm   51.1  5:00am   4.2  0.0  0.00   6  12  00:00   SSE  28.7 79.0
3    61.3  77.0  5:00pm   50.0  6:00am   0.0  4.2  0.00   6  12  00:00   SSE  28.6 61.1
4    56.6  68.0  5:00pm   53.1  2:00am   2.7  0.0  0.00   9  16  00:00     W  28.8 78.2
5    59.1  72.0  1:00pm   53.1  3:00am   0.0  0.6  0.00   6  10  00:00   SSW  28.6 63.4
6    66.1  82.9  4:00pm   55.0  6:00am   0.0  9.5  0.00   8  15  00:00    SE  27.5 47.4
7    61.4  80.1  3:00pm   54.0  6:00am   0.0  5.8  0.00  15  29  00:00     S  28.7 54.0
8    61.1  79.0  3:00pm   51.1  5:00am   0.0  5.1  0.00  18  35  00:00     S  28.7 54.7
9    54.1  68.0  2:00pm   48.9 10:00am   3.9  0.0  0.00  11  21  00:00   WSW  28.5 62.1
10   48.1  57.9  6:00pm   46.0  6:00am  12.0  0.0  0.00  12  23  00:00   NNW  28.8 61.7
11   54.7  73.9  6:00pm   37.9  6:00am   0.7  0.0  0.00   6  12  00:00   SSE  28.8 40.5
12   63.6  80.1  3:00pm   48.0  2:00am   0.0  6.9  0.00   9  17  00:00   SSE  27.7 29.2
13   58.3  70.0  3:00pm   53.1  4:00am   0.8  0.0  0.00   7  14  00:00   WSW  28.8 32.9
14   60.2  80.1  3:00pm   48.0  3:00am   0.0  5.2  0.00  11  21  00:00   SSE  28.8 32.4
15   68.1  86.0  3:00pm   55.0  4:00am   0.0 12.1  0.00  12  22  00:00   SSE  28.7 23.7
16   68.7  87.1  3:00pm   55.0  7:00am   0.0 12.9  0.00  12  23  00:00     S  28.9 24.4
17     65  84.9  2:00pm   59.0  6:00am   0.0 10.0  0.00  14  27  00:00     S  28.8 25.8
18   66.8  86.0  3:00pm   54.0  6:00am   0.0 11.4  0.00  14  29  00:00   SSW  28.9 25.3
19     65  84.0  3:00pm   54.0  3:00am   0.0  9.5  0.00  12  23  00:00   SSW  28.8 26.9
20   63.6  82.0  2:00pm   52.0  5:00am   0.0  7.8  0.00  15  29  00:00   SSE  28.7 30.7
21   68.1  88.0  1:00pm   50.0  6:00am   0.0 13.1  0.00   9  16  00:00     S  28.7 41.6
22     63  81.0  3:00pm   53.1  7:00am   0.0  7.0  0.00  10  20  00:00     S  27.7 58.8
23   68.6  86.0  5:00pm   53.1  6:00am   0.0 12.3  0.00   7  14  00:00    SE  28.9 46.6
24   67.2  81.0  1:00pm   54.0  5:00am   0.0  9.1  0.00  11  21  00:00   SSE  28.9 48.6
25   69.4  86.0  5:00pm   61.0  6:00am   0.0 12.7  0.00   9  18  00:00   SSW  28.8 43.2
26   66.9  81.0  5:00pm   61.0  6:00am   0.0  9.0  0.00   9  17  00:00   WSW  28.8 51.0
27   68.2  88.0  4:00pm   53.1  1:00am   0.0 13.1  0.00   6  12  00:00     S  29.0 45.0
28   75.3  95.0  3:00pm   62.1  5:00am   0.0 20.2  0.00  12  23  00:00   SSE  28.9 33.7
29   71.4  87.1  3:00pm   64.9  6:00am   0.0 14.3  0.00  10  18  00:00     W  28.7 42.4
30   65.9  77.0 12:00pm   57.0 11:00pm   0.0  6.5  0.00  12  23  00:00   SSW  28.8 54.4