NOAA-Style Climate Reports

Select a Year or Month report
2018: Jan Feb Mar Apr May Jun Jul Aug Sep Oct Nov Dec
2017: Jan Feb Mar Apr May Jun Jul Aug Sep Oct Nov Dec
2016: Jan Feb Mar Apr May Jun Jul Aug Sep Oct Nov Dec
2015: Jan Feb Mar Apr May Jun Jul Aug Sep Oct Nov Dec
2014: Jan Feb Mar Apr May Jun Jul Aug Sep Oct Nov Dec
2013: Jan Feb Mar Apr May Jun Jul Aug Sep Oct Nov Dec
2012: Jan Feb Mar Apr May Jun Jul Aug Sep Oct Nov Dec
2011: Jan Feb Mar Apr May Jun Jul Aug Sep Oct Nov Dec
2010: Jan Feb Mar Apr May Jun Jul Aug Sep Oct Nov Dec
2009: Jan Feb Mar Apr May Jun Jul Aug Sep Oct Nov Dec
2008: Jan Feb Mar Apr May Jun Jul Aug Sep Oct Nov Dec
2007: Jan Feb Mar Apr May Jun Jul Aug Sep Oct Nov Dec
2006: Jan Feb Mar Apr May Jun Jul Aug Sep Oct Nov Dec
2005: Jan Feb Mar Apr May Jun Jul Aug Sep Oct Nov Dec
2004: Jan Feb Mar Apr May Jun Jul Aug Sep Oct Nov Dec
2003: Jan Feb Mar Apr May Jun Jul Aug Sep Oct Nov Dec
2002: Jan Feb Mar Apr May Jun Jul Aug Sep Oct Nov Dec
2001: Jan Feb Mar Apr May Jun Jul Aug Sep Oct Nov Dec
2000: Jan Feb Mar Apr May Jun Jul Aug Sep Oct Nov Dec
1999: Jan Feb Mar Apr May Jun Jul Aug Sep Oct Nov Dec
1998: Jan Feb Mar Apr May Jun Jul Aug Sep Oct Nov Dec
1997: Jan Feb Mar Apr May Jun Jul Aug Sep Oct Nov Dec
1996: Jan Feb Mar Apr May Jun Jul Aug Sep Oct Nov Dec
1995: Jan Feb Mar Apr May Jun Jul Aug Sep Oct Nov Dec
1994: Jan Feb Mar Apr May Jun Jul Aug Sep Oct Nov Dec
1993: Jan Feb Mar Apr May Jun Jul Aug Sep Oct Nov Dec
1992: Jan Feb Mar Apr May Jun Jul Aug Sep Oct Nov Dec
1991: Jan Feb Mar Apr May Jun Jul Aug Sep Oct Nov Dec
1990: Jan Feb Mar Apr May Jun Jul Aug Sep Oct Nov Dec
1989: Jan Feb Mar Apr May Jun Jul Aug Sep Oct Nov Dec
1988: Jan Feb Mar Apr May Jun Jul Aug Sep Oct Nov Dec
1987: Jan Feb Mar Apr May Jun Jul Aug Sep Oct Nov Dec
1986: Jan Feb Mar Apr May Jun Jul Aug Sep Oct Nov Dec

Report for 1986 July
                  MONTHLY CLIMATOLOGICAL SUMMARY FOR 7/1986
                                        HEAT  COOL        
     MEAN                               DEG   DEG       WIND SPEED       DOM MEAN  MEAN
DAY  TEMP  HIGH   TIME     LOW   TIME   DAYS  DAYS RAIN AVG  HI  TIME    DIR BAROM HUM
---------------------------------------------------------------------------------------
1    66.4  84.0  5:00pm   55.0  5:00am   0.0 10.2  0.00  13  25  00:00    SW  29.0 55.2
2    71.9  90.0  4:00pm   57.9  6:00am   0.0 16.0  0.00   7  14  00:00   SSE  28.7 35.9
3    73.2  90.0  3:00pm   62.1  2:00am   0.0 16.6  0.00  10  20  00:00    SW  28.7 35.6
4    73.9  91.0  1:00pm   62.1  6:00am   0.0 17.5  0.00  18  35  00:00   SSW  27.4 39.4
5    66.5  82.9  2:00pm   55.9 11:00pm   0.0  9.7  0.00  21  40  00:00   SSW  28.8 53.2
6    59.5  73.0  2:00pm   55.9  1:00am   0.0  1.3  0.00  11  21  00:00   WSW  28.9 65.7
7    65.8  93.9  1:00pm   57.0  3:00am   0.0 14.9  0.00  11  21  00:00    SW  28.9 46.2
8    63.7  82.0  2:00pm   55.9  6:00am   0.0  7.9  0.00  17  32  00:00    SW  28.7 48.1
9    66.7  82.9  5:00pm   55.9  5:00am   0.0  9.8  0.00  11  21  00:00   WSW  27.6 50.7
10   63.6  82.0  2:00pm   55.0  4:00am   0.0  7.8  0.00  15  29  00:00    SW  28.7 52.7
11   67.3  87.1  4:00pm   51.1  5:00am   0.0 12.2  0.00   9  16  00:00    SW  28.7 46.3
12   67.4  88.0  4:00pm   57.0  6:00am   0.0 12.7  0.00   9  17  00:00    SE  27.0 48.6
13   69.6  87.1  2:00pm   59.0  3:00am   0.0 13.4  0.00  18  35  00:00    SW  28.8 46.1
14   71.4  91.0  2:00pm   62.1  3:00am   0.0 16.2  0.00  13  25  00:00     S  27.4 39.4
15   73.3  93.0  3:00pm   64.9  6:00am   0.0 18.2  0.00  10  18  00:00   WSW  28.7 38.2
16   68.3  86.0  3:00pm   60.1  2:00am   0.0 12.2  0.00   9  16  00:00     S  26.2 54.6
17   66.3  82.9  1:00pm   55.9  6:00am   0.0  9.6  0.00   7  14  00:00     S  28.8 55.2
18   63.6  79.0  1:00pm   55.0  6:00am   0.0  6.3  0.00   9  16  00:00   WSW  28.9 66.4
19   63.1  78.1  5:00am   57.9  6:00am   0.0  5.6  0.00  12  23  00:00     W  29.1 62.9
20   59.4  72.0  1:00pm   54.0  8:00pm   0.0  0.7  0.00  13  25  00:00    SE  29.0 63.4
21   60.9  78.1  4:00pm   51.1  5:00am   0.0  4.5  0.00  14  27  00:00     S  28.9 58.7
22     63  82.0  2:00pm   54.0  2:00am   0.0  7.5  0.00  12  23  00:00    SW  28.9 63.7
23   64.3  84.0  4:00pm   55.0  2:00am   0.0  9.2  0.00  10  20  00:00     S  28.8 62.3
24   68.2  81.0  2:00pm   61.0 12:00am   0.0  9.6  0.00  10  18  00:00   WSW  28.9 49.9
25   65.5  81.0  2:00pm   51.1  6:00am   0.0  8.3  0.00  14  29  00:00     S  29.0 48.8
26   66.8  82.9  1:00pm   57.0  5:00am   0.0  9.9  0.00   9  17  00:00   WSW  28.7 46.0
27   67.8  87.1  3:00pm   51.1  5:00am   0.0 12.5  0.00   9  17  00:00   SSE  28.7 46.2
28   71.3  89.1  4:00pm   57.9  5:00am   0.0 15.2  0.00   7  13  00:00   SSW  28.9 28.3
29   72.5  91.9  3:00pm   53.1  6:00am   0.0 17.2  0.00  10  18  00:00     S  28.8 27.0
30   68.7  89.1  5:00pm   55.0  4:00am   0.0 13.9  0.00  10  18  00:00    SE  28.7 35.3
31   65.9  81.0  5:00pm   59.0  6:00am   0.0  8.5  0.00  12  22  00:00   SSW  28.9 52.3