NOAA-Style Climate Reports

Select a Year or Month report
2018: Jan Feb Mar Apr May Jun Jul Aug Sep Oct Nov Dec
2017: Jan Feb Mar Apr May Jun Jul Aug Sep Oct Nov Dec
2016: Jan Feb Mar Apr May Jun Jul Aug Sep Oct Nov Dec
2015: Jan Feb Mar Apr May Jun Jul Aug Sep Oct Nov Dec
2014: Jan Feb Mar Apr May Jun Jul Aug Sep Oct Nov Dec
2013: Jan Feb Mar Apr May Jun Jul Aug Sep Oct Nov Dec
2012: Jan Feb Mar Apr May Jun Jul Aug Sep Oct Nov Dec
2011: Jan Feb Mar Apr May Jun Jul Aug Sep Oct Nov Dec
2010: Jan Feb Mar Apr May Jun Jul Aug Sep Oct Nov Dec
2009: Jan Feb Mar Apr May Jun Jul Aug Sep Oct Nov Dec
2008: Jan Feb Mar Apr May Jun Jul Aug Sep Oct Nov Dec
2007: Jan Feb Mar Apr May Jun Jul Aug Sep Oct Nov Dec
2006: Jan Feb Mar Apr May Jun Jul Aug Sep Oct Nov Dec
2005: Jan Feb Mar Apr May Jun Jul Aug Sep Oct Nov Dec
2004: Jan Feb Mar Apr May Jun Jul Aug Sep Oct Nov Dec
2003: Jan Feb Mar Apr May Jun Jul Aug Sep Oct Nov Dec
2002: Jan Feb Mar Apr May Jun Jul Aug Sep Oct Nov Dec
2001: Jan Feb Mar Apr May Jun Jul Aug Sep Oct Nov Dec
2000: Jan Feb Mar Apr May Jun Jul Aug Sep Oct Nov Dec
1999: Jan Feb Mar Apr May Jun Jul Aug Sep Oct Nov Dec
1998: Jan Feb Mar Apr May Jun Jul Aug Sep Oct Nov Dec
1997: Jan Feb Mar Apr May Jun Jul Aug Sep Oct Nov Dec
1996: Jan Feb Mar Apr May Jun Jul Aug Sep Oct Nov Dec
1995: Jan Feb Mar Apr May Jun Jul Aug Sep Oct Nov Dec
1994: Jan Feb Mar Apr May Jun Jul Aug Sep Oct Nov Dec
1993: Jan Feb Mar Apr May Jun Jul Aug Sep Oct Nov Dec
1992: Jan Feb Mar Apr May Jun Jul Aug Sep Oct Nov Dec
1991: Jan Feb Mar Apr May Jun Jul Aug Sep Oct Nov Dec
1990: Jan Feb Mar Apr May Jun Jul Aug Sep Oct Nov Dec
1989: Jan Feb Mar Apr May Jun Jul Aug Sep Oct Nov Dec
1988: Jan Feb Mar Apr May Jun Jul Aug Sep Oct Nov Dec
1987: Jan Feb Mar Apr May Jun Jul Aug Sep Oct Nov Dec
1986: Jan Feb Mar Apr May Jun Jul Aug Sep Oct Nov Dec

Report for 1986 August
                  MONTHLY CLIMATOLOGICAL SUMMARY FOR 8/1986
                                        HEAT  COOL        
     MEAN                               DEG   DEG       WIND SPEED       DOM MEAN  MEAN
DAY  TEMP  HIGH   TIME     LOW   TIME   DAYS  DAYS RAIN AVG  HI  TIME    DIR BAROM HUM
---------------------------------------------------------------------------------------
1    66.8  78.1  2:00pm   61.0  6:00am   0.0  7.5  0.00  18  35  00:00   ESE  28.7 51.2
2    64.6  77.0  2:00pm   57.9  7:00am   0.0  5.8  0.00  12  23  00:00   SSW  29.0 67.3
3    64.5  82.0  2:00pm   55.9  6:00am   0.0  8.3  0.00  18  35  00:00   SSW  29.0 55.8
4    63.1  84.0 12:00pm   54.0  6:00am   0.0  8.6  0.00  12  23  00:00     S  28.8 53.6
5    64.7  82.0  5:00pm   50.0  5:00am   0.0  8.4  0.00   7  14  00:00     S  28.9 49.4
6    69.5  88.0  2:00pm   59.0  6:00am   0.0 13.8  0.00  12  23  00:00   WSW  28.7 38.2
7    65.6  84.0  2:00pm   57.9  7:00am   0.0  9.8  0.00  12  23  00:00   SSW  28.8 50.0
8    64.8  82.9  2:00pm   51.1  6:00am   0.0  8.9  0.00  12  23  00:00   SSW  28.9 50.0
9    62.9  82.9  4:00pm   52.0  5:00am   0.0  7.9  0.00  12  23  00:00   WSW  28.9 52.9
10   62.7  81.0  5:00pm   51.1  6:00am   0.0  6.9  0.00  11  21  00:00    SW  29.0 61.7
11   71.3  88.0  1:00pm   57.9  5:00am   0.0 14.7  0.00   9  17  00:00    SW  28.9 34.3
12   65.9  87.1  2:00pm   61.0  6:00am   0.0 11.5  0.00  15  29  00:00    SW  28.7 47.5
13   69.4  89.1  4:00pm   53.1  6:00am   0.0 14.3  0.00  18  35  00:00   SSW  28.8 40.9
14   62.4  80.1  3:00pm   57.0  4:00am   0.0  6.3  0.00  12  23  00:00   SSE  28.8 58.4
15   67.9  88.0  5:00pm   50.0  5:00am   0.0 13.0  0.00   8  15  00:00     S  28.8 43.0
16   72.4  91.0  4:00pm   59.0  3:00am   0.0 16.7  0.00   9  16  00:00   SSE  28.7 30.5
17   67.9  90.0  3:00pm   57.9  6:00am   0.0 14.0  0.00  13  25  00:00   SSW  27.8 51.7
18     77  96.1  3:00pm   64.9 12:00am   0.0 21.6  0.00  12  23  00:00   SSW  29.0 33.8
19   73.2  93.0 12:00pm   70.0  3:00am   0.0 18.1  0.00  18  35  00:00   SSW  28.9 37.7
20   63.6  73.0 11:00am   57.9  7:00am   0.0  3.3  0.00  15  29  00:00   SSW  29.1 57.5
21   63.4  88.0  4:00pm   53.1  6:00am   0.0 10.7  0.00  18  35  00:00   SSE  29.0 65.0
22   62.8  80.1  1:00pm   55.9 11:00pm   0.0  6.5  0.00  15  29  00:00   SSW  27.9 59.8
23     60  75.9  3:00pm   55.0  4:00am   0.0  3.0  0.00  18  35  00:00     S  27.6 73.7
24   69.1  84.9  3:00pm   60.1 12:00am   0.0 12.0  0.00  10  18  00:00     S  27.5 46.4
25   65.4  81.0  2:00pm   55.9  5:00am   0.0  8.2  0.00   7  14  00:00   WSW  28.8 56.8
26   59.9  70.0  2:00pm   57.0  3:00am   0.0  0.0  0.00  12  23  00:00   WSW  28.8 67.1
27   62.8  82.9  5:00pm   51.1  5:00am   0.0  7.9  0.00   7  14  00:00    SE  27.7 59.7
28   63.8  82.0  2:00pm   53.1  5:00am   0.0  7.9  0.00  12  23  00:00   WSW  28.9 55.8
29   65.4  82.9  1:00pm   57.0  6:00am   0.0  9.2  0.00   9  16  00:00     S  28.6 45.1
30   62.7  80.1  1:00pm   55.9  2:00am   0.0  6.4  0.00  11  21  00:00   SSW  28.9 53.9
31   62.4  75.0  1:00pm   55.9 10:00pm   0.0  3.7  0.00   9  17  00:00    NW  28.7 54.7