NOAA-Style Climate Reports

Select a Year or Month report
2018: Jan Feb Mar Apr May Jun Jul Aug Sep Oct Nov Dec
2017: Jan Feb Mar Apr May Jun Jul Aug Sep Oct Nov Dec
2016: Jan Feb Mar Apr May Jun Jul Aug Sep Oct Nov Dec
2015: Jan Feb Mar Apr May Jun Jul Aug Sep Oct Nov Dec
2014: Jan Feb Mar Apr May Jun Jul Aug Sep Oct Nov Dec
2013: Jan Feb Mar Apr May Jun Jul Aug Sep Oct Nov Dec
2012: Jan Feb Mar Apr May Jun Jul Aug Sep Oct Nov Dec
2011: Jan Feb Mar Apr May Jun Jul Aug Sep Oct Nov Dec
2010: Jan Feb Mar Apr May Jun Jul Aug Sep Oct Nov Dec
2009: Jan Feb Mar Apr May Jun Jul Aug Sep Oct Nov Dec
2008: Jan Feb Mar Apr May Jun Jul Aug Sep Oct Nov Dec
2007: Jan Feb Mar Apr May Jun Jul Aug Sep Oct Nov Dec
2006: Jan Feb Mar Apr May Jun Jul Aug Sep Oct Nov Dec
2005: Jan Feb Mar Apr May Jun Jul Aug Sep Oct Nov Dec
2004: Jan Feb Mar Apr May Jun Jul Aug Sep Oct Nov Dec
2003: Jan Feb Mar Apr May Jun Jul Aug Sep Oct Nov Dec
2002: Jan Feb Mar Apr May Jun Jul Aug Sep Oct Nov Dec
2001: Jan Feb Mar Apr May Jun Jul Aug Sep Oct Nov Dec
2000: Jan Feb Mar Apr May Jun Jul Aug Sep Oct Nov Dec
1999: Jan Feb Mar Apr May Jun Jul Aug Sep Oct Nov Dec
1998: Jan Feb Mar Apr May Jun Jul Aug Sep Oct Nov Dec
1997: Jan Feb Mar Apr May Jun Jul Aug Sep Oct Nov Dec
1996: Jan Feb Mar Apr May Jun Jul Aug Sep Oct Nov Dec
1995: Jan Feb Mar Apr May Jun Jul Aug Sep Oct Nov Dec
1994: Jan Feb Mar Apr May Jun Jul Aug Sep Oct Nov Dec
1993: Jan Feb Mar Apr May Jun Jul Aug Sep Oct Nov Dec
1992: Jan Feb Mar Apr May Jun Jul Aug Sep Oct Nov Dec
1991: Jan Feb Mar Apr May Jun Jul Aug Sep Oct Nov Dec
1990: Jan Feb Mar Apr May Jun Jul Aug Sep Oct Nov Dec
1989: Jan Feb Mar Apr May Jun Jul Aug Sep Oct Nov Dec
1988: Jan Feb Mar Apr May Jun Jul Aug Sep Oct Nov Dec
1987: Jan Feb Mar Apr May Jun Jul Aug Sep Oct Nov Dec
1986: Jan Feb Mar Apr May Jun Jul Aug Sep Oct Nov Dec

Report for 1986 September
                  MONTHLY CLIMATOLOGICAL SUMMARY FOR 9/1986
                                        HEAT  COOL        
     MEAN                               DEG   DEG       WIND SPEED       DOM MEAN  MEAN
DAY  TEMP  HIGH   TIME     LOW   TIME   DAYS  DAYS RAIN AVG  HI  TIME    DIR BAROM HUM
---------------------------------------------------------------------------------------
1    56.9  68.0  2:00pm   48.0  7:00am   2.5  0.0  0.00  13  25  00:00    SW  28.9 67.4
2    56.9  75.0  3:00pm   46.9  4:00am   0.0  1.0  0.00  18  35  00:00    SE  28.8 62.4
3    60.9  78.1  2:00pm   46.0  7:00am   0.0  4.5  0.00   9  16  00:00     S  28.9 50.3
4    61.8  81.0  2:00pm   51.1  7:00am   0.0  6.4  0.00  16  30  00:00   WSW  28.8 48.3
5    64.8  82.0  4:00pm   57.0  5:00am   0.0  8.4  0.00  12  23  00:00   SSE  28.8 42.2
6    48.3  60.1 12:00am   44.1  6:00pm  10.8  0.0  0.00  11  21  00:00     S  29.1 81.6
7    46.6  57.9  5:00pm   45.0 12:00am  12.7  0.0  0.00  10  18  00:00   SSW  29.0 81.1
8    62.9  81.0  3:00pm   50.0 12:00am   0.0  7.0  0.00  20  38  00:00    SW  28.7 51.2
9    62.7  78.1  3:00pm   57.9  1:00am   0.0  5.4  0.00  15  29  00:00    SW  28.7 44.7
10   55.4  70.0  2:00pm   46.0  6:00am   2.3  0.0  0.00  18  35  00:00     W  28.6 52.5
11   54.1  75.0  4:00pm   39.9  7:00am   0.4  0.0  0.00   7  14  00:00   SSW  28.8 50.2
12   58.4  75.9  2:00pm   44.1  7:00am   0.0  2.2  0.00   7  14  00:00   SSE  27.5 41.0
13     52  69.1  4:00pm   45.0  7:00am   4.4  0.0  0.00  12  23  00:00     W  28.9 69.3
14   61.2  80.1  3:00pm   45.0  7:00am   0.0  5.7  0.00   9  17  00:00   SSW  28.8 49.8
15   59.6  79.0  6:00pm   51.1  4:00am   0.0  4.3  0.00  15  29  00:00    SW  28.9 61.0
16   61.4  79.0  4:00pm   48.9  7:00am   0.0  5.2  0.00  11  21  00:00     S  28.8 53.0
17   61.3  79.0  2:00pm   46.9  5:00am   0.0  5.2  0.00   7  14  00:00   SSW  28.7 31.2
18   56.8  78.1  3:00pm   44.1  6:00am   0.0  2.5  0.00  12  23  00:00     S  28.7 45.9
19   53.9  72.0 12:00pm   39.9  7:00am   2.0  0.0  0.00  10  18  00:00   WSW  28.8 67.4
20   56.3  75.9 12:00pm   46.9  2:00am   0.0  1.1  0.00   9  17  00:00   WSW  28.5 58.3
21   54.8  68.0  2:00pm   46.9  7:00am   3.6  0.0  0.00  12  23  00:00   WSW  28.7 62.0
22   54.1  66.9  2:00pm   48.0  6:00am   4.5  0.0  0.00   6  13  00:00   NNW  28.6 75.9
23   55.5  71.1  1:00pm   46.0  7:00am   1.7  0.0  0.00   9  17  00:00    SW  27.4 67.5
24   52.3  68.0 12:00pm   46.9  6:00am   4.8  0.0  0.00  18  35  00:00    SW  28.2 56.3
25   54.7  72.0  4:00pm   46.0  7:00am   1.6  0.0  0.00  18  35  00:00   WSW  28.3 32.6
26     51  66.9  4:00pm   37.9  4:00am   6.0  0.0  0.00  21  40  00:00   WSW  28.5 38.1
27   51.6  72.0  4:00pm   35.1  5:00am   3.2  0.0  0.00  18  35  00:00   SSW  28.7 37.0
28   49.2  66.0  2:00pm   35.1  7:00am   7.4  0.0  0.00  12  23  00:00    SE  28.6 51.2
29   44.1  64.0  1:00pm   39.0  1:00am  10.9  0.0  0.00  13  24  00:00     S  28.7 57.3
30   44.2  63.0  5:00pm   33.1  7:00am  11.4  0.0  0.00   6  12  00:00     S  28.6 66.1