NOAA-Style Climate Reports

Select a Year or Month report
2018: Jan Feb Mar Apr May Jun Jul Aug Sep Oct Nov Dec
2017: Jan Feb Mar Apr May Jun Jul Aug Sep Oct Nov Dec
2016: Jan Feb Mar Apr May Jun Jul Aug Sep Oct Nov Dec
2015: Jan Feb Mar Apr May Jun Jul Aug Sep Oct Nov Dec
2014: Jan Feb Mar Apr May Jun Jul Aug Sep Oct Nov Dec
2013: Jan Feb Mar Apr May Jun Jul Aug Sep Oct Nov Dec
2012: Jan Feb Mar Apr May Jun Jul Aug Sep Oct Nov Dec
2011: Jan Feb Mar Apr May Jun Jul Aug Sep Oct Nov Dec
2010: Jan Feb Mar Apr May Jun Jul Aug Sep Oct Nov Dec
2009: Jan Feb Mar Apr May Jun Jul Aug Sep Oct Nov Dec
2008: Jan Feb Mar Apr May Jun Jul Aug Sep Oct Nov Dec
2007: Jan Feb Mar Apr May Jun Jul Aug Sep Oct Nov Dec
2006: Jan Feb Mar Apr May Jun Jul Aug Sep Oct Nov Dec
2005: Jan Feb Mar Apr May Jun Jul Aug Sep Oct Nov Dec
2004: Jan Feb Mar Apr May Jun Jul Aug Sep Oct Nov Dec
2003: Jan Feb Mar Apr May Jun Jul Aug Sep Oct Nov Dec
2002: Jan Feb Mar Apr May Jun Jul Aug Sep Oct Nov Dec
2001: Jan Feb Mar Apr May Jun Jul Aug Sep Oct Nov Dec
2000: Jan Feb Mar Apr May Jun Jul Aug Sep Oct Nov Dec
1999: Jan Feb Mar Apr May Jun Jul Aug Sep Oct Nov Dec
1998: Jan Feb Mar Apr May Jun Jul Aug Sep Oct Nov Dec
1997: Jan Feb Mar Apr May Jun Jul Aug Sep Oct Nov Dec
1996: Jan Feb Mar Apr May Jun Jul Aug Sep Oct Nov Dec
1995: Jan Feb Mar Apr May Jun Jul Aug Sep Oct Nov Dec
1994: Jan Feb Mar Apr May Jun Jul Aug Sep Oct Nov Dec
1993: Jan Feb Mar Apr May Jun Jul Aug Sep Oct Nov Dec
1992: Jan Feb Mar Apr May Jun Jul Aug Sep Oct Nov Dec
1991: Jan Feb Mar Apr May Jun Jul Aug Sep Oct Nov Dec
1990: Jan Feb Mar Apr May Jun Jul Aug Sep Oct Nov Dec
1989: Jan Feb Mar Apr May Jun Jul Aug Sep Oct Nov Dec
1988: Jan Feb Mar Apr May Jun Jul Aug Sep Oct Nov Dec
1987: Jan Feb Mar Apr May Jun Jul Aug Sep Oct Nov Dec
1986: Jan Feb Mar Apr May Jun Jul Aug Sep Oct Nov Dec

Report for 1986 October
                  MONTHLY CLIMATOLOGICAL SUMMARY FOR 10/1986
                                        HEAT  COOL        
     MEAN                               DEG   DEG       WIND SPEED       DOM MEAN  MEAN
DAY  TEMP  HIGH   TIME     LOW   TIME   DAYS  DAYS RAIN AVG  HI  TIME    DIR BAROM HUM
---------------------------------------------------------------------------------------
1    49.8  66.0  5:00pm   34.0  7:00am   7.1  0.0  0.00  11  21  00:00     S  27.5 51.9
2    49.6  73.0  2:00pm   36.0  7:00am   3.7  0.0  0.00  11  21  00:00   WSW  28.6 68.6
3    37.1  43.0 12:00am   37.0  7:00am  24.9  0.0  0.00   9  17  00:00     W  28.8 87.5
4    43.4  59.0  4:00pm   33.1  4:00am  13.8  0.0  0.00   6  12  00:00     S  28.9 66.2
5    44.4  55.9  3:00pm   35.1  4:00am  14.8  0.0  0.00   7  14  00:00   SSE  29.0 63.8
6    49.3  68.0  4:00pm   36.0  7:00am   6.3  0.0  0.00   9  17  00:00    SE  29.0 58.8
7    54.7  71.1  3:00pm   45.0  2:00am   2.1  0.0  0.00   7  14  00:00    SE  28.8 45.1
8    52.4  70.0  2:00pm   37.9  4:00am   3.8  0.0  0.00  12  23  00:00     S  29.0 53.6
9    48.7  64.0  2:00pm   43.0  4:00am   8.6  0.0  0.00  12  23  00:00   SSE  27.7 73.7
10   48.6  69.1  2:00pm   33.1 11:00pm   6.1  0.0  0.00  21  40  00:00    SW  28.6 60.1
11   26.4  32.0 12:00am   23.2 11:00pm  35.8  0.0  0.00  16  30  00:00     S  27.7 85.3
12   22.7  29.1  5:00pm   20.1 11:00pm  39.1  0.0  0.00   5   9  00:00     E  28.1 77.9
13   40.5  57.9  3:00pm   23.2 12:00am  15.8  0.0  0.00  15  29  00:00     W  27.4 51.7
14   44.8  61.0  3:00pm   31.1  4:00am  12.1  0.0  0.00   7  13  00:00   SSE  29.0 46.1
15   43.5  63.0  2:00pm   29.1  8:00am  11.7  0.0  0.00   6  10  00:00     S  29.1 54.2
16   47.2  72.0  4:00pm   32.0  7:00am   5.4  0.0  0.00   7  13  00:00    SE  28.9 47.5
17   49.3  71.1  3:00pm   35.1  6:00am   4.8  0.0  0.00  12  23  00:00    SE  28.9 42.3
18     50  69.1  3:00pm   36.0  7:00am   5.4  0.0  0.00   9  16  00:00     S  28.9 45.9
19   46.1  55.9  2:00pm   42.1  4:00am  14.0  0.0  0.00   8  15  00:00   WSW  28.9 74.1
20   45.7  57.0  3:00pm   39.9  7:00am  13.6  0.0  0.00  11  21  00:00     S  28.9 77.1
21   40.1  50.0  2:00pm   36.0 11:00pm  19.9  0.0  0.00   8  15  00:00     S  28.7 79.1
22   42.4  57.0  3:00pm   34.0  5:00am  15.3  0.0  0.00   7  14  00:00   ESE  27.6 72.1
23   41.4  46.9  1:00pm   39.9  1:00am  20.8  0.0  0.00   7  14  00:00   SSW  28.9 83.5
24   41.4  55.0  4:00pm   33.1  5:00am  16.8  0.0  0.00   7  14  00:00    SE  29.0 75.4
25   45.8  59.0  2:00pm   37.0 12:00am  12.6  0.0  0.00  15  29  00:00     W  29.0 53.0
26   46.4  62.1  3:00pm   39.0  1:00am  10.7  0.0  0.00   9  17  00:00     W  29.0 50.3
27   47.8  69.1  2:00pm   35.1 12:00am   6.5  0.0  0.00   6  12  00:00     S  28.9 47.7
28   45.7  60.1  3:00pm   39.0 11:00pm  12.1  0.0  0.00   6  12  00:00   SSW  29.0 55.4
29   45.9  66.9  3:00pm   35.1  5:00am   8.6  0.0  0.00   6  12  00:00     S  28.9 55.6
30   52.4  70.0  3:00pm   39.9 12:00am   3.8  0.0  0.00  10  20  00:00   SSW  27.4 43.0
31   34.1  41.0 12:00am   31.1  7:00pm  27.4  0.0  0.00   7  14  00:00    SE  28.9 81.1