NOAA-Style Climate Reports

Select a Year or Month report
2018: Jan Feb Mar Apr May Jun Jul Aug Sep Oct Nov Dec
2017: Jan Feb Mar Apr May Jun Jul Aug Sep Oct Nov Dec
2016: Jan Feb Mar Apr May Jun Jul Aug Sep Oct Nov Dec
2015: Jan Feb Mar Apr May Jun Jul Aug Sep Oct Nov Dec
2014: Jan Feb Mar Apr May Jun Jul Aug Sep Oct Nov Dec
2013: Jan Feb Mar Apr May Jun Jul Aug Sep Oct Nov Dec
2012: Jan Feb Mar Apr May Jun Jul Aug Sep Oct Nov Dec
2011: Jan Feb Mar Apr May Jun Jul Aug Sep Oct Nov Dec
2010: Jan Feb Mar Apr May Jun Jul Aug Sep Oct Nov Dec
2009: Jan Feb Mar Apr May Jun Jul Aug Sep Oct Nov Dec
2008: Jan Feb Mar Apr May Jun Jul Aug Sep Oct Nov Dec
2007: Jan Feb Mar Apr May Jun Jul Aug Sep Oct Nov Dec
2006: Jan Feb Mar Apr May Jun Jul Aug Sep Oct Nov Dec
2005: Jan Feb Mar Apr May Jun Jul Aug Sep Oct Nov Dec
2004: Jan Feb Mar Apr May Jun Jul Aug Sep Oct Nov Dec
2003: Jan Feb Mar Apr May Jun Jul Aug Sep Oct Nov Dec
2002: Jan Feb Mar Apr May Jun Jul Aug Sep Oct Nov Dec
2001: Jan Feb Mar Apr May Jun Jul Aug Sep Oct Nov Dec
2000: Jan Feb Mar Apr May Jun Jul Aug Sep Oct Nov Dec
1999: Jan Feb Mar Apr May Jun Jul Aug Sep Oct Nov Dec
1998: Jan Feb Mar Apr May Jun Jul Aug Sep Oct Nov Dec
1997: Jan Feb Mar Apr May Jun Jul Aug Sep Oct Nov Dec
1996: Jan Feb Mar Apr May Jun Jul Aug Sep Oct Nov Dec
1995: Jan Feb Mar Apr May Jun Jul Aug Sep Oct Nov Dec
1994: Jan Feb Mar Apr May Jun Jul Aug Sep Oct Nov Dec
1993: Jan Feb Mar Apr May Jun Jul Aug Sep Oct Nov Dec
1992: Jan Feb Mar Apr May Jun Jul Aug Sep Oct Nov Dec
1991: Jan Feb Mar Apr May Jun Jul Aug Sep Oct Nov Dec
1990: Jan Feb Mar Apr May Jun Jul Aug Sep Oct Nov Dec
1989: Jan Feb Mar Apr May Jun Jul Aug Sep Oct Nov Dec
1988: Jan Feb Mar Apr May Jun Jul Aug Sep Oct Nov Dec
1987: Jan Feb Mar Apr May Jun Jul Aug Sep Oct Nov Dec
1986: Jan Feb Mar Apr May Jun Jul Aug Sep Oct Nov Dec

Report for 1986 November
                  MONTHLY CLIMATOLOGICAL SUMMARY FOR 11/1986
                                        HEAT  COOL        
     MEAN                               DEG   DEG       WIND SPEED       DOM MEAN  MEAN
DAY  TEMP  HIGH   TIME     LOW   TIME   DAYS  DAYS RAIN AVG  HI  TIME    DIR BAROM HUM
---------------------------------------------------------------------------------------
1    27.2  31.1 12:00am   27.1  6:00am  35.8  0.0  0.00   5   9  00:00     E  29.2 89.5
2    29.7  39.0  2:00pm   23.2  6:00am  30.6  0.0  0.00   5   8  00:00   SSE  29.0 84.9
3    35.6  45.0  1:00pm   27.1  4:00am  24.7  0.0  0.00   6  12  00:00   WSW  28.8 75.5
4    37.5  48.0  2:00pm   30.2 11:00pm  22.2  0.0  0.00   6  10  00:00    SW  28.8 76.0
5    26.7  35.1 12:00am   29.1  1:00am  34.1  0.0  0.00   5   9  00:00    SW  25.1 65.5
6      25  50.0 11:00am   50.0 11:00am  27.5  0.0  0.00   5   9  00:00     N  14.9 24.0
7
8
9
10   17.2  23.2  4:00pm   14.2 12:00pm  44.8  0.0  0.00  10  20  00:00   SSW  25.1 70.0
11   35.4  52.0  1:00pm   20.1  2:00am  21.3  0.0  0.00   9  17  00:00   ESE  28.7 50.6
12   13.4  29.1 12:00am    9.1  8:00am  43.7  0.0  0.00  15  29  00:00   SSE  29.2 85.3
13   25.1  46.0  3:00pm    8.2  1:00am  29.4  0.0  0.00   6  12  00:00    SW  28.9 74.8
14   41.7  61.0  2:00pm   30.2  4:00am  13.6  0.0  0.00   8  15  00:00   SSE  28.7 47.1
15   42.8  62.1  3:00pm   33.1  5:00am  12.5  0.0  0.00  19  37  00:00   SSW  28.4 40.3
16   43.1  59.0  1:00pm   34.0  5:00am  13.9  0.0  0.00  19  37  00:00   SSW  28.6 44.2
17   41.5  57.0  2:00pm   32.0  1:00am  15.7  0.0  0.00   9  17  00:00   ESE  28.6 56.0
18   33.6  48.0 11:00pm   22.1  6:00am  24.2  0.0  0.00  14  27  00:00     S  27.3 70.6
19   41.7  61.0 12:00pm   26.2 10:00pm  13.6  0.0  0.00  25  48  00:00   SSE  28.3 61.6
20   38.9  62.1  2:00pm   26.2  2:00am  14.5  0.0  0.00   9  17  00:00   SSE  27.2 59.7
21     47  66.0  2:00pm   33.1  2:00am   8.5  0.0  0.00   9  16  00:00     S  28.4 40.2
22   32.6  41.0  2:00am   29.1  9:00pm  28.2  0.0  0.00   8  15  00:00   ESE  28.6 74.4
23   30.1  42.1  2:00pm   20.1  7:00am  28.9  0.0  0.00   8  15  00:00    SE  27.6 68.5
24   40.4  60.1  2:00pm   27.1  5:00am  14.7  0.0  0.00  10  18  00:00   SSE  28.7 51.7
25   31.9  44.1 10:00am   27.1 11:00pm  27.0  0.0  0.00  21  40  00:00     S  28.9 71.3
26   31.9  46.0  2:00pm   25.2  1:00am  26.0  0.0  0.00   7  14  00:00     S  28.9 68.5
27   40.7  60.1  2:00pm   30.2  5:00am  14.6  0.0  0.00   7  14  00:00   SSW  28.9 42.7
28   47.7  66.0  2:00pm   36.0 12:00am   8.1  0.0  0.00   9  17  00:00   SSW  28.9 34.8
29   44.5  62.1 12:00pm   30.2 11:00pm  11.7  0.0  0.00  11  21  00:00    SW  28.6 41.8
30   26.5  31.1  4:00pm   25.2  1:00am  36.2  0.0  0.00  21  40  00:00   NNE  28.5 84.5