NOAA-Style Climate Reports

Select a Year or Month report
2018: Jan Feb Mar Apr May Jun Jul Aug Sep Oct Nov Dec
2017: Jan Feb Mar Apr May Jun Jul Aug Sep Oct Nov Dec
2016: Jan Feb Mar Apr May Jun Jul Aug Sep Oct Nov Dec
2015: Jan Feb Mar Apr May Jun Jul Aug Sep Oct Nov Dec
2014: Jan Feb Mar Apr May Jun Jul Aug Sep Oct Nov Dec
2013: Jan Feb Mar Apr May Jun Jul Aug Sep Oct Nov Dec
2012: Jan Feb Mar Apr May Jun Jul Aug Sep Oct Nov Dec
2011: Jan Feb Mar Apr May Jun Jul Aug Sep Oct Nov Dec
2010: Jan Feb Mar Apr May Jun Jul Aug Sep Oct Nov Dec
2009: Jan Feb Mar Apr May Jun Jul Aug Sep Oct Nov Dec
2008: Jan Feb Mar Apr May Jun Jul Aug Sep Oct Nov Dec
2007: Jan Feb Mar Apr May Jun Jul Aug Sep Oct Nov Dec
2006: Jan Feb Mar Apr May Jun Jul Aug Sep Oct Nov Dec
2005: Jan Feb Mar Apr May Jun Jul Aug Sep Oct Nov Dec
2004: Jan Feb Mar Apr May Jun Jul Aug Sep Oct Nov Dec
2003: Jan Feb Mar Apr May Jun Jul Aug Sep Oct Nov Dec
2002: Jan Feb Mar Apr May Jun Jul Aug Sep Oct Nov Dec
2001: Jan Feb Mar Apr May Jun Jul Aug Sep Oct Nov Dec
2000: Jan Feb Mar Apr May Jun Jul Aug Sep Oct Nov Dec
1999: Jan Feb Mar Apr May Jun Jul Aug Sep Oct Nov Dec
1998: Jan Feb Mar Apr May Jun Jul Aug Sep Oct Nov Dec
1997: Jan Feb Mar Apr May Jun Jul Aug Sep Oct Nov Dec
1996: Jan Feb Mar Apr May Jun Jul Aug Sep Oct Nov Dec
1995: Jan Feb Mar Apr May Jun Jul Aug Sep Oct Nov Dec
1994: Jan Feb Mar Apr May Jun Jul Aug Sep Oct Nov Dec
1993: Jan Feb Mar Apr May Jun Jul Aug Sep Oct Nov Dec
1992: Jan Feb Mar Apr May Jun Jul Aug Sep Oct Nov Dec
1991: Jan Feb Mar Apr May Jun Jul Aug Sep Oct Nov Dec
1990: Jan Feb Mar Apr May Jun Jul Aug Sep Oct Nov Dec
1989: Jan Feb Mar Apr May Jun Jul Aug Sep Oct Nov Dec
1988: Jan Feb Mar Apr May Jun Jul Aug Sep Oct Nov Dec
1987: Jan Feb Mar Apr May Jun Jul Aug Sep Oct Nov Dec
1986: Jan Feb Mar Apr May Jun Jul Aug Sep Oct Nov Dec

Report for 1986 December
                  MONTHLY CLIMATOLOGICAL SUMMARY FOR 12/1986
                                        HEAT  COOL        
     MEAN                               DEG   DEG       WIND SPEED       DOM MEAN  MEAN
DAY  TEMP  HIGH   TIME     LOW   TIME   DAYS  DAYS RAIN AVG  HI  TIME    DIR BAROM HUM
---------------------------------------------------------------------------------------
1    27.3  37.9  2:00pm   21.2  8:00am  32.4  0.0  0.00  18  35  00:00   WSW  28.8 76.3
2    26.3  35.1  3:00am   16.2 11:00pm  34.3  0.0  0.00   9  17  00:00   SSE  28.8 70.1
3    18.5  26.2  1:00pm   14.2  2:00am  42.6  0.0  0.00   6  12  00:00     S  28.8 82.9
4    21.9  33.1  1:00pm   15.3 12:00am  37.5  0.0  0.00   9  16  00:00     S  28.9 77.8
5    35.8  50.0  3:00pm   25.2 12:00am  22.1  0.0  0.00   7  14  00:00   SSE  28.8 61.3
6    26.3  34.0  4:00am   24.3  3:00pm  34.8  0.0  0.00   9  17  00:00   WNW  28.6 83.9
7    22.5  27.1 11:00am   15.3 10:00pm  40.2  0.0  0.00   6  12  00:00   SSW  28.7 89.9
8    22.6  31.1  1:00pm   16.2  3:00am  38.1  0.0  0.00   9  16  00:00    SE  28.7 82.3
9    11.2  19.2 12:00am    2.1  6:00pm  49.8  0.0  0.00   9  17  00:00     S  28.7 86.7
10   13.4  26.2  2:00pm   -1.8  6:00am  45.2  0.0  0.00   9  17  00:00    SE  28.1 69.7
11   24.2  35.1  2:00pm   16.2  5:00am  35.3  0.0  0.00  11  21  00:00   SSE  28.7 68.0
12   29.1  39.9  1:00pm   20.1  7:00pm  30.5  0.0  0.00  10  18  00:00   WSW  28.9 59.7
13   29.1  44.1  1:00pm   14.2  4:00am  28.4  0.0  0.00  10  20  00:00     S  28.8 62.3
14   29.7  46.0  1:00pm   17.2  4:00am  27.1  0.0  0.00   6  12  00:00   SSE  28.8 56.2
15     28  42.1  2:00pm   19.2 12:00am  29.9  0.0  0.00  12  23  00:00   SSE  27.1 60.8
16   29.8  46.0  3:00pm   22.1 12:00am  27.1  0.0  0.00   9  16  00:00   SSE  28.5 60.7
17   22.8  34.0  2:00pm   16.2  6:00am  36.6  0.0  0.00   7  13  00:00     S  28.8 71.7
18   24.4  41.0  1:00pm   14.2  5:00am  32.3  0.0  0.00   7  14  00:00   SSE  28.3 54.6
19   27.3  45.0  1:00pm   17.2  2:00am  28.8  0.0  0.00   7  14  00:00     S  28.6 63.7
20   26.3  39.0  1:00pm   17.2  5:00am  32.3  0.0  0.00   9  17  00:00    SE  28.8 67.4
21   25.6  37.9  2:00pm   19.2  5:00am  33.2  0.0  0.00   6  10  00:00   SSE  29.0 71.8
22   28.2  43.0  2:00pm   19.2  1:00am  29.4  0.0  0.00   6  12  00:00     S  28.8 63.5
23   28.8  43.0  1:00pm   15.3  6:00am  29.1  0.0  0.00   6  12  00:00   SSE  28.3 56.4
24   24.7  37.0  2:00pm   16.2 11:00pm  34.1  0.0  0.00   7  14  00:00   SSE  28.7 69.4
25   20.6  34.0  2:00pm   12.2  8:00am  37.7  0.0  0.00   6  12  00:00     S  28.7 74.3
26   21.2  37.9  1:00pm   10.2  5:00am  35.4  0.0  0.00   7  14  00:00   SSE  28.7 71.4
27   26.5  39.9  1:00pm   17.2  6:00am  31.8  0.0  0.00   6  12  00:00   SSE  28.7 60.6
28   26.7  42.1  2:00pm   18.1 12:00am  30.6  0.0  0.00   6  12  00:00   SSW  28.8 64.3
29   31.3  48.9  2:00pm   20.1  5:00am  24.9  0.0  0.00   9  17  00:00   SSW  27.6 55.2
30   31.6  43.0  4:00pm   24.3 10:00pm  27.7  0.0  0.00   9  16  00:00    SE  28.8 54.4
31   22.6  34.0  3:00pm   13.1  8:00am  36.7  0.0  0.00   8  15  00:00   SSE  28.6 63.2