NOAA-Style Climate Reports

Select a Year or Month report
2018: Jan Feb Mar Apr May Jun Jul Aug Sep Oct Nov Dec
2017: Jan Feb Mar Apr May Jun Jul Aug Sep Oct Nov Dec
2016: Jan Feb Mar Apr May Jun Jul Aug Sep Oct Nov Dec
2015: Jan Feb Mar Apr May Jun Jul Aug Sep Oct Nov Dec
2014: Jan Feb Mar Apr May Jun Jul Aug Sep Oct Nov Dec
2013: Jan Feb Mar Apr May Jun Jul Aug Sep Oct Nov Dec
2012: Jan Feb Mar Apr May Jun Jul Aug Sep Oct Nov Dec
2011: Jan Feb Mar Apr May Jun Jul Aug Sep Oct Nov Dec
2010: Jan Feb Mar Apr May Jun Jul Aug Sep Oct Nov Dec
2009: Jan Feb Mar Apr May Jun Jul Aug Sep Oct Nov Dec
2008: Jan Feb Mar Apr May Jun Jul Aug Sep Oct Nov Dec
2007: Jan Feb Mar Apr May Jun Jul Aug Sep Oct Nov Dec
2006: Jan Feb Mar Apr May Jun Jul Aug Sep Oct Nov Dec
2005: Jan Feb Mar Apr May Jun Jul Aug Sep Oct Nov Dec
2004: Jan Feb Mar Apr May Jun Jul Aug Sep Oct Nov Dec
2003: Jan Feb Mar Apr May Jun Jul Aug Sep Oct Nov Dec
2002: Jan Feb Mar Apr May Jun Jul Aug Sep Oct Nov Dec
2001: Jan Feb Mar Apr May Jun Jul Aug Sep Oct Nov Dec
2000: Jan Feb Mar Apr May Jun Jul Aug Sep Oct Nov Dec
1999: Jan Feb Mar Apr May Jun Jul Aug Sep Oct Nov Dec
1998: Jan Feb Mar Apr May Jun Jul Aug Sep Oct Nov Dec
1997: Jan Feb Mar Apr May Jun Jul Aug Sep Oct Nov Dec
1996: Jan Feb Mar Apr May Jun Jul Aug Sep Oct Nov Dec
1995: Jan Feb Mar Apr May Jun Jul Aug Sep Oct Nov Dec
1994: Jan Feb Mar Apr May Jun Jul Aug Sep Oct Nov Dec
1993: Jan Feb Mar Apr May Jun Jul Aug Sep Oct Nov Dec
1992: Jan Feb Mar Apr May Jun Jul Aug Sep Oct Nov Dec
1991: Jan Feb Mar Apr May Jun Jul Aug Sep Oct Nov Dec
1990: Jan Feb Mar Apr May Jun Jul Aug Sep Oct Nov Dec
1989: Jan Feb Mar Apr May Jun Jul Aug Sep Oct Nov Dec
1988: Jan Feb Mar Apr May Jun Jul Aug Sep Oct Nov Dec
1987: Jan Feb Mar Apr May Jun Jul Aug Sep Oct Nov Dec
1986: Jan Feb Mar Apr May Jun Jul Aug Sep Oct Nov Dec

Report for 1987 January
                  MONTHLY CLIMATOLOGICAL SUMMARY FOR 1/1987
                                        HEAT  COOL        
     MEAN                               DEG   DEG       WIND SPEED       DOM MEAN  MEAN
DAY  TEMP  HIGH   TIME     LOW   TIME   DAYS  DAYS RAIN AVG  HI  TIME    DIR BAROM HUM
---------------------------------------------------------------------------------------
1    19.1  33.1  2:00pm    7.2  5:00am  38.9  0.0  0.00   8  15  00:00   SSW  28.8 73.6
2    29.2  36.0 12:00pm   24.3  3:00am  32.4  0.0  0.00  15  29  00:00     S  28.6 70.2
3    28.1  42.1  2:00pm   16.2  4:00am  29.9  0.0  0.00  12  23  00:00   SSE  28.8 66.4
4    41.4  57.9  2:00pm   30.2 12:00am  15.3  0.0  0.00  18  35  00:00   SSW  27.3 43.8
5    38.8  54.0  1:00pm   32.0 11:00pm  18.6  0.0  0.00  18  35  00:00    SW  28.4 53.5
6    27.5  32.0  1:00am   26.2  5:00am  35.2  0.0  0.00   7  14  00:00     E  28.6 82.6
7    25.6  29.1  1:00pm   24.3  4:00am  37.6  0.0  0.00   4   7  00:00     S  28.7 87.0
8    23.6  26.2 11:00am   17.2 11:00pm  40.1  0.0  0.00   7  14  00:00     N  28.9 91.3
9    22.2  36.0  3:00pm   12.2  8:00pm  35.9  0.0  0.00   7  13  00:00   SSW  28.4 61.8
10   22.5  41.0  2:00pm   11.1  4:00am  33.2  0.0  0.00   9  16  00:00    SE  28.8 58.8
11   36.9  51.1  1:00pm   27.1  3:00am  21.0  0.0  0.00  11  21  00:00     S  29.0 52.4
12   38.5  57.0  3:00pm   27.1  7:00am  17.2  0.0  0.00   7  14  00:00   SSE  27.5 57.1
13     38  53.1  2:00pm   28.2  8:00am  19.4  0.0  0.00   9  17  00:00    SW  28.7 54.8
14   25.9  32.0  1:00am   23.2 11:00pm  36.0  0.0  0.00  12  22  00:00    SE  27.4 69.2
15   14.5  22.1 12:00am    6.3  9:00pm  46.7  0.0  0.00  11  21  00:00   WSW  28.6 90.5
16    3.6  11.1  2:00pm    0.1  3:00am  57.6  0.0  0.00   6  12  00:00     S  28.0 89.6
17    6.9  19.2  2:00pm   -4.9  3:00am  51.9  0.0  0.00   6  12  00:00   WSW  28.5 77.5
18   21.8  36.0  3:00pm   11.1  3:00am  36.1  0.0  0.00   9  17  00:00   SSE  28.6 66.0
19   17.9  26.2 12:00am    8.2 10:00pm  42.9  0.0  0.00   9  17  00:00     E  28.7 90.7
20   11.3  24.3  2:00pm   -3.8  8:00am  47.2  0.0  0.00  11  21  00:00   SSE  28.6 75.5
21   19.4  29.1 12:00pm    7.2 11:00pm  40.7  0.0  0.00  16  30  00:00   NNW  28.3 60.0
22     21  39.9  2:00pm    2.1  3:00am  34.5  0.0  0.00   9  17  00:00    SW  28.5 56.0
23   29.9  44.1 12:00pm   17.2  2:00am  28.0  0.0  0.00   9  16  00:00   SSE  27.3 62.1
24   33.6  43.0 12:00pm   21.2  5:00am  26.7  0.0  0.00  12  23  00:00   WNW  28.6 58.0
25   36.4  44.1  3:00pm   34.0  5:00am  24.7  0.0  0.00  12  23  00:00   WNW  28.7 53.9
26   41.3  51.1  1:00pm   35.1 12:00am  18.8  0.0  0.00  18  35  00:00     W  27.4 49.2
27   39.9  55.0  1:00pm   34.0  5:00am  17.5  0.0  0.00  12  23  00:00   SSE  28.7 48.6
28   43.1  57.9  3:00pm   34.0 11:00pm  14.5  0.0  0.00  26  52  00:00     W  28.4 48.2
29   33.9  46.0  3:00pm   26.2  8:00am  25.0  0.0  0.00  21  40  00:00    SW  28.8 47.4
30     33  48.9  1:00pm   22.1  3:00am  24.0  0.0  0.00  14  29  00:00   SSE  28.8 60.0
31   37.5  48.9 12:00pm   30.2 10:00pm  21.8  0.0  0.00  12  23  00:00     S  28.6 56.1