NOAA-Style Climate Reports

Select a Year or Month report
2018: Jan Feb Mar Apr May Jun Jul Aug Sep Oct Nov Dec
2017: Jan Feb Mar Apr May Jun Jul Aug Sep Oct Nov Dec
2016: Jan Feb Mar Apr May Jun Jul Aug Sep Oct Nov Dec
2015: Jan Feb Mar Apr May Jun Jul Aug Sep Oct Nov Dec
2014: Jan Feb Mar Apr May Jun Jul Aug Sep Oct Nov Dec
2013: Jan Feb Mar Apr May Jun Jul Aug Sep Oct Nov Dec
2012: Jan Feb Mar Apr May Jun Jul Aug Sep Oct Nov Dec
2011: Jan Feb Mar Apr May Jun Jul Aug Sep Oct Nov Dec
2010: Jan Feb Mar Apr May Jun Jul Aug Sep Oct Nov Dec
2009: Jan Feb Mar Apr May Jun Jul Aug Sep Oct Nov Dec
2008: Jan Feb Mar Apr May Jun Jul Aug Sep Oct Nov Dec
2007: Jan Feb Mar Apr May Jun Jul Aug Sep Oct Nov Dec
2006: Jan Feb Mar Apr May Jun Jul Aug Sep Oct Nov Dec
2005: Jan Feb Mar Apr May Jun Jul Aug Sep Oct Nov Dec
2004: Jan Feb Mar Apr May Jun Jul Aug Sep Oct Nov Dec
2003: Jan Feb Mar Apr May Jun Jul Aug Sep Oct Nov Dec
2002: Jan Feb Mar Apr May Jun Jul Aug Sep Oct Nov Dec
2001: Jan Feb Mar Apr May Jun Jul Aug Sep Oct Nov Dec
2000: Jan Feb Mar Apr May Jun Jul Aug Sep Oct Nov Dec
1999: Jan Feb Mar Apr May Jun Jul Aug Sep Oct Nov Dec
1998: Jan Feb Mar Apr May Jun Jul Aug Sep Oct Nov Dec
1997: Jan Feb Mar Apr May Jun Jul Aug Sep Oct Nov Dec
1996: Jan Feb Mar Apr May Jun Jul Aug Sep Oct Nov Dec
1995: Jan Feb Mar Apr May Jun Jul Aug Sep Oct Nov Dec
1994: Jan Feb Mar Apr May Jun Jul Aug Sep Oct Nov Dec
1993: Jan Feb Mar Apr May Jun Jul Aug Sep Oct Nov Dec
1992: Jan Feb Mar Apr May Jun Jul Aug Sep Oct Nov Dec
1991: Jan Feb Mar Apr May Jun Jul Aug Sep Oct Nov Dec
1990: Jan Feb Mar Apr May Jun Jul Aug Sep Oct Nov Dec
1989: Jan Feb Mar Apr May Jun Jul Aug Sep Oct Nov Dec
1988: Jan Feb Mar Apr May Jun Jul Aug Sep Oct Nov Dec
1987: Jan Feb Mar Apr May Jun Jul Aug Sep Oct Nov Dec
1986: Jan Feb Mar Apr May Jun Jul Aug Sep Oct Nov Dec

Report for 1987 February
                  MONTHLY CLIMATOLOGICAL SUMMARY FOR 2/1987
                                        HEAT  COOL        
     MEAN                               DEG   DEG       WIND SPEED       DOM MEAN  MEAN
DAY  TEMP  HIGH   TIME     LOW   TIME   DAYS  DAYS RAIN AVG  HI  TIME    DIR BAROM HUM
---------------------------------------------------------------------------------------
1    41.2  55.0  2:00pm   31.1 12:00am  16.9  0.0  0.00  18  35  00:00     W  28.5 49.2
2      45  57.9  3:00pm   37.0 10:00pm  13.5  0.0  0.00  17  32  00:00   SSW  28.5 37.6
3    36.4  52.0  2:00pm   28.2  5:00am  20.8  0.0  0.00  11  21  00:00     S  28.7 60.3
4    30.3  37.0  2:00pm   28.2  3:00am  31.3  0.0  0.00   7  14  00:00     W  28.8 79.3
5    28.8  42.1  3:00pm   16.2  6:00am  29.5  0.0  0.00   8  15  00:00   WSW  27.6 60.6
6    35.3  53.1  2:00pm   25.2  8:00am  20.8  0.0  0.00   6  12  00:00    SW  29.2 47.5
7    44.9  66.0  3:00pm   29.1  7:00am   9.5  0.0  0.00   9  16  00:00     S  29.0 38.8
8    35.6  51.1  4:00pm   25.2  7:00am  21.6  0.0  0.00  11  21  00:00     S  29.1 58.2
9    40.7  64.0  2:00pm   27.1 12:00am  12.6  0.0  0.00  13  25  00:00   SSE  28.9 47.7
10     40  54.0  2:00pm   27.1  7:00am  18.0  0.0  0.00   7  13  00:00     S  28.7 49.3
11   39.7  54.0  1:00pm   30.2  7:00am  18.1  0.0  0.00   7  14  00:00   SSE  28.9 62.0
12   39.5  55.9  4:00pm   33.1  2:00am  17.3  0.0  0.00   9  17  00:00   SSE  28.4 63.9
13   39.6  55.9  1:00pm   28.2  4:00am  17.2  0.0  0.00   6  12  00:00   SSE  28.7 55.7
14   34.6  41.0  1:00am   33.1  6:00am  27.2  0.0  0.00  15  29  00:00    NW  28.3 71.4
15   28.7  39.0  2:00pm   21.2  7:00am  31.1  0.0  0.00   6  12  00:00    SW  28.6 77.4
16   27.8  32.0  3:00pm   27.1 11:00pm  35.1  0.0  0.00   6  12  00:00   ESE  28.6 85.8
17   28.3  36.0  3:00pm   24.3  7:00am  32.8  0.0  0.00   6  12  00:00   SSE  28.6 74.1
18   26.1  37.0  1:00pm   22.1 11:00pm  33.4  0.0  0.00   4   7  00:00   SSW  28.7 87.3
19   22.1  29.1 10:00am   16.2  3:00am  39.4  0.0  0.00   6  12  00:00    SE  28.9 93.3
20   20.8  32.0  4:00pm   13.1 11:00pm  38.6  0.0  0.00   7  14  00:00     S  28.7 83.7
21   22.7  36.0  3:00pm   10.2  5:00am  35.6  0.0  0.00   6  12  00:00   SSE  28.5 64.6
22   26.8  45.0  2:00pm   12.2  5:00am  29.1  0.0  0.00   6  12  00:00    SE  28.6 64.6
23   27.3  37.0  1:00pm   20.1  4:00am  32.8  0.0  0.00   7  14  00:00     W  28.5 69.4
24   23.3  29.1  2:00pm   22.1  5:00am  38.8  0.0  0.00   7  13  00:00   SSW  28.6 91.6
25   26.2  37.0  4:00pm   23.2  5:00am  33.4  0.0  0.00   6  10  00:00   NNE  28.5 88.6
26   19.3  27.1 12:00am   12.2 11:00pm  41.8  0.0  0.00  13  25  00:00   NNW  28.6 94.3
27   13.7  23.2  3:00pm    9.1  5:00am  46.5  0.0  0.00   5   9  00:00    SW  28.4 83.8
28   22.7  37.0  3:00pm    8.2  1:00am  35.1  0.0  0.00  12  23  00:00    SE  28.6 65.3