NOAA-Style Climate Reports

Select a Year or Month report
2018: Jan Feb Mar Apr May Jun Jul Aug Sep Oct Nov Dec
2017: Jan Feb Mar Apr May Jun Jul Aug Sep Oct Nov Dec
2016: Jan Feb Mar Apr May Jun Jul Aug Sep Oct Nov Dec
2015: Jan Feb Mar Apr May Jun Jul Aug Sep Oct Nov Dec
2014: Jan Feb Mar Apr May Jun Jul Aug Sep Oct Nov Dec
2013: Jan Feb Mar Apr May Jun Jul Aug Sep Oct Nov Dec
2012: Jan Feb Mar Apr May Jun Jul Aug Sep Oct Nov Dec
2011: Jan Feb Mar Apr May Jun Jul Aug Sep Oct Nov Dec
2010: Jan Feb Mar Apr May Jun Jul Aug Sep Oct Nov Dec
2009: Jan Feb Mar Apr May Jun Jul Aug Sep Oct Nov Dec
2008: Jan Feb Mar Apr May Jun Jul Aug Sep Oct Nov Dec
2007: Jan Feb Mar Apr May Jun Jul Aug Sep Oct Nov Dec
2006: Jan Feb Mar Apr May Jun Jul Aug Sep Oct Nov Dec
2005: Jan Feb Mar Apr May Jun Jul Aug Sep Oct Nov Dec
2004: Jan Feb Mar Apr May Jun Jul Aug Sep Oct Nov Dec
2003: Jan Feb Mar Apr May Jun Jul Aug Sep Oct Nov Dec
2002: Jan Feb Mar Apr May Jun Jul Aug Sep Oct Nov Dec
2001: Jan Feb Mar Apr May Jun Jul Aug Sep Oct Nov Dec
2000: Jan Feb Mar Apr May Jun Jul Aug Sep Oct Nov Dec
1999: Jan Feb Mar Apr May Jun Jul Aug Sep Oct Nov Dec
1998: Jan Feb Mar Apr May Jun Jul Aug Sep Oct Nov Dec
1997: Jan Feb Mar Apr May Jun Jul Aug Sep Oct Nov Dec
1996: Jan Feb Mar Apr May Jun Jul Aug Sep Oct Nov Dec
1995: Jan Feb Mar Apr May Jun Jul Aug Sep Oct Nov Dec
1994: Jan Feb Mar Apr May Jun Jul Aug Sep Oct Nov Dec
1993: Jan Feb Mar Apr May Jun Jul Aug Sep Oct Nov Dec
1992: Jan Feb Mar Apr May Jun Jul Aug Sep Oct Nov Dec
1991: Jan Feb Mar Apr May Jun Jul Aug Sep Oct Nov Dec
1990: Jan Feb Mar Apr May Jun Jul Aug Sep Oct Nov Dec
1989: Jan Feb Mar Apr May Jun Jul Aug Sep Oct Nov Dec
1988: Jan Feb Mar Apr May Jun Jul Aug Sep Oct Nov Dec
1987: Jan Feb Mar Apr May Jun Jul Aug Sep Oct Nov Dec
1986: Jan Feb Mar Apr May Jun Jul Aug Sep Oct Nov Dec

Report for 1987 March
                  MONTHLY CLIMATOLOGICAL SUMMARY FOR 3/1987
                                        HEAT  COOL        
     MEAN                               DEG   DEG       WIND SPEED       DOM MEAN  MEAN
DAY  TEMP  HIGH   TIME     LOW   TIME   DAYS  DAYS RAIN AVG  HI  TIME    DIR BAROM HUM
---------------------------------------------------------------------------------------
1    28.5  43.0  3:00pm   15.3  2:00am  29.2  0.0  0.00   9  17  00:00   SSE  28.7 58.1
2    35.2  48.0  2:00pm   22.1  4:00am  23.4  0.0  0.00  14  28  00:00     S  28.8 54.4
3    38.8  55.0  2:00pm   27.1  6:00am  18.1  0.0  0.00  12  22  00:00   SSE  29.1 50.9
4    42.1  63.0  2:00pm   31.1  1:00am  12.4  0.0  0.00   8  15  00:00     S  29.1 46.9
5    44.5  69.1 12:00pm   29.1  7:00am   8.2  0.0  0.00  12  23  00:00   SSE  29.0 48.5
6      47  70.0  4:00pm   33.1  4:00am   6.5  0.0  0.00   7  14  00:00   SSE  28.9 47.6
7    46.7  63.0  3:00pm   35.1  1:00am  10.1  0.0  0.00   7  13  00:00     W  27.6 48.9
8    33.8  41.0 12:00am   28.2  9:00pm  27.6  0.0  0.00  12  23  00:00   SSW  27.5 78.7
9    19.8  23.2 12:00am   19.2  5:00am  43.5  0.0  0.00   6  12  00:00    NE  28.8 92.7
10   28.3  44.1  4:00pm   19.2  4:00am  28.8  0.0  0.00   7  13  00:00   SSE  27.6 80.6
11   37.3  53.1  2:00pm   27.1  2:00am  19.8  0.0  0.00  10  18  00:00    SW  28.7 62.9
12   39.5  55.0  2:00pm   30.2  3:00am  17.7  0.0  0.00  11  21  00:00     S  28.9 56.3
13   46.5  64.9  4:00pm   34.0 12:00am   9.3  0.0  0.00  15  29  00:00     S  28.5 40.8
14     42  54.0  3:00pm   32.0 10:00pm  17.0  0.0  0.00  13  25  00:00    SW  28.5 46.8
15   37.6  50.0  1:00pm   29.1  4:00am  21.2  0.0  0.00  17  32  00:00   SSE  28.5 66.5
16   31.9  37.0 12:00am   28.2 11:00pm  30.5  0.0  0.00  10  20  00:00   SSW  28.4 87.5
17   27.8  33.1  4:00pm   26.2  7:00am  34.5  0.0  0.00   7  13  00:00   SSE  28.5 88.5
18   38.2  55.0  4:00pm   24.3  6:00am  18.4  0.0  0.00  13  25  00:00     S  28.2 60.7
19     45  62.1  2:00pm   35.1  1:00am  11.4  0.0  0.00  16  31  00:00   SSW  28.2 43.8
20   34.3  44.1  3:00pm   27.1  9:00pm  25.8  0.0  0.00  20  38  00:00    SW  28.3 69.0
21   32.9  46.9  2:00pm   17.2  6:00am  25.1  0.0  0.00  10  18  00:00    SE  28.4 47.7
22   26.2  30.2  1:00pm   25.2 11:00pm  36.8  0.0  0.00   9  16  00:00     S  27.3 89.3
23   26.9  41.0  3:00pm   20.1  5:00am  31.0  0.0  0.00  15  29  00:00     S  28.5 75.0
24     25  33.1  1:00pm   20.1  6:00am  35.9  0.0  0.00  12  23  00:00    NW  28.4 73.3
25   27.8  37.0  3:00pm   23.2  2:00am  32.6  0.0  0.00  12  23  00:00     S  28.7 64.9
26   35.9  54.0  4:00pm   20.1  2:00am  20.0  0.0  0.00  13  25  00:00   WSW  28.6 52.0
27   24.6  31.1 12:00am   17.2 11:00pm  37.1  0.0  0.00  19  37  00:00   SSW  28.1 81.7
28   13.4  18.1  1:00pm   10.2 10:00pm  49.2  0.0  0.00  10  21  00:00    SE  28.9 85.5
29    8.1  12.2  2:00pm    3.2  6:00am  54.8  0.0  0.00   7  14  00:00     E  29.0 81.6
30   27.6  43.0  3:00pm    8.2  1:00am  29.7  0.0  0.00   9  17  00:00   WNW  27.7 53.5
31   41.6  57.0  3:00pm   29.1  1:00am  15.7  0.0  0.00   9  17  00:00   WSW  28.7 43.3