NOAA-Style Climate Reports

Select a Year or Month report
2018: Jan Feb Mar Apr May Jun Jul Aug Sep Oct Nov Dec
2017: Jan Feb Mar Apr May Jun Jul Aug Sep Oct Nov Dec
2016: Jan Feb Mar Apr May Jun Jul Aug Sep Oct Nov Dec
2015: Jan Feb Mar Apr May Jun Jul Aug Sep Oct Nov Dec
2014: Jan Feb Mar Apr May Jun Jul Aug Sep Oct Nov Dec
2013: Jan Feb Mar Apr May Jun Jul Aug Sep Oct Nov Dec
2012: Jan Feb Mar Apr May Jun Jul Aug Sep Oct Nov Dec
2011: Jan Feb Mar Apr May Jun Jul Aug Sep Oct Nov Dec
2010: Jan Feb Mar Apr May Jun Jul Aug Sep Oct Nov Dec
2009: Jan Feb Mar Apr May Jun Jul Aug Sep Oct Nov Dec
2008: Jan Feb Mar Apr May Jun Jul Aug Sep Oct Nov Dec
2007: Jan Feb Mar Apr May Jun Jul Aug Sep Oct Nov Dec
2006: Jan Feb Mar Apr May Jun Jul Aug Sep Oct Nov Dec
2005: Jan Feb Mar Apr May Jun Jul Aug Sep Oct Nov Dec
2004: Jan Feb Mar Apr May Jun Jul Aug Sep Oct Nov Dec
2003: Jan Feb Mar Apr May Jun Jul Aug Sep Oct Nov Dec
2002: Jan Feb Mar Apr May Jun Jul Aug Sep Oct Nov Dec
2001: Jan Feb Mar Apr May Jun Jul Aug Sep Oct Nov Dec
2000: Jan Feb Mar Apr May Jun Jul Aug Sep Oct Nov Dec
1999: Jan Feb Mar Apr May Jun Jul Aug Sep Oct Nov Dec
1998: Jan Feb Mar Apr May Jun Jul Aug Sep Oct Nov Dec
1997: Jan Feb Mar Apr May Jun Jul Aug Sep Oct Nov Dec
1996: Jan Feb Mar Apr May Jun Jul Aug Sep Oct Nov Dec
1995: Jan Feb Mar Apr May Jun Jul Aug Sep Oct Nov Dec
1994: Jan Feb Mar Apr May Jun Jul Aug Sep Oct Nov Dec
1993: Jan Feb Mar Apr May Jun Jul Aug Sep Oct Nov Dec
1992: Jan Feb Mar Apr May Jun Jul Aug Sep Oct Nov Dec
1991: Jan Feb Mar Apr May Jun Jul Aug Sep Oct Nov Dec
1990: Jan Feb Mar Apr May Jun Jul Aug Sep Oct Nov Dec
1989: Jan Feb Mar Apr May Jun Jul Aug Sep Oct Nov Dec
1988: Jan Feb Mar Apr May Jun Jul Aug Sep Oct Nov Dec
1987: Jan Feb Mar Apr May Jun Jul Aug Sep Oct Nov Dec
1986: Jan Feb Mar Apr May Jun Jul Aug Sep Oct Nov Dec

Report for 1987 April
                  MONTHLY CLIMATOLOGICAL SUMMARY FOR 4/1987
                                        HEAT  COOL        
     MEAN                               DEG   DEG       WIND SPEED       DOM MEAN  MEAN
DAY  TEMP  HIGH   TIME     LOW   TIME   DAYS  DAYS RAIN AVG  HI  TIME    DIR BAROM HUM
---------------------------------------------------------------------------------------
1    33.6  53.1 10:00am   23.2 10:00pm  21.6  0.0  0.00  19  37  00:00   ENE  28.9 66.3
2    26.6  39.9  4:00pm   11.1  7:00am  31.7  0.0  0.00   9  17  00:00    SW  29.0 71.3
3    40.2  57.9  2:00pm   23.2  2:00am  15.9  0.0  0.00  16  30  00:00    SE  28.7 50.3
4    36.9  50.0 12:00pm   30.2  5:00am  21.5  0.0  0.00  24  46  00:00     S  27.6 63.3
5    34.4  45.0  2:00pm   27.1 11:00pm  25.3  0.0  0.00  19  37  00:00   SSE  27.7 71.6
6      36  52.0  5:00pm   25.2  4:00am  21.0  0.0  0.00   7  14  00:00    SE  28.9 58.7
7    37.7  53.1  4:00pm   25.2  6:00am  19.6  0.0  0.00   8  15  00:00   SSE  29.0 54.8
8    44.3  64.0  4:00pm   26.2  7:00am  10.8  0.0  0.00  18  35  00:00    SE  27.6 47.3
9    44.2  55.9  3:00pm   37.0 11:00pm  14.9  0.0  0.00  20  39  00:00   WSW  27.5 47.1
10   44.4  61.0  2:00pm   27.1  5:00am  12.3  0.0  0.00  21  40  00:00   WSW  28.7 51.0
11   49.4  63.0  1:00pm   35.1  7:00am   8.8  0.0  0.00  11  21  00:00   SSW  28.5 39.6
12     32  46.9  1:00am   28.2 11:00pm  25.5  0.0  0.00  15  29  00:00   WSW  28.7 83.7
13   30.9  39.0  6:00pm   25.2  7:00am  30.0  0.0  0.00  19  37  00:00   NNW  28.8 76.3
14   39.3  57.9  5:00pm   26.2  6:00am  16.4  0.0  0.00   6  12  00:00   WSW  28.9 57.1
15   55.9  71.1  3:00pm   41.0 12:00am   1.5  0.0  0.00  12  23  00:00    NW  28.7 33.6
16   58.2  75.0  4:00pm   46.9 11:00pm   0.0  1.6  0.00  10  18  00:00     W  28.5 31.3
17   59.2  78.1  4:00pm   39.9  5:00am   0.0  3.7  0.00  11  21  00:00     S  28.7 33.6
18     61  79.0  3:00pm   46.9  1:00am   0.0  5.0  0.00  18  35  00:00   SSW  28.5 29.3
19   58.8  75.9  4:00pm   39.0 11:00pm   0.0  2.4  0.00  24  46  00:00     S  28.5 31.5
20   30.2  35.1 12:00am   29.1 11:00am  32.3  0.0  0.00  13  25  00:00   NNW  28.0 87.1
21   36.3  54.0  6:00pm   25.2  6:00am  19.8  0.0  0.00   6  10  00:00    SW  29.1 59.8
22   49.3  70.0  4:00pm   30.2  5:00am   5.3  0.0  0.00  12  23  00:00    SE  28.9 45.0
23   55.7  75.9  4:00pm   37.9  5:00am   0.0  0.8  0.00  14  28  00:00   SSE  28.8 40.0
24   57.7  75.0  1:00pm   45.0  6:00am   0.0  1.4  0.00  18  35  00:00   SSW  28.5 35.2
25   58.2  75.9  3:00pm   45.0  7:00am   0.0  2.1  0.00  17  32  00:00   SSE  28.9 39.5
26   55.6  77.0  3:00pm   42.1  6:00am   0.0  1.3  0.00  15  29  00:00     S  29.1 49.8
27   52.1  64.0  5:00pm   48.0  5:00am   6.9  0.0  0.00  15  29  00:00   SSE  29.2 66.7
28   56.2  73.0  1:00pm   41.0  5:00am   0.4  0.0  0.00  15  29  00:00   SSW  29.0 52.4
29   58.3  75.0  1:00pm   44.1  6:00am   0.0  1.7  0.00  10  18  00:00   SSW  28.9 46.3
30     56  75.0  2:00pm   42.1  5:00am   0.0  0.5  0.00  13  25  00:00   SSE  28.7 51.5