NOAA-Style Climate Reports

Select a Year or Month report
2018: Jan Feb Mar Apr May Jun Jul Aug Sep Oct Nov Dec
2017: Jan Feb Mar Apr May Jun Jul Aug Sep Oct Nov Dec
2016: Jan Feb Mar Apr May Jun Jul Aug Sep Oct Nov Dec
2015: Jan Feb Mar Apr May Jun Jul Aug Sep Oct Nov Dec
2014: Jan Feb Mar Apr May Jun Jul Aug Sep Oct Nov Dec
2013: Jan Feb Mar Apr May Jun Jul Aug Sep Oct Nov Dec
2012: Jan Feb Mar Apr May Jun Jul Aug Sep Oct Nov Dec
2011: Jan Feb Mar Apr May Jun Jul Aug Sep Oct Nov Dec
2010: Jan Feb Mar Apr May Jun Jul Aug Sep Oct Nov Dec
2009: Jan Feb Mar Apr May Jun Jul Aug Sep Oct Nov Dec
2008: Jan Feb Mar Apr May Jun Jul Aug Sep Oct Nov Dec
2007: Jan Feb Mar Apr May Jun Jul Aug Sep Oct Nov Dec
2006: Jan Feb Mar Apr May Jun Jul Aug Sep Oct Nov Dec
2005: Jan Feb Mar Apr May Jun Jul Aug Sep Oct Nov Dec
2004: Jan Feb Mar Apr May Jun Jul Aug Sep Oct Nov Dec
2003: Jan Feb Mar Apr May Jun Jul Aug Sep Oct Nov Dec
2002: Jan Feb Mar Apr May Jun Jul Aug Sep Oct Nov Dec
2001: Jan Feb Mar Apr May Jun Jul Aug Sep Oct Nov Dec
2000: Jan Feb Mar Apr May Jun Jul Aug Sep Oct Nov Dec
1999: Jan Feb Mar Apr May Jun Jul Aug Sep Oct Nov Dec
1998: Jan Feb Mar Apr May Jun Jul Aug Sep Oct Nov Dec
1997: Jan Feb Mar Apr May Jun Jul Aug Sep Oct Nov Dec
1996: Jan Feb Mar Apr May Jun Jul Aug Sep Oct Nov Dec
1995: Jan Feb Mar Apr May Jun Jul Aug Sep Oct Nov Dec
1994: Jan Feb Mar Apr May Jun Jul Aug Sep Oct Nov Dec
1993: Jan Feb Mar Apr May Jun Jul Aug Sep Oct Nov Dec
1992: Jan Feb Mar Apr May Jun Jul Aug Sep Oct Nov Dec
1991: Jan Feb Mar Apr May Jun Jul Aug Sep Oct Nov Dec
1990: Jan Feb Mar Apr May Jun Jul Aug Sep Oct Nov Dec
1989: Jan Feb Mar Apr May Jun Jul Aug Sep Oct Nov Dec
1988: Jan Feb Mar Apr May Jun Jul Aug Sep Oct Nov Dec
1987: Jan Feb Mar Apr May Jun Jul Aug Sep Oct Nov Dec
1986: Jan Feb Mar Apr May Jun Jul Aug Sep Oct Nov Dec

Report for 1987 May
                  MONTHLY CLIMATOLOGICAL SUMMARY FOR 5/1987
                                        HEAT  COOL        
     MEAN                               DEG   DEG       WIND SPEED       DOM MEAN  MEAN
DAY  TEMP  HIGH   TIME     LOW   TIME   DAYS  DAYS RAIN AVG  HI  TIME    DIR BAROM HUM
---------------------------------------------------------------------------------------
1    52.8  70.0 12:00pm   42.1  6:00am   3.6  0.0  0.00  15  29  00:00   SSW  28.5 62.7
2    48.2  64.0  1:00pm   42.1  6:00am   8.9  0.0  0.00  12  23  00:00   SSW  27.2 73.4
3    38.1  43.0  1:00am   37.0  2:00pm  24.4  0.0  0.00  21  40  00:00    SE  28.8 86.0
4    39.4  48.0  5:00pm   37.0  6:00am  21.3  0.0  0.00   9  17  00:00   WNW  29.1 84.1
5    46.2  54.0  2:00pm   44.1 12:00am  14.9  0.0  0.00   8  15  00:00   SSW  28.0 84.0
6    50.7  62.1  5:00pm   45.0 11:00pm   8.6  0.0  0.00   6  10  00:00    SW  26.8 71.9
7    51.1  68.0  6:00pm   37.9  5:00am   5.4  0.0  0.00   9  17  00:00    SE  28.8 58.7
8    56.5  73.0  3:00pm   44.1  2:00am   0.2  0.0  0.00   7  13  00:00   SSE  29.0 54.7
9    60.2  75.0  3:00pm   51.1  6:00am   0.0  2.6  0.00  11  21  00:00     S  28.8 45.1
10   59.2  73.9  1:00pm   50.0  5:00am   0.0  1.6  0.00   6  12  00:00   SSW  28.8 50.1
11   53.4  69.1  1:00pm   46.9  6:00am   3.7  0.0  0.00  15  29  00:00     S  28.7 63.8
12   56.3  70.0  1:00pm   48.0  6:00am   1.8  0.0  0.00  11  21  00:00   SSW  26.3 66.3
13     59  77.0  3:00pm   52.0  6:00am   0.0  3.0  0.00  13  25  00:00     S  27.6 55.3
14   57.5  75.0  4:00pm   48.9  3:00am   0.0  1.3  0.00  22  44  00:00     S  26.7 63.5
15   60.3  75.0  3:00pm   50.0  6:00am   0.0  2.7  0.00  20  39  00:00   SSE  28.8 61.6
16   59.4  75.9  2:00pm   51.1  4:00am   0.0  2.7  0.00  15  29  00:00   SSW  27.5 59.0
17   54.6  73.9  2:00pm   50.0  5:00am   0.7  0.0  0.00   6  12  00:00   SSE  28.6 71.8
18   56.5  73.0  1:00pm   50.0  2:00am   0.2  0.0  0.00  19  37  00:00   SSW  28.6 64.5
19   51.8  64.0  1:00pm   45.0  6:00am   7.1  0.0  0.00  13  25  00:00   SSW  28.7 75.4
20   51.1  60.1 12:00pm   48.9 10:00pm   9.4  0.0  0.00   9  17  00:00     E  26.8 78.4
21   45.2  51.1 12:00pm   44.1  3:00am  16.8  0.0  0.00  13  25  00:00   SSE  28.7 84.0
22   49.3  63.0  5:00pm   41.0  4:00am   8.8  0.0  0.00   9  16  00:00   SSE  29.0 77.3
23   51.7  64.0  1:00pm   46.9 11:00pm   7.1  0.0  0.00   7  14  00:00     S  28.9 76.4
24   47.6  53.1  1:00pm   46.9 10:00pm  14.6  0.0  0.00  11  21  00:00   SSW  28.8 83.5
25   53.4  70.0  4:00pm   41.0  5:00am   3.3  0.0  0.00  18  35  00:00   SSE  28.6 65.4
26   52.9  69.1  4:00pm   45.0  5:00am   4.0  0.0  0.00  18  35  00:00   SSW  28.5 61.4
27   49.4  64.0  2:00pm   37.0  3:00am   8.3  0.0  0.00   9  16  00:00   SSW  28.6 49.2
28   52.6  68.0  1:00pm   39.0  6:00am   4.7  0.0  0.00   9  17  00:00     S  28.7 47.3
29   50.1  61.0 12:00pm   46.9  6:00am   9.4  0.0  0.00   9  17  00:00   WSW  28.7 65.1
30   53.8  70.0  3:00pm   42.1  3:00am   3.1  0.0  0.00  18  35  00:00   SSE  28.9 57.9
31   59.5  78.1  4:00pm   42.1  6:00am   0.0  3.8  0.00   6  12  00:00   SSE  28.7 49.9