NOAA-Style Climate Reports

Select a Year or Month report
2018: Jan Feb Mar Apr May Jun Jul Aug Sep Oct Nov Dec
2017: Jan Feb Mar Apr May Jun Jul Aug Sep Oct Nov Dec
2016: Jan Feb Mar Apr May Jun Jul Aug Sep Oct Nov Dec
2015: Jan Feb Mar Apr May Jun Jul Aug Sep Oct Nov Dec
2014: Jan Feb Mar Apr May Jun Jul Aug Sep Oct Nov Dec
2013: Jan Feb Mar Apr May Jun Jul Aug Sep Oct Nov Dec
2012: Jan Feb Mar Apr May Jun Jul Aug Sep Oct Nov Dec
2011: Jan Feb Mar Apr May Jun Jul Aug Sep Oct Nov Dec
2010: Jan Feb Mar Apr May Jun Jul Aug Sep Oct Nov Dec
2009: Jan Feb Mar Apr May Jun Jul Aug Sep Oct Nov Dec
2008: Jan Feb Mar Apr May Jun Jul Aug Sep Oct Nov Dec
2007: Jan Feb Mar Apr May Jun Jul Aug Sep Oct Nov Dec
2006: Jan Feb Mar Apr May Jun Jul Aug Sep Oct Nov Dec
2005: Jan Feb Mar Apr May Jun Jul Aug Sep Oct Nov Dec
2004: Jan Feb Mar Apr May Jun Jul Aug Sep Oct Nov Dec
2003: Jan Feb Mar Apr May Jun Jul Aug Sep Oct Nov Dec
2002: Jan Feb Mar Apr May Jun Jul Aug Sep Oct Nov Dec
2001: Jan Feb Mar Apr May Jun Jul Aug Sep Oct Nov Dec
2000: Jan Feb Mar Apr May Jun Jul Aug Sep Oct Nov Dec
1999: Jan Feb Mar Apr May Jun Jul Aug Sep Oct Nov Dec
1998: Jan Feb Mar Apr May Jun Jul Aug Sep Oct Nov Dec
1997: Jan Feb Mar Apr May Jun Jul Aug Sep Oct Nov Dec
1996: Jan Feb Mar Apr May Jun Jul Aug Sep Oct Nov Dec
1995: Jan Feb Mar Apr May Jun Jul Aug Sep Oct Nov Dec
1994: Jan Feb Mar Apr May Jun Jul Aug Sep Oct Nov Dec
1993: Jan Feb Mar Apr May Jun Jul Aug Sep Oct Nov Dec
1992: Jan Feb Mar Apr May Jun Jul Aug Sep Oct Nov Dec
1991: Jan Feb Mar Apr May Jun Jul Aug Sep Oct Nov Dec
1990: Jan Feb Mar Apr May Jun Jul Aug Sep Oct Nov Dec
1989: Jan Feb Mar Apr May Jun Jul Aug Sep Oct Nov Dec
1988: Jan Feb Mar Apr May Jun Jul Aug Sep Oct Nov Dec
1987: Jan Feb Mar Apr May Jun Jul Aug Sep Oct Nov Dec
1986: Jan Feb Mar Apr May Jun Jul Aug Sep Oct Nov Dec

Report for 1987 June
                  MONTHLY CLIMATOLOGICAL SUMMARY FOR 6/1987
                                        HEAT  COOL        
     MEAN                               DEG   DEG       WIND SPEED       DOM MEAN  MEAN
DAY  TEMP  HIGH   TIME     LOW   TIME   DAYS  DAYS RAIN AVG  HI  TIME    DIR BAROM HUM
---------------------------------------------------------------------------------------
1    57.8  73.9  4:00pm   48.0  6:00am   0.0  0.9  0.00   8  15  00:00   ESE  28.7 53.0
2    55.5  73.9  5:00pm   46.0  6:00am   0.3  0.0  0.00   8  15  00:00     S  28.8 54.4
3    50.3  60.1  2:00pm   45.0  6:00am   9.8  0.0  0.00  10  18  00:00    SE  29.2 64.4
4    59.5  82.0  4:00pm   45.0  5:00am   0.0  5.8  0.00  15  29  00:00     S  28.9 57.7
5    65.9  86.0  3:00pm   50.0  6:00am   0.0 11.0  0.00   9  17  00:00     S  27.6 42.3
6    67.7  84.0  4:00pm   57.0  5:00am   0.0 10.9  0.00   7  14  00:00   SSW  28.9 41.3
7    66.2  84.0  4:00pm   55.0  4:00am   0.0 10.1  0.00  11  21  00:00   SSW  28.9 46.9
8    58.2  66.9  3:00pm   55.9 11:00pm   2.4  0.0  0.00  12  23  00:00     N  28.9 74.2
9    56.4  66.9  4:00pm   52.0  8:00am   3.3  0.0  0.00   6  12  00:00   WSW  28.8 80.0
10   61.3  78.1  4:00pm   52.0  4:00am   0.0  4.7  0.00   9  16  00:00    SE  28.8 61.6
11   61.7  81.0  4:00pm   48.9  4:00am   0.0  6.4  0.00  18  35  00:00    SE  28.9 55.6
12   64.1  82.0  1:00pm   51.1  5:00am   0.0  8.1  0.00  15  29  00:00     S  29.0 52.2
13   65.8  82.9  3:00pm   52.0  6:00am   0.0  9.4  0.00  11  21  00:00   SSE  27.9 45.6
14   65.3  84.0  2:00pm   55.0  6:00am   0.0  9.7  0.00  10  20  00:00    SW  28.9 47.0
15     63  82.9  2:00pm   51.1  2:00am   0.0  8.0  0.00  18  35  00:00   SSE  28.7 52.4
16   69.8  88.0  4:00pm   59.0  5:00am   0.0 13.9  0.00  14  29  00:00    SW  28.7 38.2
17     67  84.0  2:00pm   51.1  6:00am   0.0 10.5  0.00  21  40  00:00    SE  28.7 32.0
18   60.3  77.0  3:00pm   54.0  6:00am   0.0  3.7  0.00  14  27  00:00     S  27.5 66.2
19   63.1  80.1  4:00pm   50.0  7:00am   0.0  6.6  0.00  13  24  00:00    SE  28.9 59.2
20   61.8  79.0  1:00pm   55.0  5:00am   0.0  5.4  0.00  12  23  00:00    SE  28.7 66.0
21   66.3  82.0  2:00pm   55.9  2:00am   0.0  9.2  0.00  11  21  00:00    SW  28.8 48.2
22   68.9  88.0  3:00pm   53.1  5:00am   0.0 13.5  0.00   9  17  00:00   SSE  28.7 41.5
23   61.2  80.1  2:00pm   52.0  5:00am   0.0  5.7  0.00  21  40  00:00   SSW  28.9 64.8
24   62.9  77.0  5:00pm   55.0  5:00am   0.0  5.0  0.00   9  16  00:00    SE  28.9 64.7
25   60.5  75.0  3:00pm   51.1  3:00am   0.0  2.8  0.00   6  12  00:00    SW  28.9 65.8
26   65.3  82.0  5:00pm   53.1  6:00am   0.0  8.7  0.00   9  16  00:00   SSW  28.9 56.1
27   68.5  89.1  3:00pm   55.0  6:00am   0.0 13.8  0.00  19  37  00:00   SSE  28.9 45.9
28   68.6  84.9 12:30pm   59.0  5:00am   0.0 11.8  0.00  20  38  00:00   WSW  28.8 41.4
29   53.8  59.0 12:00am   52.0 10:00pm   8.6  0.0  0.00   7  14  00:00   ESE  29.1 85.7
30   56.9  69.1  2:00pm   51.1  6:00am   2.0  0.0  0.00  12  23  00:00     S  29.0 79.2