NOAA-Style Climate Reports

Select a Year or Month report
2018: Jan Feb Mar Apr May Jun Jul Aug Sep Oct Nov Dec
2017: Jan Feb Mar Apr May Jun Jul Aug Sep Oct Nov Dec
2016: Jan Feb Mar Apr May Jun Jul Aug Sep Oct Nov Dec
2015: Jan Feb Mar Apr May Jun Jul Aug Sep Oct Nov Dec
2014: Jan Feb Mar Apr May Jun Jul Aug Sep Oct Nov Dec
2013: Jan Feb Mar Apr May Jun Jul Aug Sep Oct Nov Dec
2012: Jan Feb Mar Apr May Jun Jul Aug Sep Oct Nov Dec
2011: Jan Feb Mar Apr May Jun Jul Aug Sep Oct Nov Dec
2010: Jan Feb Mar Apr May Jun Jul Aug Sep Oct Nov Dec
2009: Jan Feb Mar Apr May Jun Jul Aug Sep Oct Nov Dec
2008: Jan Feb Mar Apr May Jun Jul Aug Sep Oct Nov Dec
2007: Jan Feb Mar Apr May Jun Jul Aug Sep Oct Nov Dec
2006: Jan Feb Mar Apr May Jun Jul Aug Sep Oct Nov Dec
2005: Jan Feb Mar Apr May Jun Jul Aug Sep Oct Nov Dec
2004: Jan Feb Mar Apr May Jun Jul Aug Sep Oct Nov Dec
2003: Jan Feb Mar Apr May Jun Jul Aug Sep Oct Nov Dec
2002: Jan Feb Mar Apr May Jun Jul Aug Sep Oct Nov Dec
2001: Jan Feb Mar Apr May Jun Jul Aug Sep Oct Nov Dec
2000: Jan Feb Mar Apr May Jun Jul Aug Sep Oct Nov Dec
1999: Jan Feb Mar Apr May Jun Jul Aug Sep Oct Nov Dec
1998: Jan Feb Mar Apr May Jun Jul Aug Sep Oct Nov Dec
1997: Jan Feb Mar Apr May Jun Jul Aug Sep Oct Nov Dec
1996: Jan Feb Mar Apr May Jun Jul Aug Sep Oct Nov Dec
1995: Jan Feb Mar Apr May Jun Jul Aug Sep Oct Nov Dec
1994: Jan Feb Mar Apr May Jun Jul Aug Sep Oct Nov Dec
1993: Jan Feb Mar Apr May Jun Jul Aug Sep Oct Nov Dec
1992: Jan Feb Mar Apr May Jun Jul Aug Sep Oct Nov Dec
1991: Jan Feb Mar Apr May Jun Jul Aug Sep Oct Nov Dec
1990: Jan Feb Mar Apr May Jun Jul Aug Sep Oct Nov Dec
1989: Jan Feb Mar Apr May Jun Jul Aug Sep Oct Nov Dec
1988: Jan Feb Mar Apr May Jun Jul Aug Sep Oct Nov Dec
1987: Jan Feb Mar Apr May Jun Jul Aug Sep Oct Nov Dec
1986: Jan Feb Mar Apr May Jun Jul Aug Sep Oct Nov Dec

Report for 1987 July
                  MONTHLY CLIMATOLOGICAL SUMMARY FOR 7/1987
                                        HEAT  COOL        
     MEAN                               DEG   DEG       WIND SPEED       DOM MEAN  MEAN
DAY  TEMP  HIGH   TIME     LOW   TIME   DAYS  DAYS RAIN AVG  HI  TIME    DIR BAROM HUM
---------------------------------------------------------------------------------------
1    65.3  81.0  3:00pm   55.0  5:00am   0.0  8.2  0.00   7  14  00:00    SW  28.8 53.1
2    62.2  84.0  1:00pm   54.0  5:00am   0.0  8.1  0.00  15  29  00:00     S  28.8 66.7
3    66.4  84.0  3:00pm   55.9  6:00am   0.0 10.2  0.00  12  23  00:00     S  28.8 61.0
4    61.9  81.0  2:00pm   53.1  4:00am   0.0  6.5  0.00  13  25  00:00   SSW  28.6 62.0
5    66.2  84.0  3:00pm   50.0  4:00am   0.0 10.1  0.00   9  16  00:00     S  28.5 46.4
6    70.6  90.0  5:00pm   55.0  6:00am   0.0 15.3  0.00  17  32  00:00     S  28.8 39.4
7    63.9  78.1  1:00pm   57.9  5:00am   0.0  6.0  0.00  18  35  00:00     S  28.8 55.1
8    64.6  82.9  3:00pm   53.1  4:00am   0.0  8.8  0.00   9  17  00:00   SSW  27.6 54.9
9    70.4  91.0  4:00pm   54.0  6:00am   0.0 15.7  0.00  12  23  00:00    SW  24.7 41.6
10   71.4  91.0  3:00pm   52.0  6:00am   0.0 16.2  0.00  15  29  00:00    SW  28.7 38.0
11   61.4  75.0  4:00pm   57.2  4:00am   0.0  3.2  0.00   7  14  00:00    SW  28.8 65.6
12   49.4  59.0 12:00am   46.4  9:00am  10.8  0.0  0.00   7  14  00:00   SSE  29.0 80.1
13   56.7  75.9  3:00pm   45.0  4:00am   0.0  1.3  0.00   8  15  00:00   SSE  28.9 61.6
14   62.5  78.1  4:00pm   51.1  5:00am   0.0  5.3  0.00  12  23  00:00   SSW  28.8 50.5
15   68.2  87.1  5:00pm   55.0  6:00am   0.0 12.7  0.00  14  28  00:00    SE  28.8 46.3
16   72.1  91.0  3:00pm   57.0  6:00am   0.0 16.6  0.00  15  29  00:00   SSW  28.7 38.0
17   64.2  78.1  4:00pm   57.9  6:00am   0.0  6.2  0.00  20  39  00:00   WSW  28.6 51.2
18   67.6  87.1  6:00pm   48.9  5:00am   0.0 12.4  0.00  12  23  00:00    SW  28.7 37.5
19   70.4  90.0  3:00pm   57.9  6:00am   0.0 15.2  0.00  13  25  00:00   SSW  28.8 31.4
20   70.2  90.0  4:00pm   51.1  6:00am   0.0 15.1  0.00  11  21  00:00   SSE  28.9 32.3
21   73.9  91.0  2:00pm   57.9  5:00am   0.0 17.5  0.00  19  37  00:00     S  28.7 36.2
22   72.4  90.0  2:00pm   61.0  4:00am   0.0 16.2  0.00  15  29  00:00   SSW  28.8 44.0
23   75.3  93.0  4:00pm   57.9  4:00am   0.0 19.2  0.00  14  27  00:00   SSE  28.9 38.8
24   72.5  91.0  2:00pm   61.0  6:00am   0.0 16.8  0.00  10  20  00:00   SSW  28.7 48.3
25   74.7  91.9  4:00pm   62.1  6:00am   0.0 18.3  0.00   9  17  00:00   SSE  28.9 41.1
26   74.9  91.9  4:00pm   63.0  4:00am   0.0 18.4  0.00   8  15  00:00   WNW  28.9 41.6
27   72.9  91.9  4:00pm   60.1  5:00am   0.0 17.4  0.00   6  12  00:00    SW  28.8 45.7
28   70.1  91.0  3:00pm   60.1  6:00am   0.0 15.6  0.00  15  29  00:00    SW  28.8 54.7
29   69.6  93.9  4:00pm   57.9  4:00am   0.0 16.8  0.00   6  12  00:00     S  28.8 58.0
30   72.4  91.0  3:00pm   59.0  5:00am   0.0 16.7  0.00   8  15  00:00   SSW  28.8 53.4
31   72.3  93.9  4:00pm   60.1  5:00am   0.0 18.1  0.00  14  27  00:00    SW  28.8 51.8