NOAA-Style Climate Reports

Select a Year or Month report
2018: Jan Feb Mar Apr May Jun Jul Aug Sep Oct Nov Dec
2017: Jan Feb Mar Apr May Jun Jul Aug Sep Oct Nov Dec
2016: Jan Feb Mar Apr May Jun Jul Aug Sep Oct Nov Dec
2015: Jan Feb Mar Apr May Jun Jul Aug Sep Oct Nov Dec
2014: Jan Feb Mar Apr May Jun Jul Aug Sep Oct Nov Dec
2013: Jan Feb Mar Apr May Jun Jul Aug Sep Oct Nov Dec
2012: Jan Feb Mar Apr May Jun Jul Aug Sep Oct Nov Dec
2011: Jan Feb Mar Apr May Jun Jul Aug Sep Oct Nov Dec
2010: Jan Feb Mar Apr May Jun Jul Aug Sep Oct Nov Dec
2009: Jan Feb Mar Apr May Jun Jul Aug Sep Oct Nov Dec
2008: Jan Feb Mar Apr May Jun Jul Aug Sep Oct Nov Dec
2007: Jan Feb Mar Apr May Jun Jul Aug Sep Oct Nov Dec
2006: Jan Feb Mar Apr May Jun Jul Aug Sep Oct Nov Dec
2005: Jan Feb Mar Apr May Jun Jul Aug Sep Oct Nov Dec
2004: Jan Feb Mar Apr May Jun Jul Aug Sep Oct Nov Dec
2003: Jan Feb Mar Apr May Jun Jul Aug Sep Oct Nov Dec
2002: Jan Feb Mar Apr May Jun Jul Aug Sep Oct Nov Dec
2001: Jan Feb Mar Apr May Jun Jul Aug Sep Oct Nov Dec
2000: Jan Feb Mar Apr May Jun Jul Aug Sep Oct Nov Dec
1999: Jan Feb Mar Apr May Jun Jul Aug Sep Oct Nov Dec
1998: Jan Feb Mar Apr May Jun Jul Aug Sep Oct Nov Dec
1997: Jan Feb Mar Apr May Jun Jul Aug Sep Oct Nov Dec
1996: Jan Feb Mar Apr May Jun Jul Aug Sep Oct Nov Dec
1995: Jan Feb Mar Apr May Jun Jul Aug Sep Oct Nov Dec
1994: Jan Feb Mar Apr May Jun Jul Aug Sep Oct Nov Dec
1993: Jan Feb Mar Apr May Jun Jul Aug Sep Oct Nov Dec
1992: Jan Feb Mar Apr May Jun Jul Aug Sep Oct Nov Dec
1991: Jan Feb Mar Apr May Jun Jul Aug Sep Oct Nov Dec
1990: Jan Feb Mar Apr May Jun Jul Aug Sep Oct Nov Dec
1989: Jan Feb Mar Apr May Jun Jul Aug Sep Oct Nov Dec
1988: Jan Feb Mar Apr May Jun Jul Aug Sep Oct Nov Dec
1987: Jan Feb Mar Apr May Jun Jul Aug Sep Oct Nov Dec
1986: Jan Feb Mar Apr May Jun Jul Aug Sep Oct Nov Dec

Report for 1987 August
                  MONTHLY CLIMATOLOGICAL SUMMARY FOR 8/1987
                                        HEAT  COOL        
     MEAN                               DEG   DEG       WIND SPEED       DOM MEAN  MEAN
DAY  TEMP  HIGH   TIME     LOW   TIME   DAYS  DAYS RAIN AVG  HI  TIME    DIR BAROM HUM
---------------------------------------------------------------------------------------
1    71.2  89.1  4:00pm   60.1  6:00am   0.0 15.2  0.00   9  16  00:00   SSW  28.8 52.0
2    72.2  91.9  5:00pm   60.1  6:00am   0.0 17.1  0.00  12  23  00:00     S  28.8 44.2
3    68.1  77.0  2:00pm   64.9 11:00pm   0.0  7.6  0.00  12  23  00:00   SSW  28.8 54.5
4      66  87.1  5:00pm   55.0  6:00am   0.0 11.6  0.00  12  23  00:00    SW  28.9 60.3
5    73.5  91.9  2:00pm   57.0  6:00am   0.0 17.7  0.00  12  23  00:00    SW  28.9 39.4
6    69.3  88.0  3:00pm   60.1  6:00am   0.0 13.7  0.00   9  17  00:00   SSE  28.8 39.8
7    64.5  81.0  6:00pm   57.9  5:00am   0.0  7.8  0.00  18  35  00:00     W  28.8 64.8
8    62.2  77.0  4:00pm   57.0  4:00am   0.0  4.6  0.00   7  14  00:00   ESE  29.0 67.7
9    63.5  77.0 12:00pm   60.1  7:00am   0.0  5.3  0.00  12  23  00:00     S  27.6 64.1
10   61.7  95.0  1:00pm   53.1  6:00am   0.0 13.4  0.00   9  17  00:00   SSW  27.8 61.2
11     63  82.0  9:00pm   75.0 11:00pm   0.0  7.5  0.00  10  18  00:00     W  24.0 14.6
12     61  75.0 12:00am   69.1  4:00am   0.0  3.0  0.00   6  12  00:00     N  25.7 20.3
13
14
15
16
17   70.5  87.1  3:00pm   66.0 11:00pm   0.0 13.8  0.00   9  16  00:00   NNW  24.1 23.0
18   58.8  81.0  5:00pm   48.9  6:00am   0.0  4.9  0.00   7  14  00:00    SW  28.8 57.9
19   71.5  93.0  4:00pm   57.0  4:00am   0.0 17.3  0.00  14  28  00:00     S  28.7 38.9
20   73.6  95.0  3:00pm   57.0  6:00am   0.0 19.3  0.00  11  21  00:00   SSW  28.7 30.7
21   67.1  84.0  2:00pm   60.1  7:00am   0.0 10.6  0.00  18  35  00:00   SSE  28.9 54.4
22   57.2  68.0  1:00pm   54.0  9:00pm   2.4  0.0  0.00   9  17  00:00    SE  29.2 87.2
23   52.1  60.1  4:00pm   52.0  4:00am   8.9  0.0  0.00   5   9  00:00   WSW  29.0 92.0
24     56  73.0  4:00pm   51.1  2:00am   0.5  0.0  0.00   9  18  00:00    SW  28.9 86.9
25   57.9  73.9  3:00pm   53.1  7:00am   0.0  0.9  0.00  12  23  00:00     S  28.9 81.6
26   52.4  64.0  4:00pm   50.0  9:00pm   6.8  0.0  0.00  14  28  00:00    SE  29.0 88.2
27   51.6  64.9  2:00pm   46.9  6:00am   6.7  0.0  0.00  10  20  00:00   SSW  27.3 82.9
28     58  75.0  3:00pm   48.0  7:00am   0.0  1.5  0.00  11  21  00:00   SSW  28.9 58.1
29   62.7  79.0  5:00pm   53.1  4:00am   0.0  5.9  0.00   7  14  00:00   SSW  29.0 46.7
30   61.4  78.1  5:00pm   52.0  7:00am   0.0  4.8  0.00  10  18  00:00    SW  29.1 61.3
31   60.7  79.0  5:00pm   50.0  5:00am   0.0  4.9  0.00   5   8  00:00   WSW  28.9 61.9