NOAA-Style Climate Reports

Select a Year or Month report
2018: Jan Feb Mar Apr May Jun Jul Aug Sep Oct Nov Dec
2017: Jan Feb Mar Apr May Jun Jul Aug Sep Oct Nov Dec
2016: Jan Feb Mar Apr May Jun Jul Aug Sep Oct Nov Dec
2015: Jan Feb Mar Apr May Jun Jul Aug Sep Oct Nov Dec
2014: Jan Feb Mar Apr May Jun Jul Aug Sep Oct Nov Dec
2013: Jan Feb Mar Apr May Jun Jul Aug Sep Oct Nov Dec
2012: Jan Feb Mar Apr May Jun Jul Aug Sep Oct Nov Dec
2011: Jan Feb Mar Apr May Jun Jul Aug Sep Oct Nov Dec
2010: Jan Feb Mar Apr May Jun Jul Aug Sep Oct Nov Dec
2009: Jan Feb Mar Apr May Jun Jul Aug Sep Oct Nov Dec
2008: Jan Feb Mar Apr May Jun Jul Aug Sep Oct Nov Dec
2007: Jan Feb Mar Apr May Jun Jul Aug Sep Oct Nov Dec
2006: Jan Feb Mar Apr May Jun Jul Aug Sep Oct Nov Dec
2005: Jan Feb Mar Apr May Jun Jul Aug Sep Oct Nov Dec
2004: Jan Feb Mar Apr May Jun Jul Aug Sep Oct Nov Dec
2003: Jan Feb Mar Apr May Jun Jul Aug Sep Oct Nov Dec
2002: Jan Feb Mar Apr May Jun Jul Aug Sep Oct Nov Dec
2001: Jan Feb Mar Apr May Jun Jul Aug Sep Oct Nov Dec
2000: Jan Feb Mar Apr May Jun Jul Aug Sep Oct Nov Dec
1999: Jan Feb Mar Apr May Jun Jul Aug Sep Oct Nov Dec
1998: Jan Feb Mar Apr May Jun Jul Aug Sep Oct Nov Dec
1997: Jan Feb Mar Apr May Jun Jul Aug Sep Oct Nov Dec
1996: Jan Feb Mar Apr May Jun Jul Aug Sep Oct Nov Dec
1995: Jan Feb Mar Apr May Jun Jul Aug Sep Oct Nov Dec
1994: Jan Feb Mar Apr May Jun Jul Aug Sep Oct Nov Dec
1993: Jan Feb Mar Apr May Jun Jul Aug Sep Oct Nov Dec
1992: Jan Feb Mar Apr May Jun Jul Aug Sep Oct Nov Dec
1991: Jan Feb Mar Apr May Jun Jul Aug Sep Oct Nov Dec
1990: Jan Feb Mar Apr May Jun Jul Aug Sep Oct Nov Dec
1989: Jan Feb Mar Apr May Jun Jul Aug Sep Oct Nov Dec
1988: Jan Feb Mar Apr May Jun Jul Aug Sep Oct Nov Dec
1987: Jan Feb Mar Apr May Jun Jul Aug Sep Oct Nov Dec
1986: Jan Feb Mar Apr May Jun Jul Aug Sep Oct Nov Dec

Report for 1987 September
                  MONTHLY CLIMATOLOGICAL SUMMARY FOR 9/1987
                                        HEAT  COOL        
     MEAN                               DEG   DEG       WIND SPEED       DOM MEAN  MEAN
DAY  TEMP  HIGH   TIME     LOW   TIME   DAYS  DAYS RAIN AVG  HI  TIME    DIR BAROM HUM
---------------------------------------------------------------------------------------
1    62.4  81.0  3:00pm   53.1  7:00am   0.0  6.7  0.00   7  13  00:00     S  28.9 62.7
2    66.5  84.0  4:00pm   55.9  7:00am   0.0 10.3  0.00  13  25  00:00   SSW  29.0 49.8
3    67.5  84.9  3:00pm   55.0  4:00am   0.0 11.2  0.00  14  28  00:00   SSW  28.9 44.2
4    60.5  78.1  2:00pm   53.1  6:00am   0.0  4.3  0.00  15  29  00:00   SSE  28.8 64.6
5      58  72.0  2:00pm   48.9  7:00am   0.0  0.0  0.00  12  23  00:00   SSE  28.8 74.8
6    61.1  78.1  2:00pm   48.0  7:00am   0.0  4.6  0.00   6  10  00:00     S  28.9 60.2
7    55.2  66.0  3:00pm   51.1  3:00am   4.4  0.0  0.00   9  16  00:00   WSW  28.9 65.2
8    54.7  78.1  4:00pm   50.0  4:00am   0.0  1.4  0.00   6  12  00:00   SSW  28.2 66.5
9    59.8  75.9  4:00pm   52.0  6:00am   0.0  2.9  0.00   6  12  00:00    SW  28.6 52.4
10   58.1  69.8  2:00pm   50.0 11:00pm   1.0  0.0  0.00  10  21  00:00   SSW  28.8 53.6
11   51.9  66.9  2:00pm   44.1  7:00am   5.6  0.0  0.00   9  17  00:00   SSW  28.9 79.3
12   58.6  80.1  2:00pm   44.1  6:00am   0.0  4.4  0.00   9  17  00:00   SSE  28.7 68.1
13   64.7  81.0  3:00pm   51.1  8:00am   0.0  7.9  0.00  10  20  00:00   WSW  27.6 42.0
14   59.8  77.0  3:00pm   50.0 11:00pm   0.0  3.4  0.00  15  29  00:00   WSW  28.8 56.9
15   53.2  64.9  2:00pm   48.9 12:00am   5.9  0.0  0.00  15  29  00:00     W  28.7 76.8
16   56.3  75.0  1:00pm   45.0  4:00am   0.0  0.7  0.00  15  29  00:00     S  28.8 68.8
17   47.9  55.0 12:00am   45.0  8:00pm  13.5  0.0  0.00   7  14  00:00     W  28.9 91.7
18   51.8  73.0  4:00pm   39.9  6:00am   2.6  0.0  0.00   6  12  00:00   ESE  27.6 67.4
19     52  69.1  4:00pm   36.0  7:00am   4.4  0.0  0.00   6  12  00:00     S  29.0 62.3
20     54  71.1  4:00pm   44.1  2:00am   2.4  0.0  0.00  10  18  00:00   SSE  29.0 58.4
21   51.8  68.0  5:00pm   37.9  6:00am   5.1  0.0  0.00   8  15  00:00   WSW  29.0 54.2
22   53.6  75.0  4:00pm   39.9  2:00am   0.7  0.0  0.00   6  12  00:00    SW  29.0 54.4
23   60.4  81.0  4:00pm   41.0  4:00am   0.0  5.7  0.00   6  12  00:00    SW  28.9 36.9
24   61.1  82.0  3:00pm   44.1  7:00am   0.0  6.6  0.00   7  14  00:00    SE  28.9 38.0
25   63.3  84.0  2:00pm   52.0  6:00am   0.0  8.7  0.00  11  21  00:00   SSE  28.9 35.8
26   64.1  81.0  2:00pm   51.1  1:00am   0.0  7.6  0.00   7  14  00:00   SSW  28.8 38.4
27     59  70.0 11:00am   51.1 11:00pm   0.5  0.0  0.00  11  21  00:00   SSE  28.9 42.3
28   51.5  68.0  4:00pm   39.9  7:00am   5.2  0.0  0.00   7  14  00:00     S  29.0 52.7
29   50.1  69.1  4:00pm   42.1  5:00am   5.4  0.0  0.00   7  14  00:00   SSW  29.1 50.8
30   54.5  75.9  4:00pm   39.0  2:00am   0.0  0.2  0.00   6  12  00:00   SSE  29.0 40.3