NOAA-Style Climate Reports

Select a Year or Month report
2018: Jan Feb Mar Apr May Jun Jul Aug Sep Oct Nov Dec
2017: Jan Feb Mar Apr May Jun Jul Aug Sep Oct Nov Dec
2016: Jan Feb Mar Apr May Jun Jul Aug Sep Oct Nov Dec
2015: Jan Feb Mar Apr May Jun Jul Aug Sep Oct Nov Dec
2014: Jan Feb Mar Apr May Jun Jul Aug Sep Oct Nov Dec
2013: Jan Feb Mar Apr May Jun Jul Aug Sep Oct Nov Dec
2012: Jan Feb Mar Apr May Jun Jul Aug Sep Oct Nov Dec
2011: Jan Feb Mar Apr May Jun Jul Aug Sep Oct Nov Dec
2010: Jan Feb Mar Apr May Jun Jul Aug Sep Oct Nov Dec
2009: Jan Feb Mar Apr May Jun Jul Aug Sep Oct Nov Dec
2008: Jan Feb Mar Apr May Jun Jul Aug Sep Oct Nov Dec
2007: Jan Feb Mar Apr May Jun Jul Aug Sep Oct Nov Dec
2006: Jan Feb Mar Apr May Jun Jul Aug Sep Oct Nov Dec
2005: Jan Feb Mar Apr May Jun Jul Aug Sep Oct Nov Dec
2004: Jan Feb Mar Apr May Jun Jul Aug Sep Oct Nov Dec
2003: Jan Feb Mar Apr May Jun Jul Aug Sep Oct Nov Dec
2002: Jan Feb Mar Apr May Jun Jul Aug Sep Oct Nov Dec
2001: Jan Feb Mar Apr May Jun Jul Aug Sep Oct Nov Dec
2000: Jan Feb Mar Apr May Jun Jul Aug Sep Oct Nov Dec
1999: Jan Feb Mar Apr May Jun Jul Aug Sep Oct Nov Dec
1998: Jan Feb Mar Apr May Jun Jul Aug Sep Oct Nov Dec
1997: Jan Feb Mar Apr May Jun Jul Aug Sep Oct Nov Dec
1996: Jan Feb Mar Apr May Jun Jul Aug Sep Oct Nov Dec
1995: Jan Feb Mar Apr May Jun Jul Aug Sep Oct Nov Dec
1994: Jan Feb Mar Apr May Jun Jul Aug Sep Oct Nov Dec
1993: Jan Feb Mar Apr May Jun Jul Aug Sep Oct Nov Dec
1992: Jan Feb Mar Apr May Jun Jul Aug Sep Oct Nov Dec
1991: Jan Feb Mar Apr May Jun Jul Aug Sep Oct Nov Dec
1990: Jan Feb Mar Apr May Jun Jul Aug Sep Oct Nov Dec
1989: Jan Feb Mar Apr May Jun Jul Aug Sep Oct Nov Dec
1988: Jan Feb Mar Apr May Jun Jul Aug Sep Oct Nov Dec
1987: Jan Feb Mar Apr May Jun Jul Aug Sep Oct Nov Dec
1986: Jan Feb Mar Apr May Jun Jul Aug Sep Oct Nov Dec

Report for 1987 October
                  MONTHLY CLIMATOLOGICAL SUMMARY FOR 10/1987
                                        HEAT  COOL        
     MEAN                               DEG   DEG       WIND SPEED       DOM MEAN  MEAN
DAY  TEMP  HIGH   TIME     LOW   TIME   DAYS  DAYS RAIN AVG  HI  TIME    DIR BAROM HUM
---------------------------------------------------------------------------------------
1    60.4  78.1  3:00pm   44.1  4:00am   0.0  4.3  0.00   9  17  00:00   SSW  29.0 31.5
2    56.5  75.9  4:00pm   43.0  7:00am   0.0  1.2  0.00   7  13  00:00     S  29.2 39.5
3    61.2  80.1  2:00pm   44.1  3:00am   0.0  5.7  0.00   7  13  00:00     S  29.0 33.2
4    63.4  80.1  5:00pm   50.0  1:00am   0.0  6.8  0.00   8  15  00:00   WSW  29.0 24.5
5    50.4  64.0  4:00pm   43.0  7:00am   7.8  0.0  0.00  11  21  00:00   SSW  29.1 42.9
6    49.7  68.0  3:00pm   37.9  7:00am   6.1  0.0  0.00   9  17  00:00     S  28.9 46.3
7    54.5  78.1  4:00pm   39.9  1:00am   0.0  1.3  0.00   7  14  00:00     S  28.9 40.6
8    57.6  73.0  2:00pm   46.0 12:00am   0.0  0.3  0.00  12  23  00:00     S  28.8 35.2
9      45  57.0  5:00pm   34.0 11:00pm  14.0  0.0  0.00  10  18  00:00   WNW  28.9 58.3
10   29.5  39.0  5:00pm   27.1  4:00am  30.7  0.0  0.00   6  12  00:00   SSW  29.1 78.0
11   42.3  66.9  4:00pm   25.2  5:00am  10.4  0.0  0.00   6  12  00:00   SSE  29.1 51.0
12   54.4  80.1  4:00pm   33.1  7:00am   0.0  2.3  0.00  12  23  00:00   SSE  29.0 37.6
13   55.6  70.0 12:00pm   39.0 11:00pm   2.2  0.0  0.00  18  35  00:00     S  27.5 51.5
14   37.7  43.0  3:00pm   35.1  8:00am  24.6  0.0  0.00   6  12  00:00   SSE  28.8 85.8
15   46.4  64.0  3:00pm   34.0  7:00am   9.8  0.0  0.00   7  14  00:00     S  28.7 69.5
16     41  55.9  4:00pm   34.0  7:00am  16.5  0.0  0.00  18  35  00:00   ESE  27.7 70.9
17   47.2  69.1  4:00pm   32.0  6:00am   6.8  0.0  0.00   8  15  00:00   ESE  28.9 52.6
18   41.4  53.1  3:00pm   34.0  7:00am  17.7  0.0  0.00   6  12  00:00     S  28.8 58.9
19   34.1  39.9  1:00am   29.1  8:00am  28.0  0.0  0.00   7  13  00:00   WSW  28.9 75.4
20   38.5  53.1  4:00pm   29.1  7:00am  19.2  0.0  0.00   7  13  00:00   ESE  27.9 63.6
21     50  71.1  3:00pm   31.1  4:00am   4.4  0.0  0.00   8  15  00:00    SW  28.8 37.9
22   44.9  64.9  3:00pm   32.0  8:00am  10.1  0.0  0.00   9  17  00:00     S  28.7 43.1
23   48.6  69.1  3:00pm   34.0  5:00am   6.1  0.0  0.00   7  14  00:00     S  28.7 46.1
24   40.4  54.0  1:00pm   31.1  9:00am  17.8  0.0  0.00   6  12  00:00     W  27.5 65.4
25   48.5  64.9  2:00pm   37.9  6:00am   8.3  0.0  0.00  15  29  00:00     W  27.5 60.3
26   49.3  66.9  5:00pm   37.9  6:00am   6.9  0.0  0.00  11  21  00:00   SSE  29.0 55.0
27   42.9  62.1  3:00pm   30.2  5:00am  12.5  0.0  0.00   7  13  00:00   SSW  29.1 59.0
28   49.2  73.0  1:00pm   33.1  2:00am   3.9  0.0  0.00   7  13  00:00     S  28.8 47.8
29   55.1  75.0  1:00pm   41.0  5:00am   0.0  0.1  0.00   9  16  00:00   SSE  28.7 40.3
30   49.3  59.0 11:00am   45.0  6:00pm  10.8  0.0  0.00   9  17  00:00   WNW  28.8 67.7
31   48.4  60.1  3:00pm   45.0 12:00am  10.7  0.0  0.00   9  17  00:00    SW  28.9 72.7