NOAA-Style Climate Reports

Select a Year or Month report
2018: Jan Feb Mar Apr May Jun Jul Aug Sep Oct Nov Dec
2017: Jan Feb Mar Apr May Jun Jul Aug Sep Oct Nov Dec
2016: Jan Feb Mar Apr May Jun Jul Aug Sep Oct Nov Dec
2015: Jan Feb Mar Apr May Jun Jul Aug Sep Oct Nov Dec
2014: Jan Feb Mar Apr May Jun Jul Aug Sep Oct Nov Dec
2013: Jan Feb Mar Apr May Jun Jul Aug Sep Oct Nov Dec
2012: Jan Feb Mar Apr May Jun Jul Aug Sep Oct Nov Dec
2011: Jan Feb Mar Apr May Jun Jul Aug Sep Oct Nov Dec
2010: Jan Feb Mar Apr May Jun Jul Aug Sep Oct Nov Dec
2009: Jan Feb Mar Apr May Jun Jul Aug Sep Oct Nov Dec
2008: Jan Feb Mar Apr May Jun Jul Aug Sep Oct Nov Dec
2007: Jan Feb Mar Apr May Jun Jul Aug Sep Oct Nov Dec
2006: Jan Feb Mar Apr May Jun Jul Aug Sep Oct Nov Dec
2005: Jan Feb Mar Apr May Jun Jul Aug Sep Oct Nov Dec
2004: Jan Feb Mar Apr May Jun Jul Aug Sep Oct Nov Dec
2003: Jan Feb Mar Apr May Jun Jul Aug Sep Oct Nov Dec
2002: Jan Feb Mar Apr May Jun Jul Aug Sep Oct Nov Dec
2001: Jan Feb Mar Apr May Jun Jul Aug Sep Oct Nov Dec
2000: Jan Feb Mar Apr May Jun Jul Aug Sep Oct Nov Dec
1999: Jan Feb Mar Apr May Jun Jul Aug Sep Oct Nov Dec
1998: Jan Feb Mar Apr May Jun Jul Aug Sep Oct Nov Dec
1997: Jan Feb Mar Apr May Jun Jul Aug Sep Oct Nov Dec
1996: Jan Feb Mar Apr May Jun Jul Aug Sep Oct Nov Dec
1995: Jan Feb Mar Apr May Jun Jul Aug Sep Oct Nov Dec
1994: Jan Feb Mar Apr May Jun Jul Aug Sep Oct Nov Dec
1993: Jan Feb Mar Apr May Jun Jul Aug Sep Oct Nov Dec
1992: Jan Feb Mar Apr May Jun Jul Aug Sep Oct Nov Dec
1991: Jan Feb Mar Apr May Jun Jul Aug Sep Oct Nov Dec
1990: Jan Feb Mar Apr May Jun Jul Aug Sep Oct Nov Dec
1989: Jan Feb Mar Apr May Jun Jul Aug Sep Oct Nov Dec
1988: Jan Feb Mar Apr May Jun Jul Aug Sep Oct Nov Dec
1987: Jan Feb Mar Apr May Jun Jul Aug Sep Oct Nov Dec
1986: Jan Feb Mar Apr May Jun Jul Aug Sep Oct Nov Dec

Report for 1987 November
                  MONTHLY CLIMATOLOGICAL SUMMARY FOR 11/1987
                                        HEAT  COOL        
     MEAN                               DEG   DEG       WIND SPEED       DOM MEAN  MEAN
DAY  TEMP  HIGH   TIME     LOW   TIME   DAYS  DAYS RAIN AVG  HI  TIME    DIR BAROM HUM
---------------------------------------------------------------------------------------
1    50.6  71.1  1:00pm   44.1  6:00am   4.1  0.0  0.00   9  17  00:00   SSW  28.8 69.5
2    49.1  61.0  2:00pm   46.0  6:00am   9.9  0.0  0.00   7  14  00:00    SE  28.5 70.0
3    49.2  64.0  3:00pm   39.0  1:00am   8.4  0.0  0.00   6  12  00:00     S  28.6 48.7
4    47.8  64.9  2:00pm   37.0  3:00am   8.6  0.0  0.00   7  14  00:00   ESE  29.0 52.2
5    50.8  70.0  1:00pm   37.0  7:00am   4.6  0.0  0.00  14  27  00:00     S  29.0 54.6
6    46.6  64.0  5:00pm   43.0 10:00pm   9.7  0.0  0.00  10  18  00:00    SW  28.7 68.6
7    44.5  57.0  1:00pm   39.0 10:00pm  14.2  0.0  0.00  12  23  00:00   WSW  27.4 61.3
8      39  51.1  3:00pm   32.0 10:00pm  19.9  0.0  0.00  12  23  00:00   WSW  29.1 65.1
9    38.2  57.9  2:00pm   26.2  5:00am  16.9  0.0  0.00   9  17  00:00   SSE  29.1 57.5
10   41.3  59.0  1:00pm   28.2  6:00am  14.8  0.0  0.00   7  14  00:00    SE  29.0 52.0
11     43  57.9  2:00pm   35.1  3:00am  14.5  0.0  0.00   6  12  00:00   SSE  29.0 56.3
12   45.1  64.9  2:00pm   31.1  6:00am  10.0  0.0  0.00   6  12  00:00     S  28.8 41.8
13   43.8  57.9 12:00pm   35.1  6:00am  14.1  0.0  0.00  15  29  00:00   SSE  28.6 47.3
14   42.2  55.0  1:00pm   34.0  7:00am  16.4  0.0  0.00  18  36  00:00    SW  28.4 64.8
15   27.9  36.0  3:00am   24.3 11:00pm  33.0  0.0  0.00  22  44  00:00     N  28.6 88.8
16   20.6  30.2  2:00pm   11.1  6:00am  39.6  0.0  0.00   6  12  00:00   SSE  28.5 72.5
17   26.9  37.9 12:00pm   18.1  1:00am  32.6  0.0  0.00   9  17  00:00    SW  28.6 68.0
18   25.7  41.0  2:00pm   10.2  3:00am  31.6  0.0  0.00   9  16  00:00     S  29.0 61.7
19   35.6  52.0  3:00pm   23.2  3:00am  21.2  0.0  0.00  10  20  00:00   SSE  29.1 50.6
20   38.3  54.0  4:00pm   30.2  6:00am  18.8  0.0  0.00   7  14  00:00   SSE  29.0 57.1
21     42  55.9 12:00pm   32.0  3:00am  16.0  0.0  0.00   7  14  00:00   WSW  28.6 50.0
22   37.6  52.0  1:00pm   29.1  7:00am  20.2  0.0  0.00  10  18  00:00     S  28.7 55.4
23     35  48.9  2:00pm   27.1  7:00am  23.0  0.0  0.00   6  12  00:00     S  28.5 63.6
24   31.7  45.0  4:00pm   25.2  7:00am  26.6  0.0  0.00   9  16  00:00   SSE  28.9 63.8
25   30.5  46.0  1:00pm   24.3  2:00am  26.7  0.0  0.00   9  17  00:00    SW  28.7 67.8
26   26.6  29.1  1:00pm   26.2  6:00am  37.1  0.0  0.00  11  21  00:00     N  28.9 86.7
27   24.4  32.0  2:00pm   15.3 11:00pm  36.8  0.0  0.00   6  12  00:00    NW  29.0 78.1
28   21.7  39.9  2:00pm    9.1  6:00am  34.2  0.0  0.00   7  14  00:00   SSE  28.6 67.0
29   23.2  37.9  2:00pm   14.2  7:00am  34.4  0.0  0.00   5   9  00:00    SE  28.8 67.7
30   27.6  42.1  1:00pm   16.2  6:00am  30.1  0.0  0.00   6  12  00:00   SSE  28.5 55.4