NOAA-Style Climate Reports

Select a Year or Month report
2018: Jan Feb Mar Apr May Jun Jul Aug Sep Oct Nov Dec
2017: Jan Feb Mar Apr May Jun Jul Aug Sep Oct Nov Dec
2016: Jan Feb Mar Apr May Jun Jul Aug Sep Oct Nov Dec
2015: Jan Feb Mar Apr May Jun Jul Aug Sep Oct Nov Dec
2014: Jan Feb Mar Apr May Jun Jul Aug Sep Oct Nov Dec
2013: Jan Feb Mar Apr May Jun Jul Aug Sep Oct Nov Dec
2012: Jan Feb Mar Apr May Jun Jul Aug Sep Oct Nov Dec
2011: Jan Feb Mar Apr May Jun Jul Aug Sep Oct Nov Dec
2010: Jan Feb Mar Apr May Jun Jul Aug Sep Oct Nov Dec
2009: Jan Feb Mar Apr May Jun Jul Aug Sep Oct Nov Dec
2008: Jan Feb Mar Apr May Jun Jul Aug Sep Oct Nov Dec
2007: Jan Feb Mar Apr May Jun Jul Aug Sep Oct Nov Dec
2006: Jan Feb Mar Apr May Jun Jul Aug Sep Oct Nov Dec
2005: Jan Feb Mar Apr May Jun Jul Aug Sep Oct Nov Dec
2004: Jan Feb Mar Apr May Jun Jul Aug Sep Oct Nov Dec
2003: Jan Feb Mar Apr May Jun Jul Aug Sep Oct Nov Dec
2002: Jan Feb Mar Apr May Jun Jul Aug Sep Oct Nov Dec
2001: Jan Feb Mar Apr May Jun Jul Aug Sep Oct Nov Dec
2000: Jan Feb Mar Apr May Jun Jul Aug Sep Oct Nov Dec
1999: Jan Feb Mar Apr May Jun Jul Aug Sep Oct Nov Dec
1998: Jan Feb Mar Apr May Jun Jul Aug Sep Oct Nov Dec
1997: Jan Feb Mar Apr May Jun Jul Aug Sep Oct Nov Dec
1996: Jan Feb Mar Apr May Jun Jul Aug Sep Oct Nov Dec
1995: Jan Feb Mar Apr May Jun Jul Aug Sep Oct Nov Dec
1994: Jan Feb Mar Apr May Jun Jul Aug Sep Oct Nov Dec
1993: Jan Feb Mar Apr May Jun Jul Aug Sep Oct Nov Dec
1992: Jan Feb Mar Apr May Jun Jul Aug Sep Oct Nov Dec
1991: Jan Feb Mar Apr May Jun Jul Aug Sep Oct Nov Dec
1990: Jan Feb Mar Apr May Jun Jul Aug Sep Oct Nov Dec
1989: Jan Feb Mar Apr May Jun Jul Aug Sep Oct Nov Dec
1988: Jan Feb Mar Apr May Jun Jul Aug Sep Oct Nov Dec
1987: Jan Feb Mar Apr May Jun Jul Aug Sep Oct Nov Dec
1986: Jan Feb Mar Apr May Jun Jul Aug Sep Oct Nov Dec

Report for 1987 December
                  MONTHLY CLIMATOLOGICAL SUMMARY FOR 12/1987
                                        HEAT  COOL        
     MEAN                               DEG   DEG       WIND SPEED       DOM MEAN  MEAN
DAY  TEMP  HIGH   TIME     LOW   TIME   DAYS  DAYS RAIN AVG  HI  TIME    DIR BAROM HUM
---------------------------------------------------------------------------------------
1    33.3  52.0  1:00pm   19.2  5:00am  22.3  0.0  0.00   7  14  00:00     S  28.5 47.8
2    44.4  55.9  4:00pm   37.9  8:00am  14.8  0.0  0.00  18  35  00:00   SSW  28.7 49.7
3    44.4  55.0 12:00pm   39.0  2:00am  15.3  0.0  0.00   9  17  00:00   SSE  28.9 56.3
4    48.4  62.1  1:00pm   39.0  6:00am   9.7  0.0  0.00   7  14  00:00     S  27.4 52.5
5    48.9  57.0  2:00pm   44.1 11:00pm  12.0  0.0  0.00  11  21  00:00   SSW  28.6 52.9
6    43.9  60.1  1:00pm   37.9 10:00pm  13.0  0.0  0.00   9  17  00:00   SSE  28.8 62.3
7    49.6  64.9  1:00pm   37.0 11:00pm   7.7  0.0  0.00  14  28  00:00    SW  28.6 43.3
8    33.6  43.0  2:00pm   29.1  7:00pm  26.7  0.0  0.00  14  28  00:00    NW  28.6 55.4
9    35.2  46.0 11:00pm   27.1  1:00am  24.4  0.0  0.00  12  23  00:00    SW  28.7 47.0
10   50.4  66.0  3:00pm   43.0 12:00am   6.8  0.0  0.00  15  30  00:00     W  28.5 44.2
11   37.7  52.0  2:00pm   24.3 11:00pm  20.1  0.0  0.00  17  32  00:00   WSW  28.6 51.0
12   24.7  32.0 12:00pm   19.2  3:00am  36.6  0.0  0.00   6  12  00:00     S  28.7 47.1
13   18.6  22.1 12:00am   16.2 11:00pm  44.6  0.0  0.00   7  14  00:00    NE  28.9 76.9
14   12.4  19.2  2:00pm    4.1  6:00pm  49.2  0.0  0.00   5   9  00:00   SSE  28.4 75.5
15   12.5  25.2 10:00am    6.3 12:00am  46.1  0.0  0.00   7  14  00:00   SSW  27.8 50.1
16   24.3  35.1  1:00pm   12.2  1:00am  35.3  0.0  0.00   6  12  00:00   SSW  28.8 48.0
17   35.8  46.0  4:00pm   28.2 12:00am  24.1  0.0  0.00  13  27  00:00   SSW  28.7 50.4
18   33.3  41.0  3:00pm   27.1  5:00am  27.8  0.0  0.00   7  14  00:00   SSE  28.4 60.3
19   29.6  37.9  1:00pm   23.2  1:00am  31.2  0.0  0.00   6  12  00:00   ESE  27.4 62.8
20   29.3  37.0  2:00pm   23.2  9:00pm  31.8  0.0  0.00   7  14  00:00   SSE  28.7 65.0
21   38.9  48.9  3:00pm   24.3  3:00am  21.1  0.0  0.00  13  25  00:00    SW  28.7 36.6
22   34.4  44.1  2:00pm   29.1  9:00pm  25.7  0.0  0.00   9  18  00:00    SW  28.6 44.5
23   24.7  29.1  3:00am   21.2 10:00pm  38.1  0.0  0.00  13  24  00:00   NNE  28.4 67.3
24     17  20.1 12:00am   14.2  7:00pm  46.4  0.0  0.00   9  17  00:00    SE  28.6 66.5
25    8.3  12.2 12:00am    8.2  2:00am  54.7  0.0  0.00   5   9  00:00     N  25.8 58.7
26
27
28   30.9  50.0  2:00pm   28.2  9:00pm  24.5  0.0  0.00  10  18  00:00     S  27.3 41.0
29   36.6  48.9 11:00pm   44.1  8:00pm  22.2  0.0  0.00  11  21  00:00     N  23.8 26.6
30   37.1  53.1 12:00am   16.2  9:00pm  19.9  0.0  0.00  12  23  00:00   SSW  28.4 40.4
31   16.1  24.3  1:00pm    5.2  7:00pm  44.8  0.0  0.00  11  21  00:00     S  28.6 49.1