NOAA-Style Climate Reports

Select a Year or Month report
2018: Jan Feb Mar Apr May Jun Jul Aug Sep Oct Nov Dec
2017: Jan Feb Mar Apr May Jun Jul Aug Sep Oct Nov Dec
2016: Jan Feb Mar Apr May Jun Jul Aug Sep Oct Nov Dec
2015: Jan Feb Mar Apr May Jun Jul Aug Sep Oct Nov Dec
2014: Jan Feb Mar Apr May Jun Jul Aug Sep Oct Nov Dec
2013: Jan Feb Mar Apr May Jun Jul Aug Sep Oct Nov Dec
2012: Jan Feb Mar Apr May Jun Jul Aug Sep Oct Nov Dec
2011: Jan Feb Mar Apr May Jun Jul Aug Sep Oct Nov Dec
2010: Jan Feb Mar Apr May Jun Jul Aug Sep Oct Nov Dec
2009: Jan Feb Mar Apr May Jun Jul Aug Sep Oct Nov Dec
2008: Jan Feb Mar Apr May Jun Jul Aug Sep Oct Nov Dec
2007: Jan Feb Mar Apr May Jun Jul Aug Sep Oct Nov Dec
2006: Jan Feb Mar Apr May Jun Jul Aug Sep Oct Nov Dec
2005: Jan Feb Mar Apr May Jun Jul Aug Sep Oct Nov Dec
2004: Jan Feb Mar Apr May Jun Jul Aug Sep Oct Nov Dec
2003: Jan Feb Mar Apr May Jun Jul Aug Sep Oct Nov Dec
2002: Jan Feb Mar Apr May Jun Jul Aug Sep Oct Nov Dec
2001: Jan Feb Mar Apr May Jun Jul Aug Sep Oct Nov Dec
2000: Jan Feb Mar Apr May Jun Jul Aug Sep Oct Nov Dec
1999: Jan Feb Mar Apr May Jun Jul Aug Sep Oct Nov Dec
1998: Jan Feb Mar Apr May Jun Jul Aug Sep Oct Nov Dec
1997: Jan Feb Mar Apr May Jun Jul Aug Sep Oct Nov Dec
1996: Jan Feb Mar Apr May Jun Jul Aug Sep Oct Nov Dec
1995: Jan Feb Mar Apr May Jun Jul Aug Sep Oct Nov Dec
1994: Jan Feb Mar Apr May Jun Jul Aug Sep Oct Nov Dec
1993: Jan Feb Mar Apr May Jun Jul Aug Sep Oct Nov Dec
1992: Jan Feb Mar Apr May Jun Jul Aug Sep Oct Nov Dec
1991: Jan Feb Mar Apr May Jun Jul Aug Sep Oct Nov Dec
1990: Jan Feb Mar Apr May Jun Jul Aug Sep Oct Nov Dec
1989: Jan Feb Mar Apr May Jun Jul Aug Sep Oct Nov Dec
1988: Jan Feb Mar Apr May Jun Jul Aug Sep Oct Nov Dec
1987: Jan Feb Mar Apr May Jun Jul Aug Sep Oct Nov Dec
1986: Jan Feb Mar Apr May Jun Jul Aug Sep Oct Nov Dec

Report for 1988 January
                  MONTHLY CLIMATOLOGICAL SUMMARY FOR 1/1988
                                        HEAT  COOL        
     MEAN                               DEG   DEG       WIND SPEED       DOM MEAN  MEAN
DAY  TEMP  HIGH   TIME     LOW   TIME   DAYS  DAYS RAIN AVG  HI  TIME    DIR BAROM HUM
---------------------------------------------------------------------------------------
1    11.1  23.2  1:00pm   -0.8  6:00am  47.8  0.0  0.00   9  17  00:00     S  27.6 67.8
2    14.1  27.1  2:00pm    2.1 12:00am  44.4  0.0  0.00   7  14  00:00     S  26.8 43.8
3
4
5     9.5  15.3  2:00pm    4.1  1:00am  52.6  0.0  0.00   6  12  00:00   SSE  28.8 79.2
6    10.2  13.1  1:00pm    6.3  6:00pm  53.3  0.0  0.00   7  13  00:00     N  28.7 81.9
7    15.6  29.1  3:00pm    7.2  2:00am  42.6  0.0  0.00   7  14  00:00   SSE  28.7 73.4
8      15  27.1  2:00pm    7.2  4:00am  43.9  0.0  0.00   7  13  00:00   SSE  28.7 70.9
9    22.6  36.0  4:00pm    6.3  1:00am  35.7  0.0  0.00   6  12  00:00     S  28.7 58.4
10     35  48.9  3:00pm   17.2  4:00am  23.0  0.0  0.00  11  21  00:00   SSW  28.8 49.2
11   42.6  54.0  2:00pm   31.1 11:00pm  16.7  0.0  0.00  22  44  00:00     W  28.4 39.8
12   24.8  33.1 12:00pm   14.2 11:00pm  36.0  0.0  0.00  18  35  00:00     W  28.6 46.2
13   25.4  42.1  3:00pm   12.2  4:00am  31.2  0.0  0.00   7  14  00:00   SSW  29.0 50.1
14   36.5  48.0  3:00pm   26.2  3:00am  22.7  0.0  0.00  10  18  00:00    SW  28.7 47.3
15   46.3  55.0  1:00pm   41.0  1:00am  14.3  0.0  0.00  22  44  00:00    SW  28.5 40.6
16     32  46.9 12:00am   23.2 11:00pm  25.5  0.0  0.00  12  23  00:00     S  28.5 57.6
17   31.3  46.0  2:00pm   22.1  2:00am  26.3  0.0  0.00  16  30  00:00     S  28.5 54.0
18   23.2  28.2  1:00am   22.1  3:00am  39.3  0.0  0.00  15  29  00:00   NNW  28.3 74.3
19   19.1  22.1 12:00am   12.2 10:00pm  44.4  0.0  0.00  23  45  00:00     N  28.6 68.9
20   17.4  32.0  2:00pm    8.2  8:00am  40.3  0.0  0.00   9  17  00:00   SSW  28.8 47.7
21   24.3  29.1  4:00pm   22.1 12:00am  38.3  0.0  0.00  12  23  00:00     S  28.8 61.0
22   25.1  39.0 11:00pm   13.1  3:00am  32.9  0.0  0.00  10  20  00:00   SSW  28.9 55.5
23     35  51.1  5:00am   20.1 10:00pm  21.9  0.0  0.00  24  46  00:00    NW  28.6 52.3
24   23.7  32.0  2:00pm   15.3 11:00pm  37.1  0.0  0.00  15  29  00:00    SW  29.0 54.1
25   31.3  48.0  2:00pm   13.1  5:00am  25.3  0.0  0.00  19  37  00:00   WNW  28.8 41.3
26   30.6  43.0  3:00pm   19.2  6:00am  28.2  0.0  0.00  10  20  00:00   SSE  29.0 56.1
27   41.8  55.9  2:00pm   28.2 12:00am  16.1  0.0  0.00  16  30  00:00     S  27.8 42.1
28   46.1  57.9  2:00pm   36.0  2:00am  13.0  0.0  0.00   9  17  00:00     S  28.9 38.8
29   46.1  55.0  4:00pm   42.1  8:00am  14.4  0.0  0.00  12  22  00:00   SSW  27.1 42.0
30   42.9  53.1  2:00pm   32.0 11:00pm  17.0  0.0  0.00  17  32  00:00    SW  27.0 47.6
31   27.1  35.1  1:00pm   24.3  9:00am  33.9  0.0  0.00  11  21  00:00    SE  28.6 67.6