NOAA-Style Climate Reports

Select a Year or Month report
2018: Jan Feb Mar Apr May Jun Jul Aug Sep Oct Nov Dec
2017: Jan Feb Mar Apr May Jun Jul Aug Sep Oct Nov Dec
2016: Jan Feb Mar Apr May Jun Jul Aug Sep Oct Nov Dec
2015: Jan Feb Mar Apr May Jun Jul Aug Sep Oct Nov Dec
2014: Jan Feb Mar Apr May Jun Jul Aug Sep Oct Nov Dec
2013: Jan Feb Mar Apr May Jun Jul Aug Sep Oct Nov Dec
2012: Jan Feb Mar Apr May Jun Jul Aug Sep Oct Nov Dec
2011: Jan Feb Mar Apr May Jun Jul Aug Sep Oct Nov Dec
2010: Jan Feb Mar Apr May Jun Jul Aug Sep Oct Nov Dec
2009: Jan Feb Mar Apr May Jun Jul Aug Sep Oct Nov Dec
2008: Jan Feb Mar Apr May Jun Jul Aug Sep Oct Nov Dec
2007: Jan Feb Mar Apr May Jun Jul Aug Sep Oct Nov Dec
2006: Jan Feb Mar Apr May Jun Jul Aug Sep Oct Nov Dec
2005: Jan Feb Mar Apr May Jun Jul Aug Sep Oct Nov Dec
2004: Jan Feb Mar Apr May Jun Jul Aug Sep Oct Nov Dec
2003: Jan Feb Mar Apr May Jun Jul Aug Sep Oct Nov Dec
2002: Jan Feb Mar Apr May Jun Jul Aug Sep Oct Nov Dec
2001: Jan Feb Mar Apr May Jun Jul Aug Sep Oct Nov Dec
2000: Jan Feb Mar Apr May Jun Jul Aug Sep Oct Nov Dec
1999: Jan Feb Mar Apr May Jun Jul Aug Sep Oct Nov Dec
1998: Jan Feb Mar Apr May Jun Jul Aug Sep Oct Nov Dec
1997: Jan Feb Mar Apr May Jun Jul Aug Sep Oct Nov Dec
1996: Jan Feb Mar Apr May Jun Jul Aug Sep Oct Nov Dec
1995: Jan Feb Mar Apr May Jun Jul Aug Sep Oct Nov Dec
1994: Jan Feb Mar Apr May Jun Jul Aug Sep Oct Nov Dec
1993: Jan Feb Mar Apr May Jun Jul Aug Sep Oct Nov Dec
1992: Jan Feb Mar Apr May Jun Jul Aug Sep Oct Nov Dec
1991: Jan Feb Mar Apr May Jun Jul Aug Sep Oct Nov Dec
1990: Jan Feb Mar Apr May Jun Jul Aug Sep Oct Nov Dec
1989: Jan Feb Mar Apr May Jun Jul Aug Sep Oct Nov Dec
1988: Jan Feb Mar Apr May Jun Jul Aug Sep Oct Nov Dec
1987: Jan Feb Mar Apr May Jun Jul Aug Sep Oct Nov Dec
1986: Jan Feb Mar Apr May Jun Jul Aug Sep Oct Nov Dec

Report for 1988 February
                  MONTHLY CLIMATOLOGICAL SUMMARY FOR 2/1988
                                        HEAT  COOL        
     MEAN                               DEG   DEG       WIND SPEED       DOM MEAN  MEAN
DAY  TEMP  HIGH   TIME     LOW   TIME   DAYS  DAYS RAIN AVG  HI  TIME    DIR BAROM HUM
---------------------------------------------------------------------------------------
1    21.3  28.2 12:00am   16.2  8:00pm  40.2  0.0  0.00   9  16  00:00     S  28.6 71.7
2    22.7  34.0  1:00pm   17.2  7:00am  36.6  0.0  0.00   6  12  00:00    SW  28.8 68.9
3    27.6  37.9  5:00pm   21.2 10:00pm  32.2  0.0  0.00   7  14  00:00   SSE  28.8 61.2
4    25.2  37.0  3:00pm   17.2  7:00am  33.9  0.0  0.00   7  14  00:00     S  29.1 51.3
5    15.9  29.1  1:00am    9.1 11:00pm  42.5  0.0  0.00   7  14  00:00    SE  29.1 66.9
6    29.7  48.0  2:00pm   10.2 12:00am  26.1  0.0  0.00  11  21  00:00    SE  28.9 49.9
7      32  44.1  4:00pm   26.2 12:00am  26.9  0.0  0.00  17  32  00:00   SSE  28.8 53.9
8    36.6  54.0  1:00pm   25.2 11:00pm  19.7  0.0  0.00  10  21  00:00   SSE  28.8 52.6
9      34  52.0  1:00pm   20.1 12:00am  22.0  0.0  0.00  11  21  00:00   SSE  28.7 57.6
10   18.9  30.2  1:00am   11.1  9:00am  40.4  0.0  0.00   7  14  00:00     E  27.8 78.8
11   30.9  52.0  4:00pm   19.2 12:00am  23.5  0.0  0.00   6  12  00:00    SW  28.2 52.6
12   45.9  59.0  1:00pm   37.9  1:00am  12.5  0.0  0.00   7  14  00:00     S  28.9 39.7
13     46  64.0  1:00pm   29.1  3:00am  10.0  0.0  0.00  18  35  00:00   WSW  28.4 34.6
14   36.9  44.1 11:00am   33.1  7:00pm  24.5  0.0  0.00  12  23  00:00   WSW  28.7 40.4
15   51.9  72.0  3:00pm   32.0 12:00am   3.0  0.0  0.00  15  29  00:00    SW  28.4 38.8
16
17
18
19
20
21
22
23
24   34.2  50.0  3:00pm   29.1 11:00pm  22.9  0.0  0.00   7  13  00:00    SW  26.8 55.3
25   36.3  54.0  2:00pm   24.3  7:00am  19.8  0.0  0.00  13  24  00:00   SSE  29.0 59.2
26     40  55.9  3:00pm   27.1  4:00am  17.0  0.0  0.00  12  23  00:00   SSE  29.0 46.2
27   41.8  63.0  3:00pm   29.1  2:00am  12.6  0.0  0.00   7  14  00:00   SSE  29.0 49.7
28   36.3  43.0  3:00pm   31.1 11:00pm  25.3  0.0  0.00   7  14  00:00   SSE  27.8 63.8
29   41.9  57.0  1:00pm   28.2  3:00am  15.5  0.0  0.00   9  17  00:00   SSE  28.9 54.8