NOAA-Style Climate Reports

Select a Year or Month report
2018: Jan Feb Mar Apr May Jun Jul Aug Sep Oct Nov Dec
2017: Jan Feb Mar Apr May Jun Jul Aug Sep Oct Nov Dec
2016: Jan Feb Mar Apr May Jun Jul Aug Sep Oct Nov Dec
2015: Jan Feb Mar Apr May Jun Jul Aug Sep Oct Nov Dec
2014: Jan Feb Mar Apr May Jun Jul Aug Sep Oct Nov Dec
2013: Jan Feb Mar Apr May Jun Jul Aug Sep Oct Nov Dec
2012: Jan Feb Mar Apr May Jun Jul Aug Sep Oct Nov Dec
2011: Jan Feb Mar Apr May Jun Jul Aug Sep Oct Nov Dec
2010: Jan Feb Mar Apr May Jun Jul Aug Sep Oct Nov Dec
2009: Jan Feb Mar Apr May Jun Jul Aug Sep Oct Nov Dec
2008: Jan Feb Mar Apr May Jun Jul Aug Sep Oct Nov Dec
2007: Jan Feb Mar Apr May Jun Jul Aug Sep Oct Nov Dec
2006: Jan Feb Mar Apr May Jun Jul Aug Sep Oct Nov Dec
2005: Jan Feb Mar Apr May Jun Jul Aug Sep Oct Nov Dec
2004: Jan Feb Mar Apr May Jun Jul Aug Sep Oct Nov Dec
2003: Jan Feb Mar Apr May Jun Jul Aug Sep Oct Nov Dec
2002: Jan Feb Mar Apr May Jun Jul Aug Sep Oct Nov Dec
2001: Jan Feb Mar Apr May Jun Jul Aug Sep Oct Nov Dec
2000: Jan Feb Mar Apr May Jun Jul Aug Sep Oct Nov Dec
1999: Jan Feb Mar Apr May Jun Jul Aug Sep Oct Nov Dec
1998: Jan Feb Mar Apr May Jun Jul Aug Sep Oct Nov Dec
1997: Jan Feb Mar Apr May Jun Jul Aug Sep Oct Nov Dec
1996: Jan Feb Mar Apr May Jun Jul Aug Sep Oct Nov Dec
1995: Jan Feb Mar Apr May Jun Jul Aug Sep Oct Nov Dec
1994: Jan Feb Mar Apr May Jun Jul Aug Sep Oct Nov Dec
1993: Jan Feb Mar Apr May Jun Jul Aug Sep Oct Nov Dec
1992: Jan Feb Mar Apr May Jun Jul Aug Sep Oct Nov Dec
1991: Jan Feb Mar Apr May Jun Jul Aug Sep Oct Nov Dec
1990: Jan Feb Mar Apr May Jun Jul Aug Sep Oct Nov Dec
1989: Jan Feb Mar Apr May Jun Jul Aug Sep Oct Nov Dec
1988: Jan Feb Mar Apr May Jun Jul Aug Sep Oct Nov Dec
1987: Jan Feb Mar Apr May Jun Jul Aug Sep Oct Nov Dec
1986: Jan Feb Mar Apr May Jun Jul Aug Sep Oct Nov Dec

Report for 1988 March
                  MONTHLY CLIMATOLOGICAL SUMMARY FOR 3/1988
                                        HEAT  COOL        
     MEAN                               DEG   DEG       WIND SPEED       DOM MEAN  MEAN
DAY  TEMP  HIGH   TIME     LOW   TIME   DAYS  DAYS RAIN AVG  HI  TIME    DIR BAROM HUM
---------------------------------------------------------------------------------------
1    42.8  57.9  3:00pm   35.1  6:00am  14.6  0.0  0.00   7  13  00:00    SE  28.7 54.0
2    24.7  32.0 12:30am   22.1  8:00pm  36.6  0.0  0.00   8  15  00:00   ESE  28.7 88.0
3    27.3  43.0  4:00pm   16.2  2:00am  29.8  0.0  0.00   9  16  00:00     S  28.7 78.0
4    30.3  39.9 10:00am   21.2 11:00pm  29.9  0.0  0.00  10  20  00:00    SE  28.7 74.9
5    35.1  51.1  3:00pm   21.2 12:00am  21.9  0.0  0.00   6  12  00:00   SSE  28.9 51.8
6    40.7  57.9  4:00pm   27.1  3:00am  15.7  0.0  0.00  12  23  00:00    SE  28.7 52.3
7    31.3  39.9 12:00am   25.2 11:00pm  29.4  0.0  0.00  19  37  00:00     W  28.6 55.6
8    30.6  45.0  2:00pm   21.2  1:00am  27.2  0.0  0.00  11  21  00:00   WSW  28.9 47.4
9    44.7  63.0  3:00pm   27.1  4:00am  11.1  0.0  0.00   9  17  00:00   SSW  28.5 42.4
10   31.1  46.0  1:00am   26.2  8:00pm  26.4  0.0  0.00  18  35  00:00   WNW  28.1 71.4
11   26.4  33.1  3:00pm   23.2  7:00am  35.2  0.0  0.00  15  29  00:00   NNE  28.4 64.6
12   19.7  26.2  1:00pm   14.2  6:00am  42.0  0.0  0.00  12  23  00:00     E  28.7 65.7
13   17.7  24.3 12:00pm   14.2 10:00pm  44.0  0.0  0.00   8  15  00:00     S  28.9 75.7
14   26.8  41.0  2:00pm   15.3  2:00am  31.1  0.0  0.00  10  20  00:00     S  28.7 50.0
15   27.4  37.0  2:00pm   20.1  7:00am  32.8  0.0  0.00  17  32  00:00    SW  27.6 65.2
16   20.4  26.2  2:00pm   16.2 11:00pm  41.7  0.0  0.00  21  40  00:00   SSE  28.8 75.4
17   17.5  24.3  4:00pm   11.1  1:00am  44.1  0.0  0.00  12  23  00:00    SW  27.8 78.8
18   27.9  46.0  3:00pm   10.2  3:00am  28.0  0.0  0.00   8  15  00:00   ESE  29.1 59.2
19   44.9  64.0  3:00pm   26.2 12:00am  10.5  0.0  0.00  10  18  00:00     W  28.9 34.0
20   48.5  64.0  1:00pm   35.1  3:00am   8.7  0.0  0.00   9  16  00:00     W  28.9 31.0
21   52.4  71.1  3:00pm   42.1  3:00am   3.2  0.0  0.00  13  25  00:00    SW  28.8 26.6
22   48.5  62.1  2:00pm   41.0  5:00am   9.7  0.0  0.00  14  28  00:00    SE  28.7 35.0
23   47.1  66.9  2:00pm   30.2  2:00am   8.0  0.0  0.00  17  32  00:00   WNW  27.4 40.2
24   36.9  46.0  2:00pm   33.1  3:00am  23.5  0.0  0.00  21  41  00:00   WNW  28.7 49.5
25   41.6  57.0  1:00pm   25.2  2:00am  15.7  0.0  0.00  21  40  00:00     W  28.7 44.4
26   48.1  68.0  4:00pm   29.1  4:00am   6.9  0.0  0.00   7  14  00:00   SSW  28.8 39.4
27   54.5  75.9  3:00pm   35.1 11:00pm   0.0  0.2  0.00  21  40  00:00     S  28.5 30.4
28     23  33.1 12:00am   19.2 11:00pm  36.9  0.0  0.00   9  17  00:00     S  28.6 81.9
29   29.9  52.0  4:00pm   17.2  1:00am  24.0  0.0  0.00  12  23  00:00    SW  28.4 52.7
30   29.5  37.0 12:00pm   26.2  2:00am  31.7  0.0  0.00  12  23  00:00    SW  28.7 70.6
31   21.9  25.2  1:00am   19.2 11:00pm  41.4  0.0  0.00  15  29  00:00    SW  28.9 94.0