NOAA-Style Climate Reports

Select a Year or Month report
2018: Jan Feb Mar Apr May Jun Jul Aug Sep Oct Nov Dec
2017: Jan Feb Mar Apr May Jun Jul Aug Sep Oct Nov Dec
2016: Jan Feb Mar Apr May Jun Jul Aug Sep Oct Nov Dec
2015: Jan Feb Mar Apr May Jun Jul Aug Sep Oct Nov Dec
2014: Jan Feb Mar Apr May Jun Jul Aug Sep Oct Nov Dec
2013: Jan Feb Mar Apr May Jun Jul Aug Sep Oct Nov Dec
2012: Jan Feb Mar Apr May Jun Jul Aug Sep Oct Nov Dec
2011: Jan Feb Mar Apr May Jun Jul Aug Sep Oct Nov Dec
2010: Jan Feb Mar Apr May Jun Jul Aug Sep Oct Nov Dec
2009: Jan Feb Mar Apr May Jun Jul Aug Sep Oct Nov Dec
2008: Jan Feb Mar Apr May Jun Jul Aug Sep Oct Nov Dec
2007: Jan Feb Mar Apr May Jun Jul Aug Sep Oct Nov Dec
2006: Jan Feb Mar Apr May Jun Jul Aug Sep Oct Nov Dec
2005: Jan Feb Mar Apr May Jun Jul Aug Sep Oct Nov Dec
2004: Jan Feb Mar Apr May Jun Jul Aug Sep Oct Nov Dec
2003: Jan Feb Mar Apr May Jun Jul Aug Sep Oct Nov Dec
2002: Jan Feb Mar Apr May Jun Jul Aug Sep Oct Nov Dec
2001: Jan Feb Mar Apr May Jun Jul Aug Sep Oct Nov Dec
2000: Jan Feb Mar Apr May Jun Jul Aug Sep Oct Nov Dec
1999: Jan Feb Mar Apr May Jun Jul Aug Sep Oct Nov Dec
1998: Jan Feb Mar Apr May Jun Jul Aug Sep Oct Nov Dec
1997: Jan Feb Mar Apr May Jun Jul Aug Sep Oct Nov Dec
1996: Jan Feb Mar Apr May Jun Jul Aug Sep Oct Nov Dec
1995: Jan Feb Mar Apr May Jun Jul Aug Sep Oct Nov Dec
1994: Jan Feb Mar Apr May Jun Jul Aug Sep Oct Nov Dec
1993: Jan Feb Mar Apr May Jun Jul Aug Sep Oct Nov Dec
1992: Jan Feb Mar Apr May Jun Jul Aug Sep Oct Nov Dec
1991: Jan Feb Mar Apr May Jun Jul Aug Sep Oct Nov Dec
1990: Jan Feb Mar Apr May Jun Jul Aug Sep Oct Nov Dec
1989: Jan Feb Mar Apr May Jun Jul Aug Sep Oct Nov Dec
1988: Jan Feb Mar Apr May Jun Jul Aug Sep Oct Nov Dec
1987: Jan Feb Mar Apr May Jun Jul Aug Sep Oct Nov Dec
1986: Jan Feb Mar Apr May Jun Jul Aug Sep Oct Nov Dec

Report for 1988 April
                  MONTHLY CLIMATOLOGICAL SUMMARY FOR 4/1988
                                        HEAT  COOL        
     MEAN                               DEG   DEG       WIND SPEED       DOM MEAN  MEAN
DAY  TEMP  HIGH   TIME     LOW   TIME   DAYS  DAYS RAIN AVG  HI  TIME    DIR BAROM HUM
---------------------------------------------------------------------------------------
1    22.4  31.1  1:00pm   14.2  5:00am  38.2  0.0  0.00   6  12  00:00     S  28.6 81.3
2      38  52.0  5:00pm   28.2 12:00am  20.0  0.0  0.00  11  21  00:00   WNW  28.5 57.6
3    47.4  66.0  5:00pm   36.0  4:00am   8.3  0.0  0.00  10  20  00:00   WSW  28.6 42.8
4    51.2  68.0  2:00pm   41.0  7:00am   5.4  0.0  0.00   9  17  00:00   SSE  28.5 39.9
5    42.6  57.0  5:00pm   37.0  9:00am  15.2  0.0  0.00  15  29  00:00    SW  28.9 47.0
6    51.3  73.9  3:00pm   33.1  6:00am   2.4  0.0  0.00  11  21  00:00   SSE  29.0 39.1
7    57.1  75.9  3:00pm   43.0  1:00am   0.0  1.5  0.00  13  25  00:00     S  28.8 33.6
8    45.4  57.9  8:00am   27.1 11:00pm  13.3  0.0  0.00  19  37  00:00   ESE  28.6 50.3
9    27.3  32.0  1:00pm   26.2  7:00am  35.3  0.0  0.00   7  14  00:00   WSW  29.1 81.0
10   31.6  48.9  5:00pm   14.2  7:00am  24.7  0.0  0.00   9  17  00:00     S  29.1 61.2
11   43.2  64.0  4:00pm   23.2  6:00am  11.4  0.0  0.00  10  18  00:00   ESE  28.9 46.2
12   52.7  70.0  2:00pm   39.0  1:00am   3.6  0.0  0.00   7  14  00:00   SSE  28.9 35.6
13   53.9  73.9  1:00pm   43.0  1:00am   1.1  0.0  0.00  13  25  00:00   ESE  28.8 37.3
14   44.2  61.0  6:00pm   32.0  6:00am  12.4  0.0  0.00   9  17  00:00     S  28.7 56.0
15   43.8  60.1  3:00pm   32.0  7:00am  13.0  0.0  0.00   7  14  00:00   WSW  28.8 62.3
16   49.9  66.9  4:00pm   37.9  5:00am   6.6  0.0  0.00  15  29  00:00   SSE  28.7 60.6
17   41.4  48.0 12:00am   34.0  8:00pm  20.3  0.0  0.00  12  23  00:00   SSW  28.8 83.3
18     45  64.9  5:00pm   31.1  7:00am  10.0  0.0  0.00  13  25  00:00    SW  28.6 64.1
19   48.1  62.1  5:00pm   39.0  6:00am   9.9  0.0  0.00   8  15  00:00    SE  28.5 64.4
20   52.4  70.0  3:00pm   39.0  4:00am   3.8  0.0  0.00  15  29  00:00   SSE  28.5 49.9
21   53.2  69.1  2:00pm   39.0 11:00pm   3.8  0.0  0.00  17  32  00:00   SSW  28.4 45.1
22   31.7  39.9  3:00pm   27.1 11:00pm  29.2  0.0  0.00   9  17  00:00   ENE  28.4 91.7
23   38.1  54.0  3:00pm   27.1 12:00am  18.9  0.0  0.00   7  14  00:00   SSE  28.7 71.7
24   42.3  55.0  1:00pm   33.1  5:00am  16.3  0.0  0.00   9  16  00:00     W  28.7 58.8
25   45.6  60.1  3:00pm   36.0  1:00am  12.1  0.0  0.00  18  35  00:00   WSW  28.6 46.8
26   36.8  53.1  6:00pm   21.2  5:00am  20.0  0.0  0.00  10  18  00:00   ESE  28.8 51.5
27   45.4  64.0  4:00pm   29.1  6:00am  10.3  0.0  0.00   9  16  00:00    SE  28.8 44.9
28   49.8  71.1  3:00pm   33.1  5:00am   4.5  0.0  0.00  12  23  00:00   SSE  28.8 48.4
29   53.3  69.1  4:00pm   41.0  4:00am   3.8  0.0  0.00   9  17  00:00   SSE  27.5 50.3
30   60.8  77.0  3:00pm   48.0  2:00am   0.0  3.9  0.00  25  48  00:00     S  28.6 42.4