NOAA-Style Climate Reports

Select a Year or Month report
2018: Jan Feb Mar Apr May Jun Jul Aug Sep Oct Nov Dec
2017: Jan Feb Mar Apr May Jun Jul Aug Sep Oct Nov Dec
2016: Jan Feb Mar Apr May Jun Jul Aug Sep Oct Nov Dec
2015: Jan Feb Mar Apr May Jun Jul Aug Sep Oct Nov Dec
2014: Jan Feb Mar Apr May Jun Jul Aug Sep Oct Nov Dec
2013: Jan Feb Mar Apr May Jun Jul Aug Sep Oct Nov Dec
2012: Jan Feb Mar Apr May Jun Jul Aug Sep Oct Nov Dec
2011: Jan Feb Mar Apr May Jun Jul Aug Sep Oct Nov Dec
2010: Jan Feb Mar Apr May Jun Jul Aug Sep Oct Nov Dec
2009: Jan Feb Mar Apr May Jun Jul Aug Sep Oct Nov Dec
2008: Jan Feb Mar Apr May Jun Jul Aug Sep Oct Nov Dec
2007: Jan Feb Mar Apr May Jun Jul Aug Sep Oct Nov Dec
2006: Jan Feb Mar Apr May Jun Jul Aug Sep Oct Nov Dec
2005: Jan Feb Mar Apr May Jun Jul Aug Sep Oct Nov Dec
2004: Jan Feb Mar Apr May Jun Jul Aug Sep Oct Nov Dec
2003: Jan Feb Mar Apr May Jun Jul Aug Sep Oct Nov Dec
2002: Jan Feb Mar Apr May Jun Jul Aug Sep Oct Nov Dec
2001: Jan Feb Mar Apr May Jun Jul Aug Sep Oct Nov Dec
2000: Jan Feb Mar Apr May Jun Jul Aug Sep Oct Nov Dec
1999: Jan Feb Mar Apr May Jun Jul Aug Sep Oct Nov Dec
1998: Jan Feb Mar Apr May Jun Jul Aug Sep Oct Nov Dec
1997: Jan Feb Mar Apr May Jun Jul Aug Sep Oct Nov Dec
1996: Jan Feb Mar Apr May Jun Jul Aug Sep Oct Nov Dec
1995: Jan Feb Mar Apr May Jun Jul Aug Sep Oct Nov Dec
1994: Jan Feb Mar Apr May Jun Jul Aug Sep Oct Nov Dec
1993: Jan Feb Mar Apr May Jun Jul Aug Sep Oct Nov Dec
1992: Jan Feb Mar Apr May Jun Jul Aug Sep Oct Nov Dec
1991: Jan Feb Mar Apr May Jun Jul Aug Sep Oct Nov Dec
1990: Jan Feb Mar Apr May Jun Jul Aug Sep Oct Nov Dec
1989: Jan Feb Mar Apr May Jun Jul Aug Sep Oct Nov Dec
1988: Jan Feb Mar Apr May Jun Jul Aug Sep Oct Nov Dec
1987: Jan Feb Mar Apr May Jun Jul Aug Sep Oct Nov Dec
1986: Jan Feb Mar Apr May Jun Jul Aug Sep Oct Nov Dec

Report for 1988 May
                  MONTHLY CLIMATOLOGICAL SUMMARY FOR 5/1988
                                        HEAT  COOL        
     MEAN                               DEG   DEG       WIND SPEED       DOM MEAN  MEAN
DAY  TEMP  HIGH   TIME     LOW   TIME   DAYS  DAYS RAIN AVG  HI  TIME    DIR BAROM HUM
---------------------------------------------------------------------------------------
1    52.3  71.1 12:00pm   32.0 11:00pm   3.3  0.0  0.00  20  38  00:00     S  27.0 44.8
2    33.5  45.0  4:00pm   30.2  6:00am  25.7  0.0  0.00  25  48  00:00   NNW  28.6 79.9
3    38.5  53.1  4:00pm   23.2  6:00am  19.2  0.0  0.00   7  13  00:00    SE  28.9 59.8
4    46.7  64.9  3:00pm   33.1  3:00am   9.2  0.0  0.00  13  24  00:00   SSE  28.9 55.3
5    55.9  75.9  2:00pm   36.0 12:00am   0.0  0.9  0.00  18  35  00:00     S  28.7 46.0
6    53.3  69.1 12:00pm   42.1 11:00pm   3.8  0.0  0.00  26  52  00:00   SSW  28.5 39.4
7      50  63.0  3:00pm   41.0  4:00am   8.5  0.0  0.00  20  39  00:00     W  28.4 28.0
8    48.3  62.1  3:00pm   39.0  5:00am   9.8  0.0  0.00  15  29  00:00   WSW  28.5 42.8
9    48.8  66.0  3:00pm   33.1  3:00am   7.6  0.0  0.00  12  23  00:00    SW  28.8 44.5
10   45.1  60.1 10:00am   39.0  9:00pm  12.4  0.0  0.00  12  23  00:00    SE  29.1 68.1
11   52.2  69.1  3:00pm   36.0  3:00am   4.3  0.0  0.00   6  12  00:00     S  29.1 51.6
12   59.8  79.0  5:00pm   44.1  2:00am   0.0  4.4  0.00   7  13  00:00    SE  29.0 40.7
13   64.5  84.0  3:00pm   46.9  6:00am   0.0  9.3  0.00  15  29  00:00     S  28.8 37.4
14   62.1  78.1  2:00pm   48.9  6:00am   0.0  5.1  0.00  12  23  00:00     S  28.7 39.1
15   58.6  75.9  5:00pm   45.0  6:00am   0.0  2.3  0.00   7  14  00:00    SE  28.9 43.0
16   64.2  84.0  2:00pm   44.1  6:00am   0.0  9.1  0.00  13  25  00:00    SE  28.9 37.6
17   66.5  82.0  1:00pm   57.9 10:00pm   0.0  9.3  0.00  13  25  00:00    SW  27.4 37.8
18   57.4  72.0  2:00pm   50.0 11:00pm   0.3  0.0  0.00  12  23  00:00   SSW  28.7 66.2
19   41.2  48.9  1:00am   36.0 11:00pm  19.9  0.0  0.00  12  23  00:00   WSW  28.7 94.0
20   37.9  42.1  2:00pm   36.0 12:00am  25.0  0.0  0.00  15  29  00:00   NNE  28.9 91.3
21   45.5  55.9  5:00pm   41.0  2:00am  14.3  0.0  0.00  21  40  00:00     N  28.9 61.4
22   44.6  53.1 11:00am   41.0  3:00am  16.1  0.0  0.00  18  35  00:00   WNW  29.0 63.7
23   49.4  62.1  3:00pm   42.1  2:00am   9.2  0.0  0.00   7  14  00:00     S  29.0 72.6
24   57.3  73.9  4:00pm   46.0  6:00am   0.0  0.6  0.00   9  17  00:00     S  28.8 58.2
25   57.2  73.9 12:00pm   51.1  5:00am   0.0  0.6  0.00   9  17  00:00   SSW  28.8 52.0
26   59.5  78.1  2:00pm   44.1  6:00am   0.0  3.8  0.00   9  17  00:00     S  28.8 51.5
27   61.2  79.0  1:00pm   46.9  5:00am   0.0  5.1  0.00  13  25  00:00    SW  27.5 46.9
28     63  80.1  2:00pm   46.9  4:00am   0.0  6.6  0.00   9  16  00:00     S  27.5 41.6
29     65  79.0  1:00pm   51.1  4:00am   0.0  7.0  0.00  21  40  00:00   SSE  28.3 41.6
30   62.2  73.9  2:00pm   55.9 11:00pm   0.0  3.1  0.00  21  40  00:00     S  28.4 45.4
31   48.7  60.1  4:00pm   44.1  8:00pm  10.6  0.0  0.00  11  21  00:00     S  28.6 62.8