NOAA-Style Climate Reports

Select a Year or Month report
2018: Jan Feb Mar Apr May Jun Jul Aug Sep Oct Nov Dec
2017: Jan Feb Mar Apr May Jun Jul Aug Sep Oct Nov Dec
2016: Jan Feb Mar Apr May Jun Jul Aug Sep Oct Nov Dec
2015: Jan Feb Mar Apr May Jun Jul Aug Sep Oct Nov Dec
2014: Jan Feb Mar Apr May Jun Jul Aug Sep Oct Nov Dec
2013: Jan Feb Mar Apr May Jun Jul Aug Sep Oct Nov Dec
2012: Jan Feb Mar Apr May Jun Jul Aug Sep Oct Nov Dec
2011: Jan Feb Mar Apr May Jun Jul Aug Sep Oct Nov Dec
2010: Jan Feb Mar Apr May Jun Jul Aug Sep Oct Nov Dec
2009: Jan Feb Mar Apr May Jun Jul Aug Sep Oct Nov Dec
2008: Jan Feb Mar Apr May Jun Jul Aug Sep Oct Nov Dec
2007: Jan Feb Mar Apr May Jun Jul Aug Sep Oct Nov Dec
2006: Jan Feb Mar Apr May Jun Jul Aug Sep Oct Nov Dec
2005: Jan Feb Mar Apr May Jun Jul Aug Sep Oct Nov Dec
2004: Jan Feb Mar Apr May Jun Jul Aug Sep Oct Nov Dec
2003: Jan Feb Mar Apr May Jun Jul Aug Sep Oct Nov Dec
2002: Jan Feb Mar Apr May Jun Jul Aug Sep Oct Nov Dec
2001: Jan Feb Mar Apr May Jun Jul Aug Sep Oct Nov Dec
2000: Jan Feb Mar Apr May Jun Jul Aug Sep Oct Nov Dec
1999: Jan Feb Mar Apr May Jun Jul Aug Sep Oct Nov Dec
1998: Jan Feb Mar Apr May Jun Jul Aug Sep Oct Nov Dec
1997: Jan Feb Mar Apr May Jun Jul Aug Sep Oct Nov Dec
1996: Jan Feb Mar Apr May Jun Jul Aug Sep Oct Nov Dec
1995: Jan Feb Mar Apr May Jun Jul Aug Sep Oct Nov Dec
1994: Jan Feb Mar Apr May Jun Jul Aug Sep Oct Nov Dec
1993: Jan Feb Mar Apr May Jun Jul Aug Sep Oct Nov Dec
1992: Jan Feb Mar Apr May Jun Jul Aug Sep Oct Nov Dec
1991: Jan Feb Mar Apr May Jun Jul Aug Sep Oct Nov Dec
1990: Jan Feb Mar Apr May Jun Jul Aug Sep Oct Nov Dec
1989: Jan Feb Mar Apr May Jun Jul Aug Sep Oct Nov Dec
1988: Jan Feb Mar Apr May Jun Jul Aug Sep Oct Nov Dec
1987: Jan Feb Mar Apr May Jun Jul Aug Sep Oct Nov Dec
1986: Jan Feb Mar Apr May Jun Jul Aug Sep Oct Nov Dec

Report for 1988 June
                  MONTHLY CLIMATOLOGICAL SUMMARY FOR 6/1988
                                        HEAT  COOL        
     MEAN                               DEG   DEG       WIND SPEED       DOM MEAN  MEAN
DAY  TEMP  HIGH   TIME     LOW   TIME   DAYS  DAYS RAIN AVG  HI  TIME    DIR BAROM HUM
---------------------------------------------------------------------------------------
1    52.1  66.9  3:00pm   39.0  6:00am   5.5  0.0  0.00  15  29  00:00   WSW  28.8 48.3
2    57.5  71.1  1:00pm   42.1  5:00am   0.7  0.0  0.00  15  29  00:00     S  29.0 52.0
3    59.9  77.0  5:00pm   45.0  6:00am   0.0  3.5  0.00  12  23  00:00    SE  27.9 59.3
4    65.3  82.9  3:00pm   55.0  5:00am   0.0  9.1  0.00  13  24  00:00   SSE  28.7 48.5
5    63.8  80.1  2:00pm   55.0  5:00am   0.0  7.0  0.00  14  28  00:00   SSE  28.8 57.0
6    68.2  87.1  3:00pm   53.1  6:00am   0.0 12.7  0.00  11  21  00:00     S  28.8 41.8
7    71.9  89.1  2:00pm   61.0  1:00am   0.0 15.5  0.00  11  21  00:00   SSW  28.8 33.3
8    70.1  90.0  3:00pm   55.9  2:00am   0.0 15.1  0.00  10  20  00:00    SE  28.7 36.8
9    63.3  81.0 12:00pm   55.4 10:00pm   0.0  7.2  0.00  13  24  00:00     S  29.1 58.7
10   65.3  84.9  3:00pm   55.9  6:00am   0.0 10.1  0.00  24  46  00:00     S  29.0 52.6
11   65.6  80.1  1:00pm   55.9 11:00pm   0.0  7.9  0.00   7  14  00:00     S  27.6 47.7
12   62.5  81.0  5:00pm   50.0  6:00am   0.0  6.8  0.00   9  16  00:00   ESE  28.8 55.4
13   55.5  66.0  1:00pm   52.0  4:00am   4.2  0.0  0.00   7  14  00:00   WSW  28.7 73.7
14   57.1  72.0  5:00pm   50.0  6:00am   0.4  0.0  0.00  10  18  00:00     S  29.0 71.6
15   59.1  75.9  2:00pm   52.0  5:00am   0.0  2.5  0.00  12  23  00:00   SSE  29.0 66.3
16     65  82.0  2:00pm   51.1  4:00am   0.0  8.5  0.00   7  14  00:00   SSW  28.9 49.7
17   70.7  86.0  3:00pm   55.0  5:00am   0.0 13.4  0.00  10  20  00:00     S  28.8 38.6
18   70.2  84.9  1:00pm   62.1  6:00am   0.0 12.6  0.00   9  16  00:00    SW  28.9 43.6
19   71.5  89.1  3:00pm   60.1  5:00am   0.0 15.3  0.00   9  17  00:00     S  28.9 44.2
20   70.4  90.0  2:00pm   57.9  5:00am   0.0 15.2  0.00  11  21  00:00   WSW  28.9 44.0
21   68.9  91.0  2:00pm   61.0  2:00am   0.0 15.0  0.00  14  28  00:00   SSW  29.0 50.2
22   69.8  88.0  3:00pm   62.1 12:00am   0.0 13.9  0.00  12  23  00:00    SW  27.8 50.8
23   71.3  88.0  3:00pm   57.9  5:00am   0.0 14.7  0.00   7  13  00:00    SW  28.9 49.0
24   73.7  93.0  4:00pm   57.9  5:00am   0.0 18.4  0.00   9  16  00:00   SSE  27.6 44.7
25   65.3  80.1 12:00pm   60.1  8:00pm   0.0  7.7  0.00  12  23  00:00   WSW  29.0 65.6
26   61.1  75.9  2:00pm   54.0  5:00am   0.0  3.5  0.00  15  29  00:00     S  29.1 75.5
27   65.3  81.0  1:00pm   53.1  6:00am   0.0  8.2  0.00  11  21  00:00   SSE  28.9 64.8
28   66.9  82.0  3:00pm   59.0  6:00am   0.0  9.5  0.00  12  22  00:00    SW  28.8 60.0
29   63.4  72.0  4:00pm   61.0  6:00am   0.0  2.7  0.00  10  20  00:00   SSE  27.6 65.2
30   61.1  71.1  6:00pm   59.0 12:00pm   0.0  1.1  0.00  10  20  00:00     S  27.6 64.4