NOAA-Style Climate Reports

Select a Year or Month report
2018: Jan Feb Mar Apr May Jun Jul Aug Sep Oct Nov Dec
2017: Jan Feb Mar Apr May Jun Jul Aug Sep Oct Nov Dec
2016: Jan Feb Mar Apr May Jun Jul Aug Sep Oct Nov Dec
2015: Jan Feb Mar Apr May Jun Jul Aug Sep Oct Nov Dec
2014: Jan Feb Mar Apr May Jun Jul Aug Sep Oct Nov Dec
2013: Jan Feb Mar Apr May Jun Jul Aug Sep Oct Nov Dec
2012: Jan Feb Mar Apr May Jun Jul Aug Sep Oct Nov Dec
2011: Jan Feb Mar Apr May Jun Jul Aug Sep Oct Nov Dec
2010: Jan Feb Mar Apr May Jun Jul Aug Sep Oct Nov Dec
2009: Jan Feb Mar Apr May Jun Jul Aug Sep Oct Nov Dec
2008: Jan Feb Mar Apr May Jun Jul Aug Sep Oct Nov Dec
2007: Jan Feb Mar Apr May Jun Jul Aug Sep Oct Nov Dec
2006: Jan Feb Mar Apr May Jun Jul Aug Sep Oct Nov Dec
2005: Jan Feb Mar Apr May Jun Jul Aug Sep Oct Nov Dec
2004: Jan Feb Mar Apr May Jun Jul Aug Sep Oct Nov Dec
2003: Jan Feb Mar Apr May Jun Jul Aug Sep Oct Nov Dec
2002: Jan Feb Mar Apr May Jun Jul Aug Sep Oct Nov Dec
2001: Jan Feb Mar Apr May Jun Jul Aug Sep Oct Nov Dec
2000: Jan Feb Mar Apr May Jun Jul Aug Sep Oct Nov Dec
1999: Jan Feb Mar Apr May Jun Jul Aug Sep Oct Nov Dec
1998: Jan Feb Mar Apr May Jun Jul Aug Sep Oct Nov Dec
1997: Jan Feb Mar Apr May Jun Jul Aug Sep Oct Nov Dec
1996: Jan Feb Mar Apr May Jun Jul Aug Sep Oct Nov Dec
1995: Jan Feb Mar Apr May Jun Jul Aug Sep Oct Nov Dec
1994: Jan Feb Mar Apr May Jun Jul Aug Sep Oct Nov Dec
1993: Jan Feb Mar Apr May Jun Jul Aug Sep Oct Nov Dec
1992: Jan Feb Mar Apr May Jun Jul Aug Sep Oct Nov Dec
1991: Jan Feb Mar Apr May Jun Jul Aug Sep Oct Nov Dec
1990: Jan Feb Mar Apr May Jun Jul Aug Sep Oct Nov Dec
1989: Jan Feb Mar Apr May Jun Jul Aug Sep Oct Nov Dec
1988: Jan Feb Mar Apr May Jun Jul Aug Sep Oct Nov Dec
1987: Jan Feb Mar Apr May Jun Jul Aug Sep Oct Nov Dec
1986: Jan Feb Mar Apr May Jun Jul Aug Sep Oct Nov Dec

Report for 1988 July
                  MONTHLY CLIMATOLOGICAL SUMMARY FOR 7/1988
                                        HEAT  COOL        
     MEAN                               DEG   DEG       WIND SPEED       DOM MEAN  MEAN
DAY  TEMP  HIGH   TIME     LOW   TIME   DAYS  DAYS RAIN AVG  HI  TIME    DIR BAROM HUM
---------------------------------------------------------------------------------------
1    64.6  86.0  7:00pm   51.1  5:00am   0.0 10.3  0.00   9  17  00:00    SE  28.9 57.6
2      69  88.0  3:00pm   57.0  4:00am   0.0 13.5  0.00  11  21  00:00   SSE  28.8 44.8
3    73.8  90.0  3:00pm   61.0  6:00am   0.0 16.9  0.00  11  21  00:00   SSW  28.8 36.2
4    70.9  90.0  2:00pm   59.0  4:00am   0.0 15.5  0.00  11  21  00:00    SW  28.8 44.6
5    69.5  88.0  2:00pm   54.0  5:00am   0.0 13.8  0.00  18  35  00:00     S  28.9 45.2
6      73  88.0  2:00pm   64.9  4:00am   0.0 15.5  0.00   7  14  00:00   WSW  28.9 43.7
7    65.1  75.0  3:00pm   62.1  3:00am   0.0  5.1  0.00  17  32  00:00   SSW  29.0 62.1
8    62.1  77.0  6:00pm   57.0  2:00am   0.0  4.6  0.00  10  20  00:00   SSE  29.0 71.0
9    61.7  77.0  5:00pm   53.1  4:00am   0.0  4.4  0.00  12  23  00:00   WSW  29.0 62.5
10   63.6  81.0  2:00pm   48.9  6:00am   0.0  7.3  0.00  14  27  00:00     S  28.9 50.5
11     67  87.1  3:00pm   54.0  3:00am   0.0 12.1  0.00   9  17  00:00     S  28.8 46.4
12   69.8  88.0 12:30pm   57.0  3:00am   0.0 13.9  0.00   9  17  00:00   SSW  27.3 40.5
13   73.3  93.0  4:00pm   57.9  5:00am   0.0 18.2  0.00  14  28  00:00     S  27.7 37.0
14   74.4  89.1 12:00pm   64.9  6:00am   0.0 16.8  0.00  10  20  00:00    SW  28.9 38.7
15   70.7  80.1  1:00pm   66.0 12:00am   0.0 10.4  0.00  12  22  00:00     S  28.9 42.2
16   68.2  89.1  2:00pm   57.9  6:00am   0.0 13.7  0.00  12  23  00:00    SW  28.9 49.2
17   67.8  84.9  3:00pm   59.0  6:00am   0.0 11.4  0.00   9  17  00:00   SSW  29.0 52.3
18   64.4  81.0  3:00pm   60.1  5:00am   0.0  7.7  0.00  18  35  00:00   WSW  28.9 55.7
19   52.9  60.1 12:00am   48.0  8:00am   8.5  0.0  0.00  11  21  00:00     W  29.2 82.8
20   61.1  75.9  4:00pm   54.0  2:00am   0.0  3.5  0.00   7  14  00:00    SE  29.2 59.6
21   71.1  90.0  6:00pm   53.1  5:00am   0.0 15.6  0.00   7  14  00:00     S  29.0 36.4
22   71.5  93.9  4:00pm   55.0  7:00am   0.0 17.7  0.00   8  15  00:00    SE  29.0 31.2
23   73.4  90.0 11:00am   66.0 11:00pm   0.0 16.7  0.00  21  40  00:00   WSW  28.9 31.2
24   71.2  91.9  3:00pm   54.0  6:00am   0.0 16.6  0.00  11  21  00:00   SSW  29.1 38.2
25   71.8  90.0  4:00pm   60.1 10:00pm   0.0 15.9  0.00  10  20  00:00   WSW  29.1 37.5
26   69.3  84.0  1:00pm   59.0  5:00am   0.0 11.7  0.00  12  23  00:00     S  29.1 46.0
27   69.1  89.1  3:00pm   57.9  6:00am   0.0 14.1  0.00   9  17  00:00     S  27.7 43.8
28   67.8  82.9 12:00pm   61.0  5:00am   0.0 10.4  0.00   9  17  00:00   SSW  28.9 52.3
29   65.1  81.0  2:00pm   55.9  6:00am   0.0  8.1  0.00   9  16  00:00   SSW  28.9 59.7
30   66.7  82.9  3:00pm   54.0  6:00am   0.0  9.8  0.00  11  21  00:00    SE  28.9 58.3
31   70.2  89.1  3:00pm   60.1  7:00am   0.0 14.7  0.00  15  29  00:00   WSW  26.3 45.0