NOAA-Style Climate Reports

Select a Year or Month report
2018: Jan Feb Mar Apr May Jun Jul Aug Sep Oct Nov Dec
2017: Jan Feb Mar Apr May Jun Jul Aug Sep Oct Nov Dec
2016: Jan Feb Mar Apr May Jun Jul Aug Sep Oct Nov Dec
2015: Jan Feb Mar Apr May Jun Jul Aug Sep Oct Nov Dec
2014: Jan Feb Mar Apr May Jun Jul Aug Sep Oct Nov Dec
2013: Jan Feb Mar Apr May Jun Jul Aug Sep Oct Nov Dec
2012: Jan Feb Mar Apr May Jun Jul Aug Sep Oct Nov Dec
2011: Jan Feb Mar Apr May Jun Jul Aug Sep Oct Nov Dec
2010: Jan Feb Mar Apr May Jun Jul Aug Sep Oct Nov Dec
2009: Jan Feb Mar Apr May Jun Jul Aug Sep Oct Nov Dec
2008: Jan Feb Mar Apr May Jun Jul Aug Sep Oct Nov Dec
2007: Jan Feb Mar Apr May Jun Jul Aug Sep Oct Nov Dec
2006: Jan Feb Mar Apr May Jun Jul Aug Sep Oct Nov Dec
2005: Jan Feb Mar Apr May Jun Jul Aug Sep Oct Nov Dec
2004: Jan Feb Mar Apr May Jun Jul Aug Sep Oct Nov Dec
2003: Jan Feb Mar Apr May Jun Jul Aug Sep Oct Nov Dec
2002: Jan Feb Mar Apr May Jun Jul Aug Sep Oct Nov Dec
2001: Jan Feb Mar Apr May Jun Jul Aug Sep Oct Nov Dec
2000: Jan Feb Mar Apr May Jun Jul Aug Sep Oct Nov Dec
1999: Jan Feb Mar Apr May Jun Jul Aug Sep Oct Nov Dec
1998: Jan Feb Mar Apr May Jun Jul Aug Sep Oct Nov Dec
1997: Jan Feb Mar Apr May Jun Jul Aug Sep Oct Nov Dec
1996: Jan Feb Mar Apr May Jun Jul Aug Sep Oct Nov Dec
1995: Jan Feb Mar Apr May Jun Jul Aug Sep Oct Nov Dec
1994: Jan Feb Mar Apr May Jun Jul Aug Sep Oct Nov Dec
1993: Jan Feb Mar Apr May Jun Jul Aug Sep Oct Nov Dec
1992: Jan Feb Mar Apr May Jun Jul Aug Sep Oct Nov Dec
1991: Jan Feb Mar Apr May Jun Jul Aug Sep Oct Nov Dec
1990: Jan Feb Mar Apr May Jun Jul Aug Sep Oct Nov Dec
1989: Jan Feb Mar Apr May Jun Jul Aug Sep Oct Nov Dec
1988: Jan Feb Mar Apr May Jun Jul Aug Sep Oct Nov Dec
1987: Jan Feb Mar Apr May Jun Jul Aug Sep Oct Nov Dec
1986: Jan Feb Mar Apr May Jun Jul Aug Sep Oct Nov Dec

Report for 1988 August
                  MONTHLY CLIMATOLOGICAL SUMMARY FOR 8/1988
                                        HEAT  COOL        
     MEAN                               DEG   DEG       WIND SPEED       DOM MEAN  MEAN
DAY  TEMP  HIGH   TIME     LOW   TIME   DAYS  DAYS RAIN AVG  HI  TIME    DIR BAROM HUM
---------------------------------------------------------------------------------------
1    73.1  91.0  4:00pm   63.0  5:00am   0.0 17.1  0.00   7  14  00:00   SSW  28.8 36.6
2    71.9  90.0  4:00pm   60.1  5:00am   0.0 16.0  0.00   9  16  00:00     S  28.8 38.5
3    68.6  82.0  5:00pm   62.1 11:00pm   0.0 10.3  0.00  11  21  00:00    SW  29.0 58.8
4    60.6  73.0  5:00pm   57.0  2:00am   0.0  1.8  0.00   7  14  00:00     S  29.0 80.5
5      67  84.0  4:00pm   57.9  4:00am   0.0 10.5  0.00   9  17  00:00   SSE  28.9 66.6
6      69  86.0  1:00pm   61.0  6:00am   0.0 12.5  0.00   9  17  00:00    SW  27.6 59.4
7    65.2  82.0  4:00pm   57.9 10:00pm   0.0  8.6  0.00  15  29  00:00     S  28.8 65.4
8      64  81.0  5:00pm   55.0  5:00am   0.0  7.5  0.00  15  29  00:00     S  28.9 61.8
9    64.9  82.0  1:00pm   55.9  6:00am   0.0  8.5  0.00  13  24  00:00     S  29.0 58.5
10   69.8  89.1  4:00pm   55.9  5:00am   0.0 14.5  0.00  13  25  00:00   SSW  28.9 44.0
11   69.3  88.0  2:00pm   60.1  6:00am   0.0 13.7  0.00  18  35  00:00     S  28.8 43.2
12   66.6  82.0  3:00pm   57.0  6:00am   0.0  9.3  0.00  11  21  00:00    SW  28.9 50.9
13   68.9  88.0  5:00pm   52.0  5:00am   0.0 13.5  0.00  12  23  00:00   SSE  28.9 40.3
14   74.7  91.9  4:00pm   61.0  5:00am   0.0 18.3  0.00   9  17  00:00     S  28.7 31.1
15     75  93.9  4:00pm   61.0  5:00am   0.0 19.5  0.00  14  28  00:00     S  28.8 34.2
16   64.3  82.9  1:00pm   59.0  9:00pm   0.0  8.6  0.00  13  24  00:00   SSW  28.9 62.0
17   60.4  73.9  3:00pm   55.0  5:00am   0.0  2.2  0.00  10  18  00:00   WSW  29.0 77.7
18   65.1  80.1  5:00pm   57.0  6:00am   0.0  7.6  0.00   6  12  00:00     S  29.0 68.4
19   69.1  86.0  4:00pm   55.9  5:00am   0.0 12.6  0.00  10  18  00:00     S  28.8 47.7
20   71.1  88.0  1:00pm   60.8  5:00am   0.0 14.6  0.00  18  35  00:00   SSW  28.8 45.2
21   65.3  82.9  1:00pm   60.1  3:00am   0.0  9.1  0.00  15  29  00:00     S  28.8 60.2
22   64.7  82.0  4:00pm   59.0  5:00am   0.0  8.4  0.00   6  12  00:00    SE  29.0 70.2
23     68  88.0  4:00pm   59.0  4:00am   0.0 13.0  0.00   9  16  00:00   SSE  29.1 58.6
24     69  90.0  4:00pm   55.0  7:00am   0.0 14.5  0.00   9  17  00:00   SSE  29.1 52.9
25   66.3  80.6  5:00pm   59.0  6:00am   0.0  8.5  0.00   8  15  00:00   SSW  29.0 54.0
26     71  93.0  3:00pm   59.0  5:00am   0.0 17.0  0.00  12  23  00:00    SW  28.8 42.6
27   61.2  71.1  3:00pm   55.0  7:00am   0.0  1.2  0.00  11  21  00:00    SE  29.0 50.7
28   59.1  75.9  3:00pm   46.9  7:00am   0.0  2.5  0.00   8  15  00:00    SW  29.0 59.2
29   61.4  81.0  4:00pm   50.0  6:00am   0.0  6.2  0.00   6  10  00:00   SSE  28.9 51.0
30   67.2  90.0  3:00pm   45.0  8:00am   0.0 13.6  0.00  11  21  00:00     S  28.8 38.7
31   69.2  88.0  4:00pm   52.0  7:00am   0.0 13.6  0.00   6  12  00:00     S  28.8 35.2