NOAA-Style Climate Reports

Select a Year or Month report
2018: Jan Feb Mar Apr May Jun Jul Aug Sep Oct Nov Dec
2017: Jan Feb Mar Apr May Jun Jul Aug Sep Oct Nov Dec
2016: Jan Feb Mar Apr May Jun Jul Aug Sep Oct Nov Dec
2015: Jan Feb Mar Apr May Jun Jul Aug Sep Oct Nov Dec
2014: Jan Feb Mar Apr May Jun Jul Aug Sep Oct Nov Dec
2013: Jan Feb Mar Apr May Jun Jul Aug Sep Oct Nov Dec
2012: Jan Feb Mar Apr May Jun Jul Aug Sep Oct Nov Dec
2011: Jan Feb Mar Apr May Jun Jul Aug Sep Oct Nov Dec
2010: Jan Feb Mar Apr May Jun Jul Aug Sep Oct Nov Dec
2009: Jan Feb Mar Apr May Jun Jul Aug Sep Oct Nov Dec
2008: Jan Feb Mar Apr May Jun Jul Aug Sep Oct Nov Dec
2007: Jan Feb Mar Apr May Jun Jul Aug Sep Oct Nov Dec
2006: Jan Feb Mar Apr May Jun Jul Aug Sep Oct Nov Dec
2005: Jan Feb Mar Apr May Jun Jul Aug Sep Oct Nov Dec
2004: Jan Feb Mar Apr May Jun Jul Aug Sep Oct Nov Dec
2003: Jan Feb Mar Apr May Jun Jul Aug Sep Oct Nov Dec
2002: Jan Feb Mar Apr May Jun Jul Aug Sep Oct Nov Dec
2001: Jan Feb Mar Apr May Jun Jul Aug Sep Oct Nov Dec
2000: Jan Feb Mar Apr May Jun Jul Aug Sep Oct Nov Dec
1999: Jan Feb Mar Apr May Jun Jul Aug Sep Oct Nov Dec
1998: Jan Feb Mar Apr May Jun Jul Aug Sep Oct Nov Dec
1997: Jan Feb Mar Apr May Jun Jul Aug Sep Oct Nov Dec
1996: Jan Feb Mar Apr May Jun Jul Aug Sep Oct Nov Dec
1995: Jan Feb Mar Apr May Jun Jul Aug Sep Oct Nov Dec
1994: Jan Feb Mar Apr May Jun Jul Aug Sep Oct Nov Dec
1993: Jan Feb Mar Apr May Jun Jul Aug Sep Oct Nov Dec
1992: Jan Feb Mar Apr May Jun Jul Aug Sep Oct Nov Dec
1991: Jan Feb Mar Apr May Jun Jul Aug Sep Oct Nov Dec
1990: Jan Feb Mar Apr May Jun Jul Aug Sep Oct Nov Dec
1989: Jan Feb Mar Apr May Jun Jul Aug Sep Oct Nov Dec
1988: Jan Feb Mar Apr May Jun Jul Aug Sep Oct Nov Dec
1987: Jan Feb Mar Apr May Jun Jul Aug Sep Oct Nov Dec
1986: Jan Feb Mar Apr May Jun Jul Aug Sep Oct Nov Dec

Report for 1988 September
                  MONTHLY CLIMATOLOGICAL SUMMARY FOR 9/1988
                                        HEAT  COOL        
     MEAN                               DEG   DEG       WIND SPEED       DOM MEAN  MEAN
DAY  TEMP  HIGH   TIME     LOW   TIME   DAYS  DAYS RAIN AVG  HI  TIME    DIR BAROM HUM
---------------------------------------------------------------------------------------
1      62  77.0  4:00pm   59.0  1:00am   0.0  4.5  0.00  15  29  00:00   WNW  29.0 57.6
2      61  78.1  4:00pm   54.0  4:00am   0.0  4.6  0.00   8  15  00:00     S  29.1 66.5
3    60.1  75.0  3:00pm   48.9  7:00am   0.0  2.6  0.00  13  25  00:00    SW  29.2 42.0
4    56.1  73.9  3:00pm   39.9  6:00am   0.0  0.0  0.00   8  15  00:00   WNW  29.2 45.1
5    61.3  84.0  4:00pm   43.0  5:00am   0.0  7.7  0.00   7  14  00:00   SSW  29.0 34.8
6    66.8  87.1  4:00pm   48.0  4:00am   0.0 12.0  0.00   9  16  00:00   WSW  28.7 25.9
7    72.2  91.0  4:00pm   63.0  6:00am   0.0 16.6  0.00  12  23  00:00     W  28.7 23.4
8    64.5  82.9  4:00pm   48.9  5:00am   0.0  8.7  0.00  11  21  00:00    SE  28.9 28.8
9    69.6  91.9  4:00pm   48.9  7:00am   0.0 15.8  0.00  11  21  00:00     S  28.9 30.9
10   67.2  82.9  1:00pm   57.0  5:00am   0.0 10.1  0.00  10  18  00:00   SSW  28.8 35.1
11   58.4  73.0  2:00pm   46.0 11:00pm   0.0  0.7  0.00  16  31  00:00   SSE  28.7 57.2
12   39.5  45.0 12:00am   37.9  9:00am  22.7  0.0  0.00   9  17  00:00    SW  29.0 93.1
13   42.4  51.1  2:00pm   37.0  5:00am  18.2  0.0  0.00   7  14  00:00   WSW  29.0 89.2
14   46.4  55.9  5:00pm   41.0  4:00am  13.8  0.0  0.00   9  17  00:00    SW  29.0 87.3
15   51.7  68.0  4:00pm   39.9  6:00am   5.1  0.0  0.00   8  15  00:00   WSW  28.9 63.0
16   59.9  80.1  4:00pm   34.0  5:00am   0.0  5.0  0.00   7  14  00:00     S  28.9 39.0
17   62.9  84.0  5:00pm   46.9  7:00am   0.0  8.5  0.00   9  17  00:00     S  28.7 36.5
18   62.3  81.0  2:00pm   48.0 11:00pm   0.0  6.7  0.00  16  30  00:00    SW  28.7 36.2
19   52.2  73.9  3:00pm   33.1  7:00am   1.9  0.0  0.00  18  35  00:00    SW  28.7 31.4
20     60  82.9  3:00pm   37.9  6:00am   0.0  6.5  0.00  12  22  00:00    SW  28.8 33.9
21   60.8  73.0  2:00pm   54.0  5:00am   0.0  1.9  0.00   5   9  00:00    SW  28.7 42.6
22   56.6  68.0  2:00pm   46.0 11:00pm   2.7  0.0  0.00  15  29  00:00    SW  28.8 48.6
23   53.2  71.1  4:00pm   41.0  5:00am   2.8  0.0  0.00  10  20  00:00     S  28.9 56.2
24   57.4  75.9  3:00pm   42.1  7:00am   0.0  1.7  0.00  10  18  00:00   SSE  28.9 44.5
25   60.2  81.0  4:00pm   46.9  7:00am   0.0  5.6  0.00   9  17  00:00   SSW  29.0 38.5
26   59.5  79.0  4:00pm   46.0  1:00am   0.0  4.3  0.00   9  16  00:00   SSW  28.9 31.8
27   58.2  75.0  3:00pm   48.9  7:00am   0.0  1.6  0.00  18  35  00:00   SSE  28.8 38.2
28   46.6  57.0  4:00pm   41.0  4:00am  13.2  0.0  0.00  21  40  00:00   WNW  28.8 51.0
29   42.9  61.0  4:00pm   30.2  4:00am  13.0  0.0  0.00  12  23  00:00     E  29.0 56.3
30   48.9  64.9  4:00pm   34.0  7:00am   8.1  0.0  0.00  10  18  00:00     W  28.9 53.2