NOAA-Style Climate Reports

Select a Year or Month report
2018: Jan Feb Mar Apr May Jun Jul Aug Sep Oct Nov Dec
2017: Jan Feb Mar Apr May Jun Jul Aug Sep Oct Nov Dec
2016: Jan Feb Mar Apr May Jun Jul Aug Sep Oct Nov Dec
2015: Jan Feb Mar Apr May Jun Jul Aug Sep Oct Nov Dec
2014: Jan Feb Mar Apr May Jun Jul Aug Sep Oct Nov Dec
2013: Jan Feb Mar Apr May Jun Jul Aug Sep Oct Nov Dec
2012: Jan Feb Mar Apr May Jun Jul Aug Sep Oct Nov Dec
2011: Jan Feb Mar Apr May Jun Jul Aug Sep Oct Nov Dec
2010: Jan Feb Mar Apr May Jun Jul Aug Sep Oct Nov Dec
2009: Jan Feb Mar Apr May Jun Jul Aug Sep Oct Nov Dec
2008: Jan Feb Mar Apr May Jun Jul Aug Sep Oct Nov Dec
2007: Jan Feb Mar Apr May Jun Jul Aug Sep Oct Nov Dec
2006: Jan Feb Mar Apr May Jun Jul Aug Sep Oct Nov Dec
2005: Jan Feb Mar Apr May Jun Jul Aug Sep Oct Nov Dec
2004: Jan Feb Mar Apr May Jun Jul Aug Sep Oct Nov Dec
2003: Jan Feb Mar Apr May Jun Jul Aug Sep Oct Nov Dec
2002: Jan Feb Mar Apr May Jun Jul Aug Sep Oct Nov Dec
2001: Jan Feb Mar Apr May Jun Jul Aug Sep Oct Nov Dec
2000: Jan Feb Mar Apr May Jun Jul Aug Sep Oct Nov Dec
1999: Jan Feb Mar Apr May Jun Jul Aug Sep Oct Nov Dec
1998: Jan Feb Mar Apr May Jun Jul Aug Sep Oct Nov Dec
1997: Jan Feb Mar Apr May Jun Jul Aug Sep Oct Nov Dec
1996: Jan Feb Mar Apr May Jun Jul Aug Sep Oct Nov Dec
1995: Jan Feb Mar Apr May Jun Jul Aug Sep Oct Nov Dec
1994: Jan Feb Mar Apr May Jun Jul Aug Sep Oct Nov Dec
1993: Jan Feb Mar Apr May Jun Jul Aug Sep Oct Nov Dec
1992: Jan Feb Mar Apr May Jun Jul Aug Sep Oct Nov Dec
1991: Jan Feb Mar Apr May Jun Jul Aug Sep Oct Nov Dec
1990: Jan Feb Mar Apr May Jun Jul Aug Sep Oct Nov Dec
1989: Jan Feb Mar Apr May Jun Jul Aug Sep Oct Nov Dec
1988: Jan Feb Mar Apr May Jun Jul Aug Sep Oct Nov Dec
1987: Jan Feb Mar Apr May Jun Jul Aug Sep Oct Nov Dec
1986: Jan Feb Mar Apr May Jun Jul Aug Sep Oct Nov Dec

Report for 1988 October
                  MONTHLY CLIMATOLOGICAL SUMMARY FOR 10/1988
                                        HEAT  COOL        
     MEAN                               DEG   DEG       WIND SPEED       DOM MEAN  MEAN
DAY  TEMP  HIGH   TIME     LOW   TIME   DAYS  DAYS RAIN AVG  HI  TIME    DIR BAROM HUM
---------------------------------------------------------------------------------------
1    52.9  62.1  3:00pm   46.0  9:00pm   7.5  0.0  0.00  21  40  00:00   SSW  27.8 53.3
2    55.2  75.9  4:00pm   39.0  7:00am   0.0  0.6  0.00   7  14  00:00     S  29.1 50.6
3    51.1  64.9  4:00pm   39.9  7:00am   7.0  0.0  0.00   7  14  00:00     S  29.0 57.3
4    41.9  48.0  3:00pm   39.0  7:00am  20.0  0.0  0.00   9  17  00:00    SW  27.9 75.3
5    43.6  60.1  2:00pm   36.0  4:00am  13.1  0.0  0.00  13  25  00:00   SSW  29.0 78.0
6    48.2  61.0  1:00pm   42.1  7:00am  10.4  0.0  0.00   9  16  00:00     S  29.0 70.8
7    45.6  66.0  3:00pm   34.0  3:00am   9.2  0.0  0.00   6  10  00:00    SW  28.0 68.3
8    53.5  71.1  3:00pm   39.9 11:00pm   2.7  0.0  0.00  15  29  00:00   SSW  29.1 41.5
9    47.9  60.1  2:00pm   41.0 12:00am  11.0  0.0  0.00  10  20  00:00    SW  29.2 50.0
10   47.7  69.1 12:00pm   34.0  5:00am   6.6  0.0  0.00   8  15  00:00   WNW  29.2 53.5
11   52.3  73.0  4:00pm   37.0  7:00am   2.3  0.0  0.00   7  14  00:00     S  29.1 44.8
12   56.7  75.9  4:00pm   43.0  2:00am   0.0  1.3  0.00   9  16  00:00   SSE  29.0 34.9
13   55.7  71.1  2:00pm   45.0 11:00pm   1.6  0.0  0.00  11  21  00:00   WSW  28.9 37.5
14   56.4  73.0  2:00pm   39.0  6:00am   0.3  0.0  0.00   6  12  00:00   SSW  28.9 41.0
15   55.4  73.9  3:00pm   43.0  6:00am   0.3  0.0  0.00  21  40  00:00    SW  28.9 39.2
16   58.2  75.9  2:00pm   43.0  3:00am   0.0  2.1  0.00  10  18  00:00     W  27.6 36.0
17   52.9  69.1 11:00am   46.0 10:00pm   4.0  0.0  0.00  12  23  00:00   ESE  28.9 49.4
18     51  69.1  3:00pm   39.0  7:00am   4.9  0.0  0.00   9  16  00:00   WSW  29.0 58.0
19     46  57.0  1:00pm   39.0  8:00am  13.5  0.0  0.00  12  23  00:00   SSW  27.7 66.1
20     48  68.0  3:00pm   34.0  8:00am   7.0  0.0  0.00   7  13  00:00   ESE  28.8 58.6
21   48.5  72.0  4:00pm   35.1  6:00am   4.7  0.0  0.00   9  16  00:00   SSE  29.0 57.4
22   53.3  71.1  2:00pm   42.1  2:00am   2.8  0.0  0.00  13  25  00:00    SW  28.7 38.3
23   44.2  69.1  5:00pm   25.2  7:00am   8.3  0.0  0.00   5   9  00:00   SSE  28.9 54.4
24   49.7  72.0  4:00pm   34.0  6:00am   4.1  0.0  0.00   7  14  00:00    SW  28.7 42.6
25   39.6  53.1  5:00pm   31.1  5:00am  18.6  0.0  0.00   9  16  00:00   SSW  29.0 64.7
26   52.8  73.0  4:00pm   37.0  2:00am   2.1  0.0  0.00   6  12  00:00     S  28.6 35.9
27   41.5  57.9  4:00am   28.2 10:00pm  15.3  0.0  0.00   7  14  00:00   ESE  28.6 48.0
28   37.5  64.9  2:00pm   22.1  7:00am  13.8  0.0  0.00   9  16  00:00    SW  28.8 57.5
29   46.7  57.0 11:00am   44.1  3:00am  13.1  0.0  0.00   8  15  00:00     W  28.9 45.8
30   49.1  66.0  1:00pm   36.0  4:00am   7.4  0.0  0.00  19  37  00:00    SW  28.9 51.3
31   48.4  71.1  3:00pm   32.0  6:00am   5.2  0.0  0.00   7  14  00:00   SSW  28.9 40.5