NOAA-Style Climate Reports

Select a Year or Month report
2018: Jan Feb Mar Apr May Jun Jul Aug Sep Oct Nov Dec
2017: Jan Feb Mar Apr May Jun Jul Aug Sep Oct Nov Dec
2016: Jan Feb Mar Apr May Jun Jul Aug Sep Oct Nov Dec
2015: Jan Feb Mar Apr May Jun Jul Aug Sep Oct Nov Dec
2014: Jan Feb Mar Apr May Jun Jul Aug Sep Oct Nov Dec
2013: Jan Feb Mar Apr May Jun Jul Aug Sep Oct Nov Dec
2012: Jan Feb Mar Apr May Jun Jul Aug Sep Oct Nov Dec
2011: Jan Feb Mar Apr May Jun Jul Aug Sep Oct Nov Dec
2010: Jan Feb Mar Apr May Jun Jul Aug Sep Oct Nov Dec
2009: Jan Feb Mar Apr May Jun Jul Aug Sep Oct Nov Dec
2008: Jan Feb Mar Apr May Jun Jul Aug Sep Oct Nov Dec
2007: Jan Feb Mar Apr May Jun Jul Aug Sep Oct Nov Dec
2006: Jan Feb Mar Apr May Jun Jul Aug Sep Oct Nov Dec
2005: Jan Feb Mar Apr May Jun Jul Aug Sep Oct Nov Dec
2004: Jan Feb Mar Apr May Jun Jul Aug Sep Oct Nov Dec
2003: Jan Feb Mar Apr May Jun Jul Aug Sep Oct Nov Dec
2002: Jan Feb Mar Apr May Jun Jul Aug Sep Oct Nov Dec
2001: Jan Feb Mar Apr May Jun Jul Aug Sep Oct Nov Dec
2000: Jan Feb Mar Apr May Jun Jul Aug Sep Oct Nov Dec
1999: Jan Feb Mar Apr May Jun Jul Aug Sep Oct Nov Dec
1998: Jan Feb Mar Apr May Jun Jul Aug Sep Oct Nov Dec
1997: Jan Feb Mar Apr May Jun Jul Aug Sep Oct Nov Dec
1996: Jan Feb Mar Apr May Jun Jul Aug Sep Oct Nov Dec
1995: Jan Feb Mar Apr May Jun Jul Aug Sep Oct Nov Dec
1994: Jan Feb Mar Apr May Jun Jul Aug Sep Oct Nov Dec
1993: Jan Feb Mar Apr May Jun Jul Aug Sep Oct Nov Dec
1992: Jan Feb Mar Apr May Jun Jul Aug Sep Oct Nov Dec
1991: Jan Feb Mar Apr May Jun Jul Aug Sep Oct Nov Dec
1990: Jan Feb Mar Apr May Jun Jul Aug Sep Oct Nov Dec
1989: Jan Feb Mar Apr May Jun Jul Aug Sep Oct Nov Dec
1988: Jan Feb Mar Apr May Jun Jul Aug Sep Oct Nov Dec
1987: Jan Feb Mar Apr May Jun Jul Aug Sep Oct Nov Dec
1986: Jan Feb Mar Apr May Jun Jul Aug Sep Oct Nov Dec

Report for 1988 November
                  MONTHLY CLIMATOLOGICAL SUMMARY FOR 11/1988
                                        HEAT  COOL        
     MEAN                               DEG   DEG       WIND SPEED       DOM MEAN  MEAN
DAY  TEMP  HIGH   TIME     LOW   TIME   DAYS  DAYS RAIN AVG  HI  TIME    DIR BAROM HUM
---------------------------------------------------------------------------------------
1    52.1  71.1  1:00pm   32.0  5:00am   3.4  0.0  0.00   7  14  00:00   WSW  28.6 31.1
2    51.9  63.0  3:00pm   46.9 10:00pm   7.5  0.0  0.00   7  13  00:00    SW  28.6 38.8
3    48.1  63.0  2:00pm   41.0  1:00am   9.4  0.0  0.00  24  46  00:00   WNW  28.5 51.4
4    43.9  52.0  1:00pm   41.0  8:00pm  17.0  0.0  0.00  21  40  00:00    NW  28.7 47.2
5    37.8  51.1  3:00pm   29.1  6:00am  20.5  0.0  0.00  12  23  00:00     S  28.9 54.2
6    47.5  64.0 12:00pm   32.0  5:00am   9.2  0.0  0.00   9  17  00:00     S  28.6 43.3
7    40.8  55.0  2:00pm   31.1  7:00am  17.1  0.0  0.00   9  16  00:00   SSE  27.3 51.5
8    40.1  66.9  1:00pm   26.2  6:00am  11.5  0.0  0.00  12  23  00:00   SSW  28.4 52.0
9    35.4  48.0  3:00pm   26.2 10:00pm  23.3  0.0  0.00  10  18  00:00    SE  28.6 75.5
10   28.7  44.1  3:00pm   20.1  2:00am  28.6  0.0  0.00   6  12  00:00    SW  28.7 72.5
11     35  48.0  1:00pm   27.1  6:00am  23.5  0.0  0.00  13  25  00:00   WSW  28.6 68.0
12   40.4  60.1  3:00pm   25.2  7:00am  14.7  0.0  0.00  18  35  00:00   SSW  28.7 37.4
13   44.7  64.9  1:00pm   29.1  5:00am  10.2  0.0  0.00  13  25  00:00     S  28.7 46.3
14   50.6  68.0  1:00pm   43.0  1:00am   5.7  0.0  0.00  18  35  00:00   SSW  27.1 37.7
15   27.8  45.0 12:00am   21.2  8:00pm  28.6  0.0  0.00  16  31  00:00    NW  28.6 77.8
16   25.6  39.9  2:00pm   13.1  5:00am  32.2  0.0  0.00   8  15  00:00   SSW  28.8 54.1
17   31.5  48.9  1:00pm   23.2 12:00am  24.8  0.0  0.00  11  21  00:00    SW  28.5 56.1
18   26.1  36.0  3:00pm   18.1  6:00am  33.9  0.0  0.00   7  14  00:00   ESE  28.7 76.9
19   22.8  36.0  3:00pm   13.1  7:00am  35.6  0.0  0.00   5   9  00:00    SE  28.8 72.0
20   29.2  45.0  2:00pm   17.2 12:00am  27.9  0.0  0.00   7  13  00:00    SW  28.9 56.7
21     31  46.9  2:00pm   17.2  3:00am  26.0  0.0  0.00   7  14  00:00   SSW  28.8 49.2
22   37.6  53.1  1:00pm   25.2  1:00am  19.6  0.0  0.00   7  14  00:00   SSE  28.7 43.5
23   49.7  64.9 12:00pm   37.0 12:00am   7.7  0.0  0.00  18  35  00:00    SW  28.6 40.6
24   44.1  57.0 11:00am   31.1 10:00pm  14.4  0.0  0.00  18  35  00:00   SSE  28.4 36.3
25   26.2  32.0  3:00pm   22.1 11:00pm  35.9  0.0  0.00  12  23  00:00     S  28.5 68.4
26   23.2  31.1 11:00am   15.3  1:00am  37.8  0.0  0.00  12  23  00:00   SSW  28.3 69.2
27   18.9  30.2  2:00pm    8.2  6:00am  40.4  0.0  0.00  11  21  00:00   SSW  28.8 64.2
28   40.5  61.0  1:00pm   26.2  2:00am  14.2  0.0  0.00  18  35  00:00    SW  28.7 44.4
29   26.7  36.0 12:00pm   18.1 11:00pm  33.6  0.0  0.00  16  31  00:00   WNW  27.7 54.9
30     29  44.1  2:00pm   16.2 12:00am  28.4  0.0  0.00   5   9  00:00   WSW  29.0 50.5