NOAA-Style Climate Reports

Select a Year or Month report
2018: Jan Feb Mar Apr May Jun Jul Aug Sep Oct Nov Dec
2017: Jan Feb Mar Apr May Jun Jul Aug Sep Oct Nov Dec
2016: Jan Feb Mar Apr May Jun Jul Aug Sep Oct Nov Dec
2015: Jan Feb Mar Apr May Jun Jul Aug Sep Oct Nov Dec
2014: Jan Feb Mar Apr May Jun Jul Aug Sep Oct Nov Dec
2013: Jan Feb Mar Apr May Jun Jul Aug Sep Oct Nov Dec
2012: Jan Feb Mar Apr May Jun Jul Aug Sep Oct Nov Dec
2011: Jan Feb Mar Apr May Jun Jul Aug Sep Oct Nov Dec
2010: Jan Feb Mar Apr May Jun Jul Aug Sep Oct Nov Dec
2009: Jan Feb Mar Apr May Jun Jul Aug Sep Oct Nov Dec
2008: Jan Feb Mar Apr May Jun Jul Aug Sep Oct Nov Dec
2007: Jan Feb Mar Apr May Jun Jul Aug Sep Oct Nov Dec
2006: Jan Feb Mar Apr May Jun Jul Aug Sep Oct Nov Dec
2005: Jan Feb Mar Apr May Jun Jul Aug Sep Oct Nov Dec
2004: Jan Feb Mar Apr May Jun Jul Aug Sep Oct Nov Dec
2003: Jan Feb Mar Apr May Jun Jul Aug Sep Oct Nov Dec
2002: Jan Feb Mar Apr May Jun Jul Aug Sep Oct Nov Dec
2001: Jan Feb Mar Apr May Jun Jul Aug Sep Oct Nov Dec
2000: Jan Feb Mar Apr May Jun Jul Aug Sep Oct Nov Dec
1999: Jan Feb Mar Apr May Jun Jul Aug Sep Oct Nov Dec
1998: Jan Feb Mar Apr May Jun Jul Aug Sep Oct Nov Dec
1997: Jan Feb Mar Apr May Jun Jul Aug Sep Oct Nov Dec
1996: Jan Feb Mar Apr May Jun Jul Aug Sep Oct Nov Dec
1995: Jan Feb Mar Apr May Jun Jul Aug Sep Oct Nov Dec
1994: Jan Feb Mar Apr May Jun Jul Aug Sep Oct Nov Dec
1993: Jan Feb Mar Apr May Jun Jul Aug Sep Oct Nov Dec
1992: Jan Feb Mar Apr May Jun Jul Aug Sep Oct Nov Dec
1991: Jan Feb Mar Apr May Jun Jul Aug Sep Oct Nov Dec
1990: Jan Feb Mar Apr May Jun Jul Aug Sep Oct Nov Dec
1989: Jan Feb Mar Apr May Jun Jul Aug Sep Oct Nov Dec
1988: Jan Feb Mar Apr May Jun Jul Aug Sep Oct Nov Dec
1987: Jan Feb Mar Apr May Jun Jul Aug Sep Oct Nov Dec
1986: Jan Feb Mar Apr May Jun Jul Aug Sep Oct Nov Dec

Report for 1988 December
                  MONTHLY CLIMATOLOGICAL SUMMARY FOR 12/1988
                                        HEAT  COOL        
     MEAN                               DEG   DEG       WIND SPEED       DOM MEAN  MEAN
DAY  TEMP  HIGH   TIME     LOW   TIME   DAYS  DAYS RAIN AVG  HI  TIME    DIR BAROM HUM
---------------------------------------------------------------------------------------
1    39.5  59.0  1:00pm   23.2  2:00am  15.7  0.0  0.00   9  16  00:00   SSE  29.2 45.0
2    37.3  66.0  3:00pm   23.2  6:00am  13.3  0.0  0.00   7  13  00:00   SSE  29.0 46.3
3    33.4  52.0  3:00pm   23.2  4:00am  22.3  0.0  0.00   8  15  00:00   SSE  29.3 39.5
4    35.7  57.9  2:00pm   20.1  7:00am  18.2  0.0  0.00   9  16  00:00    SE  29.2 41.8
5    34.3  60.1  2:00pm   21.2  2:00am  17.8  0.0  0.00   6  12  00:00   SSW  29.0 37.5
6    30.8  46.0  2:00pm   20.1  5:00am  26.6  0.0  0.00   7  14  00:00   ESE  28.8 44.6
7    23.8  29.1 12:00am   16.2  9:00pm  38.5  0.0  0.00   6  12  00:00     S  28.9 79.5
8    14.3  22.1  3:00pm    8.2  5:00am  46.8  0.0  0.00   6  12  00:00   WSW  29.1 82.8
9    27.1  44.1  1:00pm   15.3  7:00am  29.4  0.0  0.00   8  15  00:00   SSE  27.6 63.0
10   26.1  37.9  1:00pm   16.2  7:00am  33.0  0.0  0.00  10  18  00:00     S  28.9 75.6
11   26.8  34.0  3:00pm   23.2  8:00pm  34.6  0.0  0.00   9  16  00:00   SSE  28.9 72.7
12   38.8  55.9  3:00pm   26.2  1:00am  17.6  0.0  0.00  12  23  00:00   WSW  28.8 50.2
13   45.7  66.2  3:00pm   32.0 12:00am   9.0  0.0  0.00   9  17  00:00     S  28.7 39.8
14   28.2  44.1 12:00am   23.2  8:00pm  28.8  0.0  0.00   7  14  00:00     E  28.8 70.5
15   12.4  23.2 12:00am    5.2 10:00pm  47.2  0.0  0.00  15  29  00:00     W  29.1 90.5
16   20.8  39.9  1:00pm    3.2  1:00am  34.6  0.0  0.00   7  13  00:00   SSE  29.0 74.8
17   32.3  46.0  2:00pm   23.2  1:00am  25.8  0.0  0.00   9  16  00:00   SSE  29.1 54.4
18   37.9  53.1  2:00pm   24.3  7:00am  19.5  0.0  0.00  10  20  00:00   SSE  28.7 48.6
19   35.7  44.1 10:00am   27.1 11:00pm  25.1  0.0  0.00  18  35  00:00   WNW  28.2 63.8
20   27.8  39.0  2:00pm   22.1  2:00am  31.6  0.0  0.00   9  17  00:00   SSE  28.6 63.5
21   36.2  48.9  2:00pm   22.1  1:00am  22.4  0.0  0.00  15  29  00:00   WSW  28.5 46.5
22   28.6  35.1 12:00am   24.3  7:00pm  33.1  0.0  0.00  20  38  00:00   WNW  28.5 44.8
23   25.8  32.0  2:00pm   21.2 10:00pm  36.1  0.0  0.00  15  29  00:00    SW  28.5 53.0
24   20.5  33.1  1:00pm   10.2  5:00am  38.2  0.0  0.00  12  23  00:00     S  27.5 62.2
25   18.6  30.2  2:00pm   13.1  8:00am  40.6  0.0  0.00   5  10  00:00    SW  28.5 78.5
26     19  28.2  3:00pm   14.2  1:00am  41.4  0.0  0.00   7  14  00:00   SSW  28.4 72.9
27      9  25.2  2:00pm   -4.9  4:00am  47.9  0.0  0.00   7  13  00:00     S  28.7 69.9
28   10.6  26.2 12:00pm    2.1 12:00am  46.6  0.0  0.00   7  13  00:00   SSW  27.3 66.5
29   19.8  36.0  2:00pm    4.1 12:00am  37.1  0.0  0.00   7  14  00:00    SW  28.7 51.4
30   25.4  45.0  2:00pm   13.1  5:00am  29.8  0.0  0.00   7  14  00:00   SSE  28.7 62.8
31     30  48.9  2:00pm   20.1  2:00am  25.5  0.0  0.00   6  12  00:00   SSE  28.5 61.4