NOAA-Style Climate Reports

Select a Year or Month report
2018: Jan Feb Mar Apr May Jun Jul Aug Sep Oct Nov Dec
2017: Jan Feb Mar Apr May Jun Jul Aug Sep Oct Nov Dec
2016: Jan Feb Mar Apr May Jun Jul Aug Sep Oct Nov Dec
2015: Jan Feb Mar Apr May Jun Jul Aug Sep Oct Nov Dec
2014: Jan Feb Mar Apr May Jun Jul Aug Sep Oct Nov Dec
2013: Jan Feb Mar Apr May Jun Jul Aug Sep Oct Nov Dec
2012: Jan Feb Mar Apr May Jun Jul Aug Sep Oct Nov Dec
2011: Jan Feb Mar Apr May Jun Jul Aug Sep Oct Nov Dec
2010: Jan Feb Mar Apr May Jun Jul Aug Sep Oct Nov Dec
2009: Jan Feb Mar Apr May Jun Jul Aug Sep Oct Nov Dec
2008: Jan Feb Mar Apr May Jun Jul Aug Sep Oct Nov Dec
2007: Jan Feb Mar Apr May Jun Jul Aug Sep Oct Nov Dec
2006: Jan Feb Mar Apr May Jun Jul Aug Sep Oct Nov Dec
2005: Jan Feb Mar Apr May Jun Jul Aug Sep Oct Nov Dec
2004: Jan Feb Mar Apr May Jun Jul Aug Sep Oct Nov Dec
2003: Jan Feb Mar Apr May Jun Jul Aug Sep Oct Nov Dec
2002: Jan Feb Mar Apr May Jun Jul Aug Sep Oct Nov Dec
2001: Jan Feb Mar Apr May Jun Jul Aug Sep Oct Nov Dec
2000: Jan Feb Mar Apr May Jun Jul Aug Sep Oct Nov Dec
1999: Jan Feb Mar Apr May Jun Jul Aug Sep Oct Nov Dec
1998: Jan Feb Mar Apr May Jun Jul Aug Sep Oct Nov Dec
1997: Jan Feb Mar Apr May Jun Jul Aug Sep Oct Nov Dec
1996: Jan Feb Mar Apr May Jun Jul Aug Sep Oct Nov Dec
1995: Jan Feb Mar Apr May Jun Jul Aug Sep Oct Nov Dec
1994: Jan Feb Mar Apr May Jun Jul Aug Sep Oct Nov Dec
1993: Jan Feb Mar Apr May Jun Jul Aug Sep Oct Nov Dec
1992: Jan Feb Mar Apr May Jun Jul Aug Sep Oct Nov Dec
1991: Jan Feb Mar Apr May Jun Jul Aug Sep Oct Nov Dec
1990: Jan Feb Mar Apr May Jun Jul Aug Sep Oct Nov Dec
1989: Jan Feb Mar Apr May Jun Jul Aug Sep Oct Nov Dec
1988: Jan Feb Mar Apr May Jun Jul Aug Sep Oct Nov Dec
1987: Jan Feb Mar Apr May Jun Jul Aug Sep Oct Nov Dec
1986: Jan Feb Mar Apr May Jun Jul Aug Sep Oct Nov Dec

Report for 1989 January
                  MONTHLY CLIMATOLOGICAL SUMMARY FOR 1/1989
                                        HEAT  COOL        
     MEAN                               DEG   DEG       WIND SPEED       DOM MEAN  MEAN
DAY  TEMP  HIGH   TIME     LOW   TIME   DAYS  DAYS RAIN AVG  HI  TIME    DIR BAROM HUM
---------------------------------------------------------------------------------------
1    28.1  44.1  2:00pm   18.1  5:00am  28.9  0.0  0.00  12  23  00:00   ESE  28.6 60.1
2    35.1  53.1  2:00pm   23.2  4:00am  20.9  0.0  0.00  12  23  00:00    SW  28.7 44.3
3    36.4  57.0  2:00pm   24.3  3:00am  18.3  0.0  0.00   9  17  00:00   SSE  28.9 52.2
4    38.5  51.1  1:00pm   29.1  8:00am  20.2  0.0  0.00   7  14  00:00     S  28.7 49.3
5    39.2  53.1  2:00pm   33.1  7:00pm  18.8  0.0  0.00  14  28  00:00     W  28.4 63.1
6    36.5  48.0  2:00pm   24.3 11:00pm  22.7  0.0  0.00  15  29  00:00    SW  28.4 52.7
7    18.8  25.2  1:00pm   10.2  9:00pm  43.0  0.0  0.00  18  35  00:00     W  28.6 47.5
8    15.7  26.2  3:00pm    6.3  3:00am  44.0  0.0  0.00   9  17  00:00   WNW  28.8 46.2
9    30.2  44.1  2:00pm   21.2 12:00am  27.8  0.0  0.00  15  29  00:00   SSW  28.7 44.8
10   34.4  57.9  3:00pm   22.1 12:00am  18.8  0.0  0.00   9  17  00:00     S  28.5 51.7
11   21.3  31.1  5:00am   15.3 11:00pm  38.8  0.0  0.00  10  18  00:00   ESE  28.6 83.3
12   10.4  24.3  3:00pm    0.1  4:00am  47.6  0.0  0.00   6  12  00:00     S  27.8 78.4
13   17.5  37.9  3:00pm    1.2  7:00am  37.3  0.0  0.00   6  12  00:00   SSE  28.9 65.3
14   27.1  37.9 12:00pm   16.2 10:00pm  32.5  0.0  0.00  11  21  00:00   SSE  28.5 55.8
15   18.7  31.1  2:00pm   10.2  7:00am  40.1  0.0  0.00  12  23  00:00     S  28.9 61.1
16     30  46.9  2:00pm   12.2  3:00am  26.5  0.0  0.00   6  12  00:00   SSW  28.9 49.9
17   37.3  52.0  1:00pm   25.2  7:00am  20.3  0.0  0.00  18  35  00:00   SSW  28.8 43.9
18   36.5  55.0  1:00pm   25.2  2:00am  19.2  0.0  0.00   7  13  00:00   SSE  29.0 50.5
19   33.2  48.9 12:00pm   26.2  7:00am  23.9  0.0  0.00  10  18  00:00    SE  29.1 59.6
20   33.5  55.0  3:00pm   19.2  6:00am  20.7  0.0  0.00   5   9  00:00   SSE  29.0 59.4
21   38.7  57.0  3:00pm   28.2  4:00am  17.1  0.0  0.00   7  14  00:00   SSW  28.8 39.4
22   37.3  57.9  1:00pm   27.1  3:00am  17.4  0.0  0.00   7  14  00:00   SSE  28.5 37.6
23   33.4  54.0  2:00pm   19.2  1:00am  21.3  0.0  0.00   8  15  00:00     S  28.5 51.6
24   20.3  26.2 12:00am   16.2  8:00am  41.7  0.0  0.00   5   9  00:00   WNW  28.7 87.9
25   21.5  25.2 12:00pm   18.1 11:00pm  41.6  0.0  0.00   5   9  00:00     E  28.8 90.1
26   26.6  48.9  3:00pm   10.2  6:00am  27.2  0.0  0.00   6  12  00:00   SSE  28.9 61.0
27   34.7  55.0  1:00pm   20.1  1:00am  20.1  0.0  0.00  12  23  00:00   SSW  28.8 48.0
28   23.5  34.0 12:00am   21.2  7:00pm  36.2  0.0  0.00  17  32  00:00     N  28.7 89.9
29   26.9  43.0  3:00pm   14.2  1:00am  30.0  0.0  0.00   7  14  00:00    SW  27.4 65.2
30   40.6  52.0  3:00pm   27.1  1:00am  18.7  0.0  0.00   7  14  00:00   SSW  27.6 51.7
31   47.8  63.0  3:00pm   37.0  2:00am   9.6  0.0  0.00  15  29  00:00   SSW  28.5 32.3