NOAA-Style Climate Reports

Select a Year or Month report
2018: Jan Feb Mar Apr May Jun Jul Aug Sep Oct Nov Dec
2017: Jan Feb Mar Apr May Jun Jul Aug Sep Oct Nov Dec
2016: Jan Feb Mar Apr May Jun Jul Aug Sep Oct Nov Dec
2015: Jan Feb Mar Apr May Jun Jul Aug Sep Oct Nov Dec
2014: Jan Feb Mar Apr May Jun Jul Aug Sep Oct Nov Dec
2013: Jan Feb Mar Apr May Jun Jul Aug Sep Oct Nov Dec
2012: Jan Feb Mar Apr May Jun Jul Aug Sep Oct Nov Dec
2011: Jan Feb Mar Apr May Jun Jul Aug Sep Oct Nov Dec
2010: Jan Feb Mar Apr May Jun Jul Aug Sep Oct Nov Dec
2009: Jan Feb Mar Apr May Jun Jul Aug Sep Oct Nov Dec
2008: Jan Feb Mar Apr May Jun Jul Aug Sep Oct Nov Dec
2007: Jan Feb Mar Apr May Jun Jul Aug Sep Oct Nov Dec
2006: Jan Feb Mar Apr May Jun Jul Aug Sep Oct Nov Dec
2005: Jan Feb Mar Apr May Jun Jul Aug Sep Oct Nov Dec
2004: Jan Feb Mar Apr May Jun Jul Aug Sep Oct Nov Dec
2003: Jan Feb Mar Apr May Jun Jul Aug Sep Oct Nov Dec
2002: Jan Feb Mar Apr May Jun Jul Aug Sep Oct Nov Dec
2001: Jan Feb Mar Apr May Jun Jul Aug Sep Oct Nov Dec
2000: Jan Feb Mar Apr May Jun Jul Aug Sep Oct Nov Dec
1999: Jan Feb Mar Apr May Jun Jul Aug Sep Oct Nov Dec
1998: Jan Feb Mar Apr May Jun Jul Aug Sep Oct Nov Dec
1997: Jan Feb Mar Apr May Jun Jul Aug Sep Oct Nov Dec
1996: Jan Feb Mar Apr May Jun Jul Aug Sep Oct Nov Dec
1995: Jan Feb Mar Apr May Jun Jul Aug Sep Oct Nov Dec
1994: Jan Feb Mar Apr May Jun Jul Aug Sep Oct Nov Dec
1993: Jan Feb Mar Apr May Jun Jul Aug Sep Oct Nov Dec
1992: Jan Feb Mar Apr May Jun Jul Aug Sep Oct Nov Dec
1991: Jan Feb Mar Apr May Jun Jul Aug Sep Oct Nov Dec
1990: Jan Feb Mar Apr May Jun Jul Aug Sep Oct Nov Dec
1989: Jan Feb Mar Apr May Jun Jul Aug Sep Oct Nov Dec
1988: Jan Feb Mar Apr May Jun Jul Aug Sep Oct Nov Dec
1987: Jan Feb Mar Apr May Jun Jul Aug Sep Oct Nov Dec
1986: Jan Feb Mar Apr May Jun Jul Aug Sep Oct Nov Dec

Report for 1989 February
                  MONTHLY CLIMATOLOGICAL SUMMARY FOR 2/1989
                                        HEAT  COOL        
     MEAN                               DEG   DEG       WIND SPEED       DOM MEAN  MEAN
DAY  TEMP  HIGH   TIME     LOW   TIME   DAYS  DAYS RAIN AVG  HI  TIME    DIR BAROM HUM
---------------------------------------------------------------------------------------
1    16.5  28.2 12:00am    5.2 11:00pm  42.6  0.0  0.00  13  25  00:00    SW  28.5 89.6
2    -2.5   2.1 12:00am   -9.8 11:00pm  65.2  0.0  0.00   6  12  00:00    SE  28.7 92.6
3   -12.3  -7.8  2:00pm  -17.9  5:00am  75.1  0.0  0.00   8  15  00:00   ENE  29.0 91.8
4   -13.9 -10.8 12:00am  -17.9 11:00pm  77.4  0.0  0.00   7  13  00:00   SSE  28.8 95.2
5   -10.8  -0.8  8:00pm  -23.8  7:00am  70.8  0.0  0.00   6  12  00:00     W  28.8 82.6
6     0.8   8.2  1:00pm  -10.8  8:00am  60.5  0.0  0.00   7  14  00:00   SSW  28.9 76.3
7     6.2  22.1  3:00pm   -5.8  1:00am  50.8  0.0  0.00   7  13  00:00   SSE  29.0 68.4
8     2.7  15.3  3:00pm   -6.9  8:00am  56.0  0.0  0.00   5   9  00:00     S  29.2 81.2
9    18.5  46.0  1:00pm   -3.8  1:00am  32.7  0.0  0.00   7  13  00:00     S  29.1 75.4
10   33.4  50.0  1:00pm   16.2  1:00am  23.3  0.0  0.00   7  14  00:00     S  29.0 65.5
11   29.5  37.0  3:00pm   25.2  5:00am  31.7  0.0  0.00   6  12  00:00   SSW  29.0 75.8
12   28.1  36.0  3:00pm   23.2 11:00pm  32.9  0.0  0.00  12  23  00:00     S  28.7 80.4
13   21.5  25.2 11:00am   17.2  7:00am  41.6  0.0  0.00   7  13  00:00    SE  28.6 86.1
14   19.5  23.2  1:00pm   18.1  8:00am  43.6  0.0  0.00   6  12  00:00     S  28.7 88.2
15   21.2  32.0  2:00pm   17.2 10:00pm  38.4  0.0  0.00   9  17  00:00   WSW  29.0 81.9
16     24  42.1 12:00pm   12.2  3:00am  31.9  0.0  0.00   9  16  00:00    SW  29.0 78.0
17   20.4  24.3  1:00pm   19.2  1:00am  42.6  0.0  0.00   6  12  00:00   WSW  29.0 87.7
18   27.3  39.9 12:00pm   20.1 12:00am  31.4  0.0  0.00   7  14  00:00   WSW  28.8 84.0
19   30.2  42.1  2:00pm   22.1  7:00am  28.8  0.0  0.00   5   9  00:00    SW  27.4 77.8
20   28.5  33.1  1:00am   24.3 11:00pm  34.2  0.0  0.00   6  10  00:00   SSE  28.6 91.2
21   27.7  39.9  2:00pm   18.1  3:00am  31.2  0.0  0.00  15  29  00:00    SW  28.8 65.9
22   29.9  45.0  3:00pm   19.2  6:00am  27.5  0.0  0.00   6  10  00:00   SSE  29.1 66.9
23   40.8  57.9  2:00pm   30.2  5:00am  15.6  0.0  0.00   9  17  00:00   SSE  28.9 55.0
24   43.1  62.1  3:00pm   30.2  3:00am  12.4  0.0  0.00   8  15  00:00   SSE  29.0 50.0
25   47.3  64.9  1:00pm   35.1  6:00am   8.9  0.0  0.00   7  14  00:00    SE  28.9 47.4
26     35  45.0  4:00pm   26.2  7:00am  25.0  0.0  0.00  16  30  00:00   WNW  27.6 73.1
27   30.2  45.0  1:00pm   22.1  7:00am  27.4  0.0  0.00   9  17  00:00   SSE  28.5 74.2
28   20.9  26.2 12:00am   19.2  7:00pm  41.4  0.0  0.00   7  13  00:00    SE  28.6 89.9