NOAA-Style Climate Reports

Select a Year or Month report
2018: Jan Feb Mar Apr May Jun Jul Aug Sep Oct Nov Dec
2017: Jan Feb Mar Apr May Jun Jul Aug Sep Oct Nov Dec
2016: Jan Feb Mar Apr May Jun Jul Aug Sep Oct Nov Dec
2015: Jan Feb Mar Apr May Jun Jul Aug Sep Oct Nov Dec
2014: Jan Feb Mar Apr May Jun Jul Aug Sep Oct Nov Dec
2013: Jan Feb Mar Apr May Jun Jul Aug Sep Oct Nov Dec
2012: Jan Feb Mar Apr May Jun Jul Aug Sep Oct Nov Dec
2011: Jan Feb Mar Apr May Jun Jul Aug Sep Oct Nov Dec
2010: Jan Feb Mar Apr May Jun Jul Aug Sep Oct Nov Dec
2009: Jan Feb Mar Apr May Jun Jul Aug Sep Oct Nov Dec
2008: Jan Feb Mar Apr May Jun Jul Aug Sep Oct Nov Dec
2007: Jan Feb Mar Apr May Jun Jul Aug Sep Oct Nov Dec
2006: Jan Feb Mar Apr May Jun Jul Aug Sep Oct Nov Dec
2005: Jan Feb Mar Apr May Jun Jul Aug Sep Oct Nov Dec
2004: Jan Feb Mar Apr May Jun Jul Aug Sep Oct Nov Dec
2003: Jan Feb Mar Apr May Jun Jul Aug Sep Oct Nov Dec
2002: Jan Feb Mar Apr May Jun Jul Aug Sep Oct Nov Dec
2001: Jan Feb Mar Apr May Jun Jul Aug Sep Oct Nov Dec
2000: Jan Feb Mar Apr May Jun Jul Aug Sep Oct Nov Dec
1999: Jan Feb Mar Apr May Jun Jul Aug Sep Oct Nov Dec
1998: Jan Feb Mar Apr May Jun Jul Aug Sep Oct Nov Dec
1997: Jan Feb Mar Apr May Jun Jul Aug Sep Oct Nov Dec
1996: Jan Feb Mar Apr May Jun Jul Aug Sep Oct Nov Dec
1995: Jan Feb Mar Apr May Jun Jul Aug Sep Oct Nov Dec
1994: Jan Feb Mar Apr May Jun Jul Aug Sep Oct Nov Dec
1993: Jan Feb Mar Apr May Jun Jul Aug Sep Oct Nov Dec
1992: Jan Feb Mar Apr May Jun Jul Aug Sep Oct Nov Dec
1991: Jan Feb Mar Apr May Jun Jul Aug Sep Oct Nov Dec
1990: Jan Feb Mar Apr May Jun Jul Aug Sep Oct Nov Dec
1989: Jan Feb Mar Apr May Jun Jul Aug Sep Oct Nov Dec
1988: Jan Feb Mar Apr May Jun Jul Aug Sep Oct Nov Dec
1987: Jan Feb Mar Apr May Jun Jul Aug Sep Oct Nov Dec
1986: Jan Feb Mar Apr May Jun Jul Aug Sep Oct Nov Dec

Report for 1989 March
                  MONTHLY CLIMATOLOGICAL SUMMARY FOR 3/1989
                                        HEAT  COOL        
     MEAN                               DEG   DEG       WIND SPEED       DOM MEAN  MEAN
DAY  TEMP  HIGH   TIME     LOW   TIME   DAYS  DAYS RAIN AVG  HI  TIME    DIR BAROM HUM
---------------------------------------------------------------------------------------
1    25.6  35.1 12:00pm   20.1 12:00am  34.6  0.0  0.00  10  18  00:00   WNW  28.6 85.0
2    28.7  39.0  4:00pm   25.2  3:00am  31.1  0.0  0.00   6  12  00:00    SW  28.3 81.9
3    13.6  29.1 12:00am    0.1 10:00pm  43.6  0.0  0.00   7  14  00:00   SSE  28.2 85.7
4     3.6  14.2  3:00pm   -3.8  1:00am  56.1  0.0  0.00   6  12  00:00   ESE  28.9 82.7
5    14.4  30.2  2:00pm   -1.8  2:00am  42.7  0.0  0.00   6  12  00:00   SSE  29.0 68.0
6    31.1  53.1  5:00pm   14.2  1:00am  22.9  0.0  0.00   7  14  00:00     W  28.6 63.0
7      42  61.0  1:00pm   31.1  3:00am  13.5  0.0  0.00   8  15  00:00     S  28.7 63.2
8    48.2  70.0  2:00pm   33.1  2:00am   5.9  0.0  0.00  12  23  00:00   SSE  28.9 61.6
9    55.1  75.0  4:00pm   44.1  3:00am   0.0  0.1  0.00  10  20  00:00     S  29.0 43.1
10   56.7  75.0  1:00pm   42.1  6:00am   0.0  0.9  0.00   6  12  00:00   SSE  28.9 36.0
11   52.5  73.9  3:00pm   42.1 12:00am   1.8  0.0  0.00   9  17  00:00   SSE  29.0 41.7
12   48.7  64.0 12:00pm   39.9 12:00am   8.6  0.0  0.00   6  12  00:00    SE  28.9 47.0
13   50.7  71.1  2:00pm   37.0  2:00am   4.1  0.0  0.00  18  36  00:00     W  28.5 41.8
14   34.3  44.1  1:00pm   25.2 11:00pm  25.8  0.0  0.00  24  46  00:00     W  28.5 43.3
15   34.1  55.0  3:00pm   19.2  6:00am  20.4  0.0  0.00  13  25  00:00   SSW  28.8 51.9
16   47.3  68.0  3:00pm   28.2  3:00am   7.3  0.0  0.00  11  21  00:00     S  28.6 36.2
17     36  57.0  3:00pm   22.1  4:00am  18.5  0.0  0.00  14  27  00:00   WSW  28.7 54.9
18   39.8  62.1  2:00pm   26.2  2:00am  14.0  0.0  0.00   7  14  00:00    SE  28.8 46.1
19   40.6  52.0 12:00pm   31.1  3:00am  18.7  0.0  0.00  12  23  00:00   SSW  28.6 53.3
20   20.7  29.1 12:00am   17.2 10:00pm  40.1  0.0  0.00  12  23  00:00     E  29.0 86.3
21   36.3  57.9  3:00pm   15.3  4:00am  17.9  0.0  0.00   7  14  00:00    SE  28.8 52.9
22   46.9  63.0  3:00pm   33.1 12:00am  10.0  0.0  0.00   7  13  00:00   SSW  28.7 44.8
23     45  64.9  1:00pm   31.1  7:00am  10.0  0.0  0.00  11  21  00:00     S  28.6 53.5
24   46.1  64.0  3:00pm   34.0  4:00am   9.9  0.0  0.00   9  17  00:00   ESE  28.7 52.0
25   50.5  70.0  2:00pm   32.0  6:00am   4.7  0.0  0.00   9  16  00:00    SW  28.6 41.2
26   53.5  68.0  3:00pm   42.1  3:00am   4.2  0.0  0.00  11  21  00:00    SW  28.5 32.4
27   47.9  62.1  1:00pm   41.0  3:00am  10.0  0.0  0.00  17  33  00:00     S  28.6 45.2
28   46.8  68.0  5:00pm   28.2  5:00am   7.6  0.0  0.00   8  15  00:00    SE  28.7 50.0
29     39  51.1 12:00am   31.1 11:00pm  19.9  0.0  0.00   7  13  00:00   ESE  28.7 71.5
30   33.2  46.9  1:00pm   25.2 11:00pm  24.9  0.0  0.00  20  38  00:00     S  28.9 74.0
31   41.7  63.0  3:00pm   23.2  1:00am  12.6  0.0  0.00   9  16  00:00    SE  28.7 53.7