NOAA-Style Climate Reports

Select a Year or Month report
2018: Jan Feb Mar Apr May Jun Jul Aug Sep Oct Nov Dec
2017: Jan Feb Mar Apr May Jun Jul Aug Sep Oct Nov Dec
2016: Jan Feb Mar Apr May Jun Jul Aug Sep Oct Nov Dec
2015: Jan Feb Mar Apr May Jun Jul Aug Sep Oct Nov Dec
2014: Jan Feb Mar Apr May Jun Jul Aug Sep Oct Nov Dec
2013: Jan Feb Mar Apr May Jun Jul Aug Sep Oct Nov Dec
2012: Jan Feb Mar Apr May Jun Jul Aug Sep Oct Nov Dec
2011: Jan Feb Mar Apr May Jun Jul Aug Sep Oct Nov Dec
2010: Jan Feb Mar Apr May Jun Jul Aug Sep Oct Nov Dec
2009: Jan Feb Mar Apr May Jun Jul Aug Sep Oct Nov Dec
2008: Jan Feb Mar Apr May Jun Jul Aug Sep Oct Nov Dec
2007: Jan Feb Mar Apr May Jun Jul Aug Sep Oct Nov Dec
2006: Jan Feb Mar Apr May Jun Jul Aug Sep Oct Nov Dec
2005: Jan Feb Mar Apr May Jun Jul Aug Sep Oct Nov Dec
2004: Jan Feb Mar Apr May Jun Jul Aug Sep Oct Nov Dec
2003: Jan Feb Mar Apr May Jun Jul Aug Sep Oct Nov Dec
2002: Jan Feb Mar Apr May Jun Jul Aug Sep Oct Nov Dec
2001: Jan Feb Mar Apr May Jun Jul Aug Sep Oct Nov Dec
2000: Jan Feb Mar Apr May Jun Jul Aug Sep Oct Nov Dec
1999: Jan Feb Mar Apr May Jun Jul Aug Sep Oct Nov Dec
1998: Jan Feb Mar Apr May Jun Jul Aug Sep Oct Nov Dec
1997: Jan Feb Mar Apr May Jun Jul Aug Sep Oct Nov Dec
1996: Jan Feb Mar Apr May Jun Jul Aug Sep Oct Nov Dec
1995: Jan Feb Mar Apr May Jun Jul Aug Sep Oct Nov Dec
1994: Jan Feb Mar Apr May Jun Jul Aug Sep Oct Nov Dec
1993: Jan Feb Mar Apr May Jun Jul Aug Sep Oct Nov Dec
1992: Jan Feb Mar Apr May Jun Jul Aug Sep Oct Nov Dec
1991: Jan Feb Mar Apr May Jun Jul Aug Sep Oct Nov Dec
1990: Jan Feb Mar Apr May Jun Jul Aug Sep Oct Nov Dec
1989: Jan Feb Mar Apr May Jun Jul Aug Sep Oct Nov Dec
1988: Jan Feb Mar Apr May Jun Jul Aug Sep Oct Nov Dec
1987: Jan Feb Mar Apr May Jun Jul Aug Sep Oct Nov Dec
1986: Jan Feb Mar Apr May Jun Jul Aug Sep Oct Nov Dec

Report for 1989 April
                  MONTHLY CLIMATOLOGICAL SUMMARY FOR 4/1989
                                        HEAT  COOL        
     MEAN                               DEG   DEG       WIND SPEED       DOM MEAN  MEAN
DAY  TEMP  HIGH   TIME     LOW   TIME   DAYS  DAYS RAIN AVG  HI  TIME    DIR BAROM HUM
---------------------------------------------------------------------------------------
1    35.9  46.9 10:00am   32.0  2:00pm  23.6  0.0  0.00  12  23  00:00   SSE  28.7 76.7
2    42.9  60.1  3:00pm   31.1  3:00am  13.5  0.0  0.00  17  32  00:00    SW  28.5 59.0
3    38.6  52.0  3:00pm   33.1  5:00am  19.7  0.0  0.00  20  39  00:00   WSW  28.6 65.2
4    36.4  46.0  5:00pm   29.1  7:00am  23.8  0.0  0.00  19  37  00:00     W  28.9 44.3
5    43.9  63.0  4:00pm   23.2  4:00am  11.5  0.0  0.00  14  28  00:00     W  28.9 45.6
6    54.8  69.1  4:00pm   46.0 10:00pm   3.0  0.0  0.00  18  35  00:00    NW  28.9 33.7
7    55.8  73.0  1:00pm   37.0  5:00am   0.6  0.0  0.00  24  46  00:00   WNW  27.4 36.7
8    38.2  46.9  3:00pm   32.0 11:00pm  22.4  0.0  0.00   9  17  00:00     E  28.8 67.5
9      21  31.1  1:00am   11.1 11:00pm  38.9  0.0  0.00  14  28  00:00     E  29.0 90.7
10   22.6  43.0  5:00pm    6.3  5:00am  32.2  0.0  0.00   7  13  00:00     S  29.0 70.9
11   31.2  39.0  6:00pm   28.2  4:00am  29.9  0.0  0.00   7  13  00:00     S  28.9 77.1
12     36  51.1  4:00pm   25.2  7:00am  21.4  0.0  0.00   6  12  00:00    SW  28.9 65.6
13   42.1  61.0  5:00pm   27.1  5:00am  13.4  0.0  0.00   6  12  00:00   SSE  28.9 51.2
14     48  64.9  3:00pm   34.0  7:00am   8.5  0.0  0.00  11  21  00:00   SSE  28.8 42.9
15   53.4  70.0  4:00pm   37.9 12:00am   3.3  0.0  0.00   9  18  00:00   SSW  28.7 39.1
16   54.5  66.9  1:00pm   46.0  4:00am   4.3  0.0  0.00  14  28  00:00   WSW  27.5 42.5
17   51.1  68.0  3:00pm   39.0  6:00am   5.4  0.0  0.00  11  21  00:00   SSW  28.8 62.7
18   47.9  68.0  5:00pm   31.1  6:00am   7.0  0.0  0.00  11  21  00:00     S  29.0 55.6
19     58  77.0  4:00pm   42.1  7:00am   0.0  2.5  0.00   9  17  00:00   SSW  29.0 39.9
20   60.9  78.1  3:00pm   48.0  7:00am   0.0  4.5  0.00   7  13  00:00   SSE  28.7 36.2
21   65.8  82.0  3:00pm   46.9  6:00am   0.0  8.9  0.00   9  17  00:00   SSW  28.7 28.2
22   65.8  81.0  3:00pm   57.9  7:00am   0.0  8.4  0.00  12  23  00:00   WNW  28.6 23.3
23   63.2  81.0  6:00pm   48.0  7:00am   0.0  7.1  0.00  12  23  00:00     S  28.6 23.3
24   58.7  79.0  3:00pm   43.0  4:00am   0.0  3.9  0.00  19  37  00:00   SSW  28.6 30.5
25     53  66.9  1:00pm   43.0  6:00am   5.0  0.0  0.00  10  20  00:00    SE  28.6 67.5
26   55.5  78.1  4:00pm   41.0  5:00am   0.0  1.8  0.00  21  40  00:00   SSW  28.5 54.3
27   40.6  48.9  5:00pm   36.0  2:00pm  20.2  0.0  0.00   8  16  00:00   SSE  28.7 65.5
28   33.5  44.1 12:00pm   25.2  6:00am  26.2  0.0  0.00  11  21  00:00     S  27.6 77.6
29   32.7  43.0  3:00pm   29.1  5:00am  27.1  0.0  0.00   7  14  00:00   ESE  28.9 79.8
30   30.1  35.1 12:00am   28.2  9:00am  32.4  0.0  0.00   6  12  00:00     E  29.0 85.4