NOAA-Style Climate Reports

Select a Year or Month report
2018: Jan Feb Mar Apr May Jun Jul Aug Sep Oct Nov Dec
2017: Jan Feb Mar Apr May Jun Jul Aug Sep Oct Nov Dec
2016: Jan Feb Mar Apr May Jun Jul Aug Sep Oct Nov Dec
2015: Jan Feb Mar Apr May Jun Jul Aug Sep Oct Nov Dec
2014: Jan Feb Mar Apr May Jun Jul Aug Sep Oct Nov Dec
2013: Jan Feb Mar Apr May Jun Jul Aug Sep Oct Nov Dec
2012: Jan Feb Mar Apr May Jun Jul Aug Sep Oct Nov Dec
2011: Jan Feb Mar Apr May Jun Jul Aug Sep Oct Nov Dec
2010: Jan Feb Mar Apr May Jun Jul Aug Sep Oct Nov Dec
2009: Jan Feb Mar Apr May Jun Jul Aug Sep Oct Nov Dec
2008: Jan Feb Mar Apr May Jun Jul Aug Sep Oct Nov Dec
2007: Jan Feb Mar Apr May Jun Jul Aug Sep Oct Nov Dec
2006: Jan Feb Mar Apr May Jun Jul Aug Sep Oct Nov Dec
2005: Jan Feb Mar Apr May Jun Jul Aug Sep Oct Nov Dec
2004: Jan Feb Mar Apr May Jun Jul Aug Sep Oct Nov Dec
2003: Jan Feb Mar Apr May Jun Jul Aug Sep Oct Nov Dec
2002: Jan Feb Mar Apr May Jun Jul Aug Sep Oct Nov Dec
2001: Jan Feb Mar Apr May Jun Jul Aug Sep Oct Nov Dec
2000: Jan Feb Mar Apr May Jun Jul Aug Sep Oct Nov Dec
1999: Jan Feb Mar Apr May Jun Jul Aug Sep Oct Nov Dec
1998: Jan Feb Mar Apr May Jun Jul Aug Sep Oct Nov Dec
1997: Jan Feb Mar Apr May Jun Jul Aug Sep Oct Nov Dec
1996: Jan Feb Mar Apr May Jun Jul Aug Sep Oct Nov Dec
1995: Jan Feb Mar Apr May Jun Jul Aug Sep Oct Nov Dec
1994: Jan Feb Mar Apr May Jun Jul Aug Sep Oct Nov Dec
1993: Jan Feb Mar Apr May Jun Jul Aug Sep Oct Nov Dec
1992: Jan Feb Mar Apr May Jun Jul Aug Sep Oct Nov Dec
1991: Jan Feb Mar Apr May Jun Jul Aug Sep Oct Nov Dec
1990: Jan Feb Mar Apr May Jun Jul Aug Sep Oct Nov Dec
1989: Jan Feb Mar Apr May Jun Jul Aug Sep Oct Nov Dec
1988: Jan Feb Mar Apr May Jun Jul Aug Sep Oct Nov Dec
1987: Jan Feb Mar Apr May Jun Jul Aug Sep Oct Nov Dec
1986: Jan Feb Mar Apr May Jun Jul Aug Sep Oct Nov Dec

Report for 1989 May
                  MONTHLY CLIMATOLOGICAL SUMMARY FOR 5/1989
                                        HEAT  COOL        
     MEAN                               DEG   DEG       WIND SPEED       DOM MEAN  MEAN
DAY  TEMP  HIGH   TIME     LOW   TIME   DAYS  DAYS RAIN AVG  HI  TIME    DIR BAROM HUM
---------------------------------------------------------------------------------------
1    41.8  62.1  3:00pm   26.2  1:00am  13.0  0.0  0.00   6  12  00:00   SSE  27.6 60.3
2    49.9  63.0  1:00pm   42.1  6:00am   8.5  0.0  0.00  10  18  00:00    SW  28.8 56.1
3      49  64.9  3:00pm   39.9  4:00am   8.0  0.0  0.00  21  40  00:00   SSW  27.6 62.5
4    46.8  60.1  4:00pm   35.1  5:00am  11.5  0.0  0.00  15  29  00:00   WSW  28.8 54.4
5      48  64.0  5:00pm   33.1  6:00am   9.0  0.0  0.00   8  15  00:00   SSE  28.9 56.4
6    49.8  75.9  4:00pm   35.1  4:45am   2.1  0.0  0.00   6  12  00:00   SSE  29.0 53.9
7    64.3  81.0  2:00pm   44.1  4:00am   0.0  7.7  0.00  10  21  00:00   WSW  28.9 31.1
8    59.4  75.9  6:00pm   51.1 11:00pm   0.0  2.7  0.00  13  25  00:00   SSW  28.9 54.2
9    47.3  53.1  3:00pm   46.9  7:00am  14.8  0.0  0.00  10  20  00:00   ESE  29.0 89.0
10   53.7  72.0  2:00pm   42.1  5:00am   2.1  0.0  0.00  11  21  00:00     S  28.7 67.6
11   58.7  77.0  1:00pm   46.0  5:00am   0.0  2.9  0.00  19  37  00:00   SSW  27.5 52.3
12   58.1  72.0  2:20pm   48.0  7:00am   0.0  0.1  0.00  18  35  00:00   WSW  28.6 38.3
13   43.1  55.0  2:00pm   37.9  5:00am  15.9  0.0  0.00   6  13  00:00    SE  28.8 79.6
14   41.9  48.9  5:00pm   39.9 12:00am  19.6  0.0  0.00  12  23  00:00    SE  28.8 90.9
15   44.7  57.0  3:00pm   39.0  1:00am  14.1  0.0  0.00   7  13  00:00    SW  28.7 84.5
16   47.6  63.0  2:00pm   39.9  6:00am   9.7  0.0  0.00  16  30  00:00     S  28.7 74.6
17     51  66.0  5:00pm   41.0  6:00am   6.5  0.0  0.00   9  17  00:00   SSW  28.6 63.6
18   56.7  73.0  6:00pm   45.0  6:00am   0.1  0.0  0.00   7  14  00:00     S  27.5 56.8
19   56.1  69.1  2:00pm   48.9 11:00pm   2.4  0.0  0.00  12  23  00:00     E  28.8 43.1
20   57.1  73.9  2:00pm   44.1  5:00am   0.0  0.5  0.00  12  23  00:00     S  28.9 53.8
21   58.4  73.0  5:00pm   46.9  6:00am   0.0  0.7  0.00   9  17  00:00   SSE  28.8 56.5
22   62.6  81.0  3:00pm   46.0  4:00am   0.0  6.8  0.00   7  14  00:00   SSE  28.8 43.9
23     69  89.1  3:00pm   55.9  4:00am   0.0 14.1  0.00  14  27  00:00    SW  28.6 24.0
24     63  73.9  4:00pm   55.0 11:00pm   0.0  3.5  0.00  15  29  00:00    SE  28.5 28.7
25   52.9  64.0 12:00pm   46.9  6:00am   6.5  0.0  0.00  15  29  00:00   ESE  28.7 35.4
26   43.7  57.9  5:00pm   33.1  5:00am  14.2  0.0  0.00  12  23  00:00    SE  29.0 74.2
27   58.4  79.0  4:00pm   43.0  5:00am   0.0  3.7  0.00  15  29  00:00   SSE  27.7 50.6
28   68.2  89.1  5:00pm   53.1  3:00am   0.0 13.7  0.00   9  17  00:00   SSW  28.7 33.6
29   70.8  89.1  3:00pm   57.0  6:00am   0.0 15.0  0.00  15  29  00:00    SW  28.6 27.5
30   51.9  64.9  5:00pm   46.0 11:00pm   6.6  0.0  0.00  11  21  00:00    SE  28.7 77.6
31   46.5  57.0  3:00pm   42.1  7:00am  13.2  0.0  0.00   9  16  00:00   ESE  28.8 84.5