NOAA-Style Climate Reports

Select a Year or Month report
2018: Jan Feb Mar Apr May Jun Jul Aug Sep Oct Nov Dec
2017: Jan Feb Mar Apr May Jun Jul Aug Sep Oct Nov Dec
2016: Jan Feb Mar Apr May Jun Jul Aug Sep Oct Nov Dec
2015: Jan Feb Mar Apr May Jun Jul Aug Sep Oct Nov Dec
2014: Jan Feb Mar Apr May Jun Jul Aug Sep Oct Nov Dec
2013: Jan Feb Mar Apr May Jun Jul Aug Sep Oct Nov Dec
2012: Jan Feb Mar Apr May Jun Jul Aug Sep Oct Nov Dec
2011: Jan Feb Mar Apr May Jun Jul Aug Sep Oct Nov Dec
2010: Jan Feb Mar Apr May Jun Jul Aug Sep Oct Nov Dec
2009: Jan Feb Mar Apr May Jun Jul Aug Sep Oct Nov Dec
2008: Jan Feb Mar Apr May Jun Jul Aug Sep Oct Nov Dec
2007: Jan Feb Mar Apr May Jun Jul Aug Sep Oct Nov Dec
2006: Jan Feb Mar Apr May Jun Jul Aug Sep Oct Nov Dec
2005: Jan Feb Mar Apr May Jun Jul Aug Sep Oct Nov Dec
2004: Jan Feb Mar Apr May Jun Jul Aug Sep Oct Nov Dec
2003: Jan Feb Mar Apr May Jun Jul Aug Sep Oct Nov Dec
2002: Jan Feb Mar Apr May Jun Jul Aug Sep Oct Nov Dec
2001: Jan Feb Mar Apr May Jun Jul Aug Sep Oct Nov Dec
2000: Jan Feb Mar Apr May Jun Jul Aug Sep Oct Nov Dec
1999: Jan Feb Mar Apr May Jun Jul Aug Sep Oct Nov Dec
1998: Jan Feb Mar Apr May Jun Jul Aug Sep Oct Nov Dec
1997: Jan Feb Mar Apr May Jun Jul Aug Sep Oct Nov Dec
1996: Jan Feb Mar Apr May Jun Jul Aug Sep Oct Nov Dec
1995: Jan Feb Mar Apr May Jun Jul Aug Sep Oct Nov Dec
1994: Jan Feb Mar Apr May Jun Jul Aug Sep Oct Nov Dec
1993: Jan Feb Mar Apr May Jun Jul Aug Sep Oct Nov Dec
1992: Jan Feb Mar Apr May Jun Jul Aug Sep Oct Nov Dec
1991: Jan Feb Mar Apr May Jun Jul Aug Sep Oct Nov Dec
1990: Jan Feb Mar Apr May Jun Jul Aug Sep Oct Nov Dec
1989: Jan Feb Mar Apr May Jun Jul Aug Sep Oct Nov Dec
1988: Jan Feb Mar Apr May Jun Jul Aug Sep Oct Nov Dec
1987: Jan Feb Mar Apr May Jun Jul Aug Sep Oct Nov Dec
1986: Jan Feb Mar Apr May Jun Jul Aug Sep Oct Nov Dec

Report for 1989 June
                  MONTHLY CLIMATOLOGICAL SUMMARY FOR 6/1989
                                        HEAT  COOL        
     MEAN                               DEG   DEG       WIND SPEED       DOM MEAN  MEAN
DAY  TEMP  HIGH   TIME     LOW   TIME   DAYS  DAYS RAIN AVG  HI  TIME    DIR BAROM HUM
---------------------------------------------------------------------------------------
1    51.7  66.9  2:00pm   43.0  6:00am   5.7  0.0  0.00   7  14  00:00     S  29.1 73.5
2    57.9  75.0  4:00pm   46.9  1:00am   0.0  1.5  0.00   7  14  00:00   SSW  28.9 55.5
3    50.8  64.9  2:00pm   46.0  9:00pm   7.1  0.0  0.00  16  31  00:00   SSW  28.9 75.2
4    45.1  52.0  5:00pm   42.1 11:00pm  16.4  0.0  0.00   9  16  00:00    SW  29.0 86.4
5    55.4  73.9  3:00pm   39.9  4:00am   0.3  0.0  0.00   6  12  00:00   SSE  28.9 62.8
6    57.2  72.0 11:00am   51.1  6:00am   0.4  0.0  0.00   9  17  00:00     S  28.8 60.6
7    56.6  71.1  5:00pm   50.0  1:00am   1.1  0.0  0.00   7  14  00:00    SW  28.8 57.1
8    56.3  73.9  2:00pm   51.1  1:00am   0.0  0.1  0.00  12  23  00:00     S  28.8 63.4
9    52.6  64.0  4:00pm   46.0  5:00am   6.7  0.0  0.00   8  15  00:00   SSW  28.8 78.0
10   55.6  73.0  1:00pm   46.9  4:00am   0.7  0.0  0.00  12  23  00:00    SW  28.8 70.4
11   60.8  77.0  3:00pm   48.9  2:00am   0.0  3.9  0.00  10  20  00:00    SW  28.8 55.0
12   53.6  64.9  2:00pm   51.1  5:00am   5.7  0.0  0.00   9  17  00:00   SSW  29.0 71.6
13   52.3  64.0  4:00pm   46.9  4:00am   6.8  0.0  0.00  12  23  00:00     S  28.9 69.3
14   48.7  61.0  6:00pm   43.0  4:00am  10.1  0.0  0.00   6  10  00:00     E  27.9 68.8
15   60.2  80.1  5:00pm   44.1  5:00am   0.0  5.2  0.00  10  20  00:00     S  28.9 53.4
16   68.9  88.0  2:00pm   53.1  2:00am   0.0 13.5  0.00  15  29  00:00     S  28.7 41.6
17   63.3  78.1  5:00pm   52.0  5:00am   0.0  5.7  0.00  13  25  00:00   SSE  28.8 39.4
18   68.9  88.0  4:00pm   53.1  5:00am   0.0 13.5  0.00  11  21  00:00   SSE  29.0 34.6
19   73.5  96.1  2:00pm   57.0  3:00am   0.0 19.8  0.00  12  23  00:00   SSE  28.9 33.4
20   74.3  89.1  4:00pm   64.0  5:00am   0.0 16.7  0.00  11  21  00:00    SW  28.7 28.7
21   52.5  73.0 12:00am   42.1  9:00pm   2.2  0.0  0.00  11  21  00:00     S  28.9 47.8
22   50.2  64.0  4:00pm   42.1 12:00am   7.9  0.0  0.00  14  27  00:00     S  28.8 60.4
23   54.1  70.0  3:00pm   48.0  5:00am   2.9  0.0  0.00  11  21  00:00   SSW  28.8 60.9
24     59  78.1  3:00pm   48.0  6:00am   0.0  3.6  0.00  14  28  00:00    SW  28.8 67.7
25     63  84.0  3:00pm   53.1  7:00am   0.0  8.5  0.00   9  17  00:00   SSE  28.9 61.8
26   57.6  68.0 12:00pm   50.0  4:00am   2.2  0.0  0.00  12  23  00:00     S  27.7 67.8
27   66.3  84.0  2:00pm   48.0  2:00am   0.0 10.2  0.00  10  18  00:00   SSE  28.8 45.2
28   68.7  87.1  1:00pm   55.9  5:00am   0.0 12.9  0.00  15  29  00:00     S  28.9 44.0
29   67.1  82.9  1:00pm   57.9  1:00am   0.0 10.0  0.00  16  30  00:00    SW  29.1 48.5
30   72.7  91.0  3:00pm   57.9  5:00am   0.0 16.9  0.00  12  23  00:00   SSW  28.8 38.2