NOAA-Style Climate Reports

Select a Year or Month report
2018: Jan Feb Mar Apr May Jun Jul Aug Sep Oct Nov Dec
2017: Jan Feb Mar Apr May Jun Jul Aug Sep Oct Nov Dec
2016: Jan Feb Mar Apr May Jun Jul Aug Sep Oct Nov Dec
2015: Jan Feb Mar Apr May Jun Jul Aug Sep Oct Nov Dec
2014: Jan Feb Mar Apr May Jun Jul Aug Sep Oct Nov Dec
2013: Jan Feb Mar Apr May Jun Jul Aug Sep Oct Nov Dec
2012: Jan Feb Mar Apr May Jun Jul Aug Sep Oct Nov Dec
2011: Jan Feb Mar Apr May Jun Jul Aug Sep Oct Nov Dec
2010: Jan Feb Mar Apr May Jun Jul Aug Sep Oct Nov Dec
2009: Jan Feb Mar Apr May Jun Jul Aug Sep Oct Nov Dec
2008: Jan Feb Mar Apr May Jun Jul Aug Sep Oct Nov Dec
2007: Jan Feb Mar Apr May Jun Jul Aug Sep Oct Nov Dec
2006: Jan Feb Mar Apr May Jun Jul Aug Sep Oct Nov Dec
2005: Jan Feb Mar Apr May Jun Jul Aug Sep Oct Nov Dec
2004: Jan Feb Mar Apr May Jun Jul Aug Sep Oct Nov Dec
2003: Jan Feb Mar Apr May Jun Jul Aug Sep Oct Nov Dec
2002: Jan Feb Mar Apr May Jun Jul Aug Sep Oct Nov Dec
2001: Jan Feb Mar Apr May Jun Jul Aug Sep Oct Nov Dec
2000: Jan Feb Mar Apr May Jun Jul Aug Sep Oct Nov Dec
1999: Jan Feb Mar Apr May Jun Jul Aug Sep Oct Nov Dec
1998: Jan Feb Mar Apr May Jun Jul Aug Sep Oct Nov Dec
1997: Jan Feb Mar Apr May Jun Jul Aug Sep Oct Nov Dec
1996: Jan Feb Mar Apr May Jun Jul Aug Sep Oct Nov Dec
1995: Jan Feb Mar Apr May Jun Jul Aug Sep Oct Nov Dec
1994: Jan Feb Mar Apr May Jun Jul Aug Sep Oct Nov Dec
1993: Jan Feb Mar Apr May Jun Jul Aug Sep Oct Nov Dec
1992: Jan Feb Mar Apr May Jun Jul Aug Sep Oct Nov Dec
1991: Jan Feb Mar Apr May Jun Jul Aug Sep Oct Nov Dec
1990: Jan Feb Mar Apr May Jun Jul Aug Sep Oct Nov Dec
1989: Jan Feb Mar Apr May Jun Jul Aug Sep Oct Nov Dec
1988: Jan Feb Mar Apr May Jun Jul Aug Sep Oct Nov Dec
1987: Jan Feb Mar Apr May Jun Jul Aug Sep Oct Nov Dec
1986: Jan Feb Mar Apr May Jun Jul Aug Sep Oct Nov Dec

Report for 1989 July
                  MONTHLY CLIMATOLOGICAL SUMMARY FOR 7/1989
                                        HEAT  COOL        
     MEAN                               DEG   DEG       WIND SPEED       DOM MEAN  MEAN
DAY  TEMP  HIGH   TIME     LOW   TIME   DAYS  DAYS RAIN AVG  HI  TIME    DIR BAROM HUM
---------------------------------------------------------------------------------------
1      74  95.0  4:00pm   53.1  6:00am   0.0 19.5  0.00   6  12  00:00   SSW  28.8 35.6
2    73.7  93.0  6:00pm   57.0  5:00am   0.0 18.4  0.00   8  15  00:00    SE  28.9 31.7
3    74.1  91.0 12:00pm   60.1  6:00am   0.0 17.6  0.00  18  36  00:00   SSE  29.0 37.7
4    75.5  95.0  3:00pm   59.0  6:00am   0.0 20.3  0.00  13  25  00:00     S  29.0 37.0
5    79.3  99.0  4:00pm   63.0  6:00am   0.0 24.2  0.00  12  23  00:00    SE  28.9 28.3
6    77.2  99.0  2:00pm   61.0  6:00am   0.0 23.1  0.00  18  35  00:00     S  29.1 30.8
7    79.3 100.0  3:00pm   60.1  5:00am   0.0 24.7  0.00  14  27  00:00   SSE  29.1 22.7
8    79.8 100.0  3:00pm   64.0  4:00am   0.0 24.9  0.00  22  43  00:00    SW  29.0 21.0
9    77.2  95.0  1:00pm   62.1  5:00am   0.0 21.1  0.00  14  28  00:00   SSE  28.9 20.8
10   69.2  84.9  3:00pm   61.0  4:00am   0.0 12.1  0.00   9  17  00:00   WSW  28.8 42.2
11   68.9  88.0  4:00pm   59.0  6:00am   0.0 13.5  0.00   7  14  00:00     S  29.0 48.2
12     62  72.0  2:00pm   62.1  7:00am   0.0  2.0  0.00   7  14  00:00    SW  29.2 75.0
13     66  86.0  5:00pm   55.0  4:00am   0.0 11.0  0.00  12  23  00:00   SSE  29.1 62.8
14   66.4  82.9  4:00pm   55.9  4:00am   0.0  9.7  0.00   9  16  00:00    SE  28.9 59.9
15   65.5  84.0  4:00pm   55.9  3:00am   0.0  9.8  0.00  15  29  00:00   ESE  29.0 63.2
16   70.8  91.9  6:00pm   55.9  7:00am   0.0 16.4  0.00  12  23  00:00   SSW  27.7 53.0
17   73.2  93.0  5:00pm   57.9  7:00am   0.0 18.1  0.00   9  17  00:00    SW  28.8 39.4
18   66.4  82.0  4:00pm   55.0  6:00am   0.0  9.2  0.00   9  16  00:00   SSW  27.9 47.1
19     67  86.0  5:00pm   53.1  3:00am   0.0 11.5  0.00  10  20  00:00   ESE  29.1 44.8
20   69.8  87.1  4:00pm   59.0  6:00am   0.0 13.5  0.00  10  18  00:00     S  29.1 47.1
21   67.9  86.0  3:00pm   57.9  6:00am   0.0 12.0  0.00  14  27  00:00     S  28.9 50.2
22   68.2  84.0  4:00pm   57.0  6:00am   0.0 11.1  0.00  14  28  00:00   SSE  29.0 47.1
23     68  82.9  2:00pm   57.9  6:00am   0.0 10.5  0.00  11  21  00:00   SSE  29.0 48.8
24   65.9  77.0  3:00pm   59.0  6:00am   0.0  6.5  0.00  16  31  00:00   SSW  29.0 50.6
25   67.5  84.9  3:00pm   59.0  3:00am   0.0 11.2  0.00  12  23  00:00   SSE  28.9 51.0
26   67.4  84.9  3:00pm   57.0  4:00am   0.0 11.2  0.00   8  15  00:00    SE  29.0 47.8
27   69.9  88.0  3:00pm   60.1  4:00am   0.0 14.0  0.00   8  15  00:00     S  29.0 47.6
28   70.2  89.1  3:00pm   61.0  2:00am   0.0 14.7  0.00   9  17  00:00   SSW  29.0 51.2
29     64  84.9  3:00pm   55.9  6:00am   0.0  9.5  0.00  11  21  00:00   WSW  29.0 67.4
30   57.8  66.9  6:00pm   57.0 12:00am   2.6  0.0  0.00   7  14  00:00   WSW  27.8 83.0
31   62.6  78.1  4:00pm   53.1  7:00am   0.0  5.4  0.00   6  12  00:00    SE  29.0 72.2