NOAA-Style Climate Reports

Select a Year or Month report
2018: Jan Feb Mar Apr May Jun Jul Aug Sep Oct Nov Dec
2017: Jan Feb Mar Apr May Jun Jul Aug Sep Oct Nov Dec
2016: Jan Feb Mar Apr May Jun Jul Aug Sep Oct Nov Dec
2015: Jan Feb Mar Apr May Jun Jul Aug Sep Oct Nov Dec
2014: Jan Feb Mar Apr May Jun Jul Aug Sep Oct Nov Dec
2013: Jan Feb Mar Apr May Jun Jul Aug Sep Oct Nov Dec
2012: Jan Feb Mar Apr May Jun Jul Aug Sep Oct Nov Dec
2011: Jan Feb Mar Apr May Jun Jul Aug Sep Oct Nov Dec
2010: Jan Feb Mar Apr May Jun Jul Aug Sep Oct Nov Dec
2009: Jan Feb Mar Apr May Jun Jul Aug Sep Oct Nov Dec
2008: Jan Feb Mar Apr May Jun Jul Aug Sep Oct Nov Dec
2007: Jan Feb Mar Apr May Jun Jul Aug Sep Oct Nov Dec
2006: Jan Feb Mar Apr May Jun Jul Aug Sep Oct Nov Dec
2005: Jan Feb Mar Apr May Jun Jul Aug Sep Oct Nov Dec
2004: Jan Feb Mar Apr May Jun Jul Aug Sep Oct Nov Dec
2003: Jan Feb Mar Apr May Jun Jul Aug Sep Oct Nov Dec
2002: Jan Feb Mar Apr May Jun Jul Aug Sep Oct Nov Dec
2001: Jan Feb Mar Apr May Jun Jul Aug Sep Oct Nov Dec
2000: Jan Feb Mar Apr May Jun Jul Aug Sep Oct Nov Dec
1999: Jan Feb Mar Apr May Jun Jul Aug Sep Oct Nov Dec
1998: Jan Feb Mar Apr May Jun Jul Aug Sep Oct Nov Dec
1997: Jan Feb Mar Apr May Jun Jul Aug Sep Oct Nov Dec
1996: Jan Feb Mar Apr May Jun Jul Aug Sep Oct Nov Dec
1995: Jan Feb Mar Apr May Jun Jul Aug Sep Oct Nov Dec
1994: Jan Feb Mar Apr May Jun Jul Aug Sep Oct Nov Dec
1993: Jan Feb Mar Apr May Jun Jul Aug Sep Oct Nov Dec
1992: Jan Feb Mar Apr May Jun Jul Aug Sep Oct Nov Dec
1991: Jan Feb Mar Apr May Jun Jul Aug Sep Oct Nov Dec
1990: Jan Feb Mar Apr May Jun Jul Aug Sep Oct Nov Dec
1989: Jan Feb Mar Apr May Jun Jul Aug Sep Oct Nov Dec
1988: Jan Feb Mar Apr May Jun Jul Aug Sep Oct Nov Dec
1987: Jan Feb Mar Apr May Jun Jul Aug Sep Oct Nov Dec
1986: Jan Feb Mar Apr May Jun Jul Aug Sep Oct Nov Dec

Report for 1989 August
                  MONTHLY CLIMATOLOGICAL SUMMARY FOR 8/1989
                                        HEAT  COOL        
     MEAN                               DEG   DEG       WIND SPEED       DOM MEAN  MEAN
DAY  TEMP  HIGH   TIME     LOW   TIME   DAYS  DAYS RAIN AVG  HI  TIME    DIR BAROM HUM
---------------------------------------------------------------------------------------
1    66.1  82.9  1:00pm   60.1  4:00am   0.0  9.5  0.00   9  17  00:00     S  28.8 66.3
2    67.5  82.9  2:00pm   61.0  4:00am   0.0 10.2  0.00   7  14  00:00   WSW  28.8 58.5
3      72  88.0  2:00pm   62.1  1:00am   0.0 15.0  0.00   7  14  00:00   SSW  27.5 41.6
4    69.7  88.0  3:00pm   59.0  5:00am   0.0 13.9  0.00  19  37  00:00     W  28.9 41.9
5    65.6  78.1  5:00pm   61.0  5:50am   0.0  6.9  0.00  13  25  00:00     W  29.1 46.2
6    62.6  72.0  2:00pm   54.0  6:00am   0.0  2.3  0.00  18  35  00:00   WSW  29.1 58.1
7    57.9  73.9  3:00pm   51.1  3:00am   0.0  0.9  0.00  14  27  00:00   SSE  29.0 72.6
8    63.7  82.0  4:00pm   52.0  3:00am   0.0  7.9  0.00   7  14  00:00    SE  29.0 59.5
9    67.1  84.0  1:00pm   57.9  4:00am   0.0 10.6  0.00  11  21  00:00   SSW  27.5 51.7
10   70.8  84.9  5:00pm   61.0  6:00am   0.0 12.9  0.00   8  15  00:00   SSE  29.0 45.2
11   66.3  80.1  2:00pm   63.0  2:00am   0.0  8.2  0.00  10  20  00:00    SW  28.9 56.4
12   58.6  69.1  2:00pm   57.9  5:00am   1.1  0.0  0.00   8  15  00:00    NW  27.8 84.4
13   61.1  73.9  3:00pm   55.0  4:00am   0.0  2.5  0.00   7  14  00:00   WNW  29.1 71.1
14   63.6  81.0  2:00pm   51.1  6:00am   0.0  7.3  0.00   7  14  00:00   SSE  29.0 51.9
15     64  81.0  2:00pm   52.0  6:00am   0.0  7.5  0.00   8  15  00:00   SSE  28.9 57.7
16   64.4  81.0  1:00pm   57.9  4:00am   0.0  7.7  0.00  11  21  00:00     S  28.9 56.2
17   65.2  86.0  3:00pm   53.1  6:00am   0.0 10.6  0.00   9  17  00:00   SSE  28.9 50.7
18   68.3  82.0  4:00pm   61.0  3:00am   0.0 10.2  0.00  15  29  00:00   WSW  28.8 44.1
19   61.1  75.9 12:00pm   55.0  4:00am   0.0  3.5  0.00  12  23  00:00     S  28.9 56.1
20   60.3  81.0  4:00pm   50.0  5:00am   0.0  5.7  0.00   6  12  00:00   ESE  28.8 62.8
21   62.9  80.1  2:00pm   50.0  4:00am   0.0  6.5  0.00   7  14  00:00     S  28.7 49.5
22     63  75.9  3:00pm   57.9  2:00am   0.0  4.5  0.00   6  12  00:00     S  28.9 51.2
23     68  86.0  3:00pm   54.0  3:00am   0.0 12.0  0.00  18  35  00:00     S  28.9 46.5
24     69  86.0  5:00pm   57.0  6:00am   0.0 12.5  0.00  18  35  00:00   SSW  28.7 45.0
25   65.9  84.0  4:00pm   57.0  7:00am   0.0 10.0  0.00   9  17  00:00   SSW  28.8 42.0
26   64.8  84.0  5:00pm   46.0  7:00am   0.0  9.4  0.00  12  23  00:00   SSW  28.9 49.4
27   61.4  77.0  5:00pm   54.0  6:00am   0.0  4.2  0.00  12  23  00:00   SSW  29.0 65.4
28   66.8  84.9  4:00pm   55.0  7:00am   0.0 10.9  0.00  13  24  00:00     S  28.9 36.5
29   66.2  86.0  2:00pm   48.9  6:00am   0.0 11.1  0.00  16  31  00:00   SSE  28.9 48.5
30   71.5  89.1  1:00pm   60.1  4:00am   0.0 15.3  0.00  10  18  00:00    SW  28.8 37.8
31   72.7  89.1  4:00pm   61.0  6:00am   0.0 15.9  0.00   7  14  00:00   SSW  28.7 29.4