NOAA-Style Climate Reports

Select a Year or Month report
2018: Jan Feb Mar Apr May Jun Jul Aug Sep Oct Nov Dec
2017: Jan Feb Mar Apr May Jun Jul Aug Sep Oct Nov Dec
2016: Jan Feb Mar Apr May Jun Jul Aug Sep Oct Nov Dec
2015: Jan Feb Mar Apr May Jun Jul Aug Sep Oct Nov Dec
2014: Jan Feb Mar Apr May Jun Jul Aug Sep Oct Nov Dec
2013: Jan Feb Mar Apr May Jun Jul Aug Sep Oct Nov Dec
2012: Jan Feb Mar Apr May Jun Jul Aug Sep Oct Nov Dec
2011: Jan Feb Mar Apr May Jun Jul Aug Sep Oct Nov Dec
2010: Jan Feb Mar Apr May Jun Jul Aug Sep Oct Nov Dec
2009: Jan Feb Mar Apr May Jun Jul Aug Sep Oct Nov Dec
2008: Jan Feb Mar Apr May Jun Jul Aug Sep Oct Nov Dec
2007: Jan Feb Mar Apr May Jun Jul Aug Sep Oct Nov Dec
2006: Jan Feb Mar Apr May Jun Jul Aug Sep Oct Nov Dec
2005: Jan Feb Mar Apr May Jun Jul Aug Sep Oct Nov Dec
2004: Jan Feb Mar Apr May Jun Jul Aug Sep Oct Nov Dec
2003: Jan Feb Mar Apr May Jun Jul Aug Sep Oct Nov Dec
2002: Jan Feb Mar Apr May Jun Jul Aug Sep Oct Nov Dec
2001: Jan Feb Mar Apr May Jun Jul Aug Sep Oct Nov Dec
2000: Jan Feb Mar Apr May Jun Jul Aug Sep Oct Nov Dec
1999: Jan Feb Mar Apr May Jun Jul Aug Sep Oct Nov Dec
1998: Jan Feb Mar Apr May Jun Jul Aug Sep Oct Nov Dec
1997: Jan Feb Mar Apr May Jun Jul Aug Sep Oct Nov Dec
1996: Jan Feb Mar Apr May Jun Jul Aug Sep Oct Nov Dec
1995: Jan Feb Mar Apr May Jun Jul Aug Sep Oct Nov Dec
1994: Jan Feb Mar Apr May Jun Jul Aug Sep Oct Nov Dec
1993: Jan Feb Mar Apr May Jun Jul Aug Sep Oct Nov Dec
1992: Jan Feb Mar Apr May Jun Jul Aug Sep Oct Nov Dec
1991: Jan Feb Mar Apr May Jun Jul Aug Sep Oct Nov Dec
1990: Jan Feb Mar Apr May Jun Jul Aug Sep Oct Nov Dec
1989: Jan Feb Mar Apr May Jun Jul Aug Sep Oct Nov Dec
1988: Jan Feb Mar Apr May Jun Jul Aug Sep Oct Nov Dec
1987: Jan Feb Mar Apr May Jun Jul Aug Sep Oct Nov Dec
1986: Jan Feb Mar Apr May Jun Jul Aug Sep Oct Nov Dec

Report for 1989 September
                  MONTHLY CLIMATOLOGICAL SUMMARY FOR 9/1989
                                        HEAT  COOL        
     MEAN                               DEG   DEG       WIND SPEED       DOM MEAN  MEAN
DAY  TEMP  HIGH   TIME     LOW   TIME   DAYS  DAYS RAIN AVG  HI  TIME    DIR BAROM HUM
---------------------------------------------------------------------------------------
1    64.7  81.0  3:00pm   57.9  5:00am   0.0  7.9  0.00  18  35  00:00   SSE  29.0 60.7
2      71  89.1  4:00pm   59.0  4:00am   0.0 15.1  0.00  12  23  00:00     S  28.9 43.5
3    67.4  86.0  2:00pm   52.0  6:00am   0.0 11.7  0.00   9  16  00:00     S  28.8 40.0
4    63.8  87.1  2:00pm   51.1  6:00am   0.0 10.5  0.00  13  25  00:00    SW  29.0 47.2
5    69.4  86.0  5:00pm   57.0  5:00am   0.0 12.7  0.00   9  17  00:00   SSW  28.9 35.7
6    69.6  89.1  4:30pm   54.0  7:00am   0.0 14.4  0.00  13  25  00:00   SSE  28.9 36.8
7    64.3  84.0  4:00pm   55.9  5:30am   0.0  9.2  0.00  12  23  00:00   SSW  28.8 57.0
8    51.8  60.1 12:00am   46.9  9:00pm   9.0  0.0  0.00   9  17  00:00   ENE  28.8 86.1
9    44.4  50.0  2:00pm   41.0  7:00am  17.8  0.0  0.00   9  16  00:00     E  27.6 90.3
10   49.7  64.9  1:00pm   39.9  6:00am   7.7  0.0  0.00  12  23  00:00   ESE  28.9 79.6
11   35.8  44.1  1:00am   35.1  4:00am  25.0  0.0  0.00   9  17  00:00   WSW  28.9 94.5
12   32.8  37.9  2:00am   31.1  6:00pm  29.6  0.0  0.00   7  14  00:00   WNW  29.0 95.5
13   38.8  54.0  5:00pm   32.0 12:00am  18.6  0.0  0.00   7  13  00:00   WSW  29.2 81.9
14   51.9  69.1  4:00pm   41.0  7:00am   4.5  0.0  0.00   6  12  00:00     S  29.0 50.5
15   57.2  78.1  4:00pm   39.0  7:00am   0.0  2.7  0.00   6  12  00:00   SSE  28.9 44.4
16   61.9  80.1  3:00pm   48.9  1:00am   0.0  6.0  0.00   9  17  00:00     S  28.9 36.0
17   66.6  86.0  4:00pm   54.0  7:00am   0.0 11.3  0.00  17  33  00:00     S  28.8 32.8
18   67.6  86.0  4:00pm   61.0  1:00am   0.0 11.8  0.00  12  23  00:00   WNW  28.7 37.0
19   59.1  75.0  3:00pm   51.1  5:00am   0.0  2.1  0.00  13  25  00:00     S  28.9 61.2
20   58.1  75.0  2:00pm   52.0 10:00pm   0.0  1.6  0.00  14  27  00:00     E  28.8 68.0
21   48.7  62.1  6:00pm   44.1  7:00am   9.6  0.0  0.00   6  13  00:00    SE  29.1 69.9
22   50.1  63.0  3:00pm   41.0  4:00am   8.4  0.0  0.00  10  20  00:00   WSW  29.2 59.8
23   49.9  69.1  4:00pm   39.9  4:00am   5.5  0.0  0.00  11  21  00:00    SE  29.1 64.8
24   59.6  78.1  2:00pm   45.0  2:00am   0.0  3.9  0.00   9  17  00:00   SSW  29.0 43.6
25   57.7  75.9  5:00pm   45.0  6:00am   0.0  1.8  0.00  12  22  00:00   SSE  29.1 49.1
26     62  82.9  4:00pm   45.0  7:00am   0.0  7.5  0.00  13  24  00:00   SSE  29.1 44.1
27   63.8  82.0  3:00pm   52.0  3:00am   0.0  7.9  0.00   6  10  00:00    SE  29.1 42.5
28   62.8  80.1  3:00pm   51.1  2:00am   0.0  6.5  0.00   8  15  00:00    SE  29.1 46.7
29   59.2  81.0  4:00pm   46.0  6:00am   0.0  5.1  0.00  12  23  00:00   SSW  29.1 56.5
30   66.6  86.0  4:00pm   53.1  4:00am   0.0 11.3  0.00  15  29  00:00     S  28.8 38.1