NOAA-Style Climate Reports

Select a Year or Month report
2018: Jan Feb Mar Apr May Jun Jul Aug Sep Oct Nov Dec
2017: Jan Feb Mar Apr May Jun Jul Aug Sep Oct Nov Dec
2016: Jan Feb Mar Apr May Jun Jul Aug Sep Oct Nov Dec
2015: Jan Feb Mar Apr May Jun Jul Aug Sep Oct Nov Dec
2014: Jan Feb Mar Apr May Jun Jul Aug Sep Oct Nov Dec
2013: Jan Feb Mar Apr May Jun Jul Aug Sep Oct Nov Dec
2012: Jan Feb Mar Apr May Jun Jul Aug Sep Oct Nov Dec
2011: Jan Feb Mar Apr May Jun Jul Aug Sep Oct Nov Dec
2010: Jan Feb Mar Apr May Jun Jul Aug Sep Oct Nov Dec
2009: Jan Feb Mar Apr May Jun Jul Aug Sep Oct Nov Dec
2008: Jan Feb Mar Apr May Jun Jul Aug Sep Oct Nov Dec
2007: Jan Feb Mar Apr May Jun Jul Aug Sep Oct Nov Dec
2006: Jan Feb Mar Apr May Jun Jul Aug Sep Oct Nov Dec
2005: Jan Feb Mar Apr May Jun Jul Aug Sep Oct Nov Dec
2004: Jan Feb Mar Apr May Jun Jul Aug Sep Oct Nov Dec
2003: Jan Feb Mar Apr May Jun Jul Aug Sep Oct Nov Dec
2002: Jan Feb Mar Apr May Jun Jul Aug Sep Oct Nov Dec
2001: Jan Feb Mar Apr May Jun Jul Aug Sep Oct Nov Dec
2000: Jan Feb Mar Apr May Jun Jul Aug Sep Oct Nov Dec
1999: Jan Feb Mar Apr May Jun Jul Aug Sep Oct Nov Dec
1998: Jan Feb Mar Apr May Jun Jul Aug Sep Oct Nov Dec
1997: Jan Feb Mar Apr May Jun Jul Aug Sep Oct Nov Dec
1996: Jan Feb Mar Apr May Jun Jul Aug Sep Oct Nov Dec
1995: Jan Feb Mar Apr May Jun Jul Aug Sep Oct Nov Dec
1994: Jan Feb Mar Apr May Jun Jul Aug Sep Oct Nov Dec
1993: Jan Feb Mar Apr May Jun Jul Aug Sep Oct Nov Dec
1992: Jan Feb Mar Apr May Jun Jul Aug Sep Oct Nov Dec
1991: Jan Feb Mar Apr May Jun Jul Aug Sep Oct Nov Dec
1990: Jan Feb Mar Apr May Jun Jul Aug Sep Oct Nov Dec
1989: Jan Feb Mar Apr May Jun Jul Aug Sep Oct Nov Dec
1988: Jan Feb Mar Apr May Jun Jul Aug Sep Oct Nov Dec
1987: Jan Feb Mar Apr May Jun Jul Aug Sep Oct Nov Dec
1986: Jan Feb Mar Apr May Jun Jul Aug Sep Oct Nov Dec

Report for 1989 October
                  MONTHLY CLIMATOLOGICAL SUMMARY FOR 10/1989
                                        HEAT  COOL        
     MEAN                               DEG   DEG       WIND SPEED       DOM MEAN  MEAN
DAY  TEMP  HIGH   TIME     LOW   TIME   DAYS  DAYS RAIN AVG  HI  TIME    DIR BAROM HUM
---------------------------------------------------------------------------------------
1    58.9  73.9  1:00pm   45.0 11:00pm   0.0  1.4  0.00  15  29  00:00   SSW  28.7 35.1
2    48.1  62.1  2:00pm   37.9  5:00am   9.9  0.0  0.00  11  21  00:00   SSW  28.9 62.0
3    41.9  54.0  3:00pm   35.1  7:00am  17.0  0.0  0.00   7  14  00:00     W  29.0 70.1
4    50.2  69.1  3:00pm   37.9  5:00am   5.3  0.0  0.00   6  12  00:00     W  28.8 63.2
5    49.4  61.0  2:00pm   45.0 11:00pm   9.8  0.0  0.00   7  13  00:00    SE  28.9 45.8
6    48.4  68.0  4:00pm   33.1  8:00am   6.8  0.0  0.00   7  14  00:00     S  29.0 46.0
7    46.8  62.1  4:00pm   37.0  8:00am  10.5  0.0  0.00   7  13  00:00     S  29.1 54.9
8    50.6  71.1  4:00pm   36.0  7:00am   4.1  0.0  0.00   5   9  00:00   SSE  28.9 37.5
9    52.3  68.0  4:00pm   41.0  6:00am   4.8  0.0  0.00   7  14  00:00   SSW  29.0 38.8
10   59.5  80.1  3:00pm   45.0  6:00am   0.0  4.8  0.00   7  13  00:00     S  28.9 31.8
11   64.3  82.0  3:00pm   57.9  2:00am   0.0  8.2  0.00  13  24  00:00     W  28.8 23.0
12   59.4  81.0  3:00pm   44.1  7:00am   0.0  5.2  0.00   8  15  00:00   SSE  29.0 26.1
13   58.4  81.0  3:00pm   44.1  6:00am   0.0  4.7  0.00   9  16  00:00     S  29.0 25.6
14   57.2  79.0  4:00pm   43.0  7:00am   0.0  3.1  0.00   7  13  00:00    SE  28.8 24.8
15   43.1  53.1  1:00am   31.1  9:00pm  16.9  0.0  0.00  12  23  00:00    SW  28.7 58.2
16   27.6  31.1 12:00am   27.1  8:00am  35.6  0.0  0.00   5   9  00:00   ENE  29.1 92.9
17   29.6  34.0  2:00pm   27.1 12:00am  33.2  0.0  0.00   5   9  00:00     E  29.2 85.9
18   30.7  39.9  3:00pm   26.2  6:00am  29.7  0.0  0.00   6  12  00:00    SW  29.3 80.8
19   37.2  57.9  4:00pm   22.1  2:00am  17.4  0.0  0.00   6  12  00:00   SSE  29.2 52.8
20   47.2  70.0  3:00pm   31.1  1:00am   6.4  0.0  0.00   9  16  00:00   SSE  28.9 42.9
21   51.4  69.1  3:00pm   39.0  8:00am   4.7  0.0  0.00   9  17  00:00     S  28.8 41.8
22     53  68.0  4:00pm   45.0 12:00am   4.5  0.0  0.00   9  17  00:00     S  28.9 44.0
23   51.2  69.1  3:00pm   37.0  5:00am   4.8  0.0  0.00  11  21  00:00   SSE  29.0 49.2
24   52.7  73.9  3:00pm   39.0  7:00am   1.7  0.0  0.00   9  17  00:00   SSE  28.8 42.2
25   54.2  69.1  4:00pm   46.0  3:00am   3.3  0.0  0.00  10  18  00:00     S  28.7 37.6
26   48.9  57.0  2:00pm   39.9 10:00pm  12.0  0.0  0.00  18  36  00:00    SW  28.6 44.3
27   42.7  61.0  4:00pm   29.1  7:00am  13.1  0.0  0.00  15  29  00:00   SSE  28.8 46.3
28   42.7  60.1  1:00pm   31.1  7:00am  13.6  0.0  0.00  15  29  00:00   SSE  28.7 45.3
29   29.8  37.9  1:00pm   20.1  8:00pm  31.1  0.0  0.00  12  23  00:00   ESE  28.9 58.1
30   30.1  50.0  2:00pm   14.2  4:00am  24.9  0.0  0.00   7  14  00:00     S  28.8 54.5
31   33.9  55.0  1:00pm   24.3  5:00am  20.5  0.0  0.00  11  21  00:00   SSE  27.5 53.3