NOAA-Style Climate Reports

Select a Year or Month report
2018: Jan Feb Mar Apr May Jun Jul Aug Sep Oct Nov Dec
2017: Jan Feb Mar Apr May Jun Jul Aug Sep Oct Nov Dec
2016: Jan Feb Mar Apr May Jun Jul Aug Sep Oct Nov Dec
2015: Jan Feb Mar Apr May Jun Jul Aug Sep Oct Nov Dec
2014: Jan Feb Mar Apr May Jun Jul Aug Sep Oct Nov Dec
2013: Jan Feb Mar Apr May Jun Jul Aug Sep Oct Nov Dec
2012: Jan Feb Mar Apr May Jun Jul Aug Sep Oct Nov Dec
2011: Jan Feb Mar Apr May Jun Jul Aug Sep Oct Nov Dec
2010: Jan Feb Mar Apr May Jun Jul Aug Sep Oct Nov Dec
2009: Jan Feb Mar Apr May Jun Jul Aug Sep Oct Nov Dec
2008: Jan Feb Mar Apr May Jun Jul Aug Sep Oct Nov Dec
2007: Jan Feb Mar Apr May Jun Jul Aug Sep Oct Nov Dec
2006: Jan Feb Mar Apr May Jun Jul Aug Sep Oct Nov Dec
2005: Jan Feb Mar Apr May Jun Jul Aug Sep Oct Nov Dec
2004: Jan Feb Mar Apr May Jun Jul Aug Sep Oct Nov Dec
2003: Jan Feb Mar Apr May Jun Jul Aug Sep Oct Nov Dec
2002: Jan Feb Mar Apr May Jun Jul Aug Sep Oct Nov Dec
2001: Jan Feb Mar Apr May Jun Jul Aug Sep Oct Nov Dec
2000: Jan Feb Mar Apr May Jun Jul Aug Sep Oct Nov Dec
1999: Jan Feb Mar Apr May Jun Jul Aug Sep Oct Nov Dec
1998: Jan Feb Mar Apr May Jun Jul Aug Sep Oct Nov Dec
1997: Jan Feb Mar Apr May Jun Jul Aug Sep Oct Nov Dec
1996: Jan Feb Mar Apr May Jun Jul Aug Sep Oct Nov Dec
1995: Jan Feb Mar Apr May Jun Jul Aug Sep Oct Nov Dec
1994: Jan Feb Mar Apr May Jun Jul Aug Sep Oct Nov Dec
1993: Jan Feb Mar Apr May Jun Jul Aug Sep Oct Nov Dec
1992: Jan Feb Mar Apr May Jun Jul Aug Sep Oct Nov Dec
1991: Jan Feb Mar Apr May Jun Jul Aug Sep Oct Nov Dec
1990: Jan Feb Mar Apr May Jun Jul Aug Sep Oct Nov Dec
1989: Jan Feb Mar Apr May Jun Jul Aug Sep Oct Nov Dec
1988: Jan Feb Mar Apr May Jun Jul Aug Sep Oct Nov Dec
1987: Jan Feb Mar Apr May Jun Jul Aug Sep Oct Nov Dec
1986: Jan Feb Mar Apr May Jun Jul Aug Sep Oct Nov Dec

Report for 1989 November
                  MONTHLY CLIMATOLOGICAL SUMMARY FOR 11/1989
                                        HEAT  COOL        
     MEAN                               DEG   DEG       WIND SPEED       DOM MEAN  MEAN
DAY  TEMP  HIGH   TIME     LOW   TIME   DAYS  DAYS RAIN AVG  HI  TIME    DIR BAROM HUM
---------------------------------------------------------------------------------------
1    19.2  27.1  2:00pm   15.3  9:00pm  41.8  0.0  0.00  10  18  00:00    SE  29.0 82.8
2    29.9  48.9  3:00pm   15.3  6:00am  25.6  0.0  0.00   6  12  00:00   SSE  28.9 59.6
3    41.7  52.0  2:00pm   31.1  2:00am  18.1  0.0  0.00   9  17  00:00   SSW  28.7 45.5
4    44.7  61.0  1:00pm   33.1  3:00am  12.1  0.0  0.00  10  21  00:00   WSW  28.6 52.5
5    42.3  55.9  3:00pm   34.0 11:00pm  15.9  0.0  0.00  13  25  00:00   SSE  28.7 53.2
6    37.4  55.0  2:00pm   25.2  6:00am  18.8  0.0  0.00   9  17  00:00   SSW  28.8 58.5
7    41.8  54.0  1:00pm   34.0  7:00am  17.1  0.0  0.00  14  28  00:00   WSW  28.5 39.3
8    40.1  55.9  2:00pm   23.2  6:00am  17.0  0.0  0.00  17  32  00:00     W  28.7 43.3
9    47.3  61.0  2:00pm   39.0  7:00am  10.8  0.0  0.00  13  25  00:00   WNW  28.8 42.6
10   50.2  68.0  2:00pm   36.0  3:00am   5.9  0.0  0.00   8  15  00:00   SSW  28.9 43.8
11   52.8  72.0  1:00pm   43.0  8:00am   2.6  0.0  0.00   7  14  00:00     S  28.9 37.4
12   52.3  75.0  3:00pm   39.0  2:00am   1.3  0.0  0.00   8  15  00:00   SSE  28.7 34.2
13   49.1  66.0  3:00pm   41.0  5:00am   7.4  0.0  0.00   9  17  00:00   SSW  28.6 36.3
14     38  48.0  2:00am   24.3 10:00pm  22.0  0.0  0.00  16  31  00:00   SSE  28.6 49.4
15   24.8  37.0  1:00pm   12.2 11:00pm  34.1  0.0  0.00  10  20  00:00     S  28.9 54.1
16   32.8  53.1  2:00pm   10.2  7:00am  22.0  0.0  0.00  13  24  00:00   WSW  28.7 50.5
17   33.8  50.0  2:00pm   21.2  6:00am  23.1  0.0  0.00   8  15  00:00   SSE  28.8 53.6
18   39.2  55.0  1:00pm   23.2  4:00am  17.9  0.0  0.00  10  20  00:00    SW  28.8 41.8
19   53.1  75.9  2:00pm   35.1 12:00am   0.5  0.0  0.00   9  16  00:00   SSW  28.9 34.5
20   46.7  62.1  2:00pm   35.1  6:00am  10.6  0.0  0.00   7  14  00:00   ESE  29.0 38.3
21   47.1  66.9 12:00pm   33.1  5:00am   8.0  0.0  0.00   6  12  00:00     S  28.7 39.4
22   32.1  45.0  3:00pm   23.2 11:00pm  26.4  0.0  0.00   7  14  00:00    SE  29.0 60.8
23   38.9  62.1  1:00pm   22.1 12:00am  14.5  0.0  0.00   9  16  00:00   SSE  28.7 40.0
24   44.2  61.0  2:00pm   30.2 10:00pm  12.4  0.0  0.00   7  14  00:00   SSW  28.4 37.2
25   36.2  51.1  2:00pm   31.1 12:00am  21.3  0.0  0.00  11  21  00:00   SSE  28.7 65.9
26   42.4  59.0 11:00am   30.2 12:00am  14.3  0.0  0.00  21  40  00:00    SW  27.2 49.5
27   26.4  37.0  1:00am   14.2 11:00pm  33.3  0.0  0.00  11  21  00:00     S  28.7 66.2
28   21.8  37.0  3:00pm    8.2  5:00am  35.6  0.0  0.00   6  12  00:00   SSE  29.0 57.7
29   32.8  52.0  2:00pm   20.1  4:00am  22.6  0.0  0.00   7  14  00:00   SSE  29.1 41.3
30   30.3  46.0  2:00pm   20.1  5:00am  26.8  0.0  0.00   6  12  00:00     S  29.0 49.5