NOAA-Style Climate Reports

Select a Year or Month report
2018: Jan Feb Mar Apr May Jun Jul Aug Sep Oct Nov Dec
2017: Jan Feb Mar Apr May Jun Jul Aug Sep Oct Nov Dec
2016: Jan Feb Mar Apr May Jun Jul Aug Sep Oct Nov Dec
2015: Jan Feb Mar Apr May Jun Jul Aug Sep Oct Nov Dec
2014: Jan Feb Mar Apr May Jun Jul Aug Sep Oct Nov Dec
2013: Jan Feb Mar Apr May Jun Jul Aug Sep Oct Nov Dec
2012: Jan Feb Mar Apr May Jun Jul Aug Sep Oct Nov Dec
2011: Jan Feb Mar Apr May Jun Jul Aug Sep Oct Nov Dec
2010: Jan Feb Mar Apr May Jun Jul Aug Sep Oct Nov Dec
2009: Jan Feb Mar Apr May Jun Jul Aug Sep Oct Nov Dec
2008: Jan Feb Mar Apr May Jun Jul Aug Sep Oct Nov Dec
2007: Jan Feb Mar Apr May Jun Jul Aug Sep Oct Nov Dec
2006: Jan Feb Mar Apr May Jun Jul Aug Sep Oct Nov Dec
2005: Jan Feb Mar Apr May Jun Jul Aug Sep Oct Nov Dec
2004: Jan Feb Mar Apr May Jun Jul Aug Sep Oct Nov Dec
2003: Jan Feb Mar Apr May Jun Jul Aug Sep Oct Nov Dec
2002: Jan Feb Mar Apr May Jun Jul Aug Sep Oct Nov Dec
2001: Jan Feb Mar Apr May Jun Jul Aug Sep Oct Nov Dec
2000: Jan Feb Mar Apr May Jun Jul Aug Sep Oct Nov Dec
1999: Jan Feb Mar Apr May Jun Jul Aug Sep Oct Nov Dec
1998: Jan Feb Mar Apr May Jun Jul Aug Sep Oct Nov Dec
1997: Jan Feb Mar Apr May Jun Jul Aug Sep Oct Nov Dec
1996: Jan Feb Mar Apr May Jun Jul Aug Sep Oct Nov Dec
1995: Jan Feb Mar Apr May Jun Jul Aug Sep Oct Nov Dec
1994: Jan Feb Mar Apr May Jun Jul Aug Sep Oct Nov Dec
1993: Jan Feb Mar Apr May Jun Jul Aug Sep Oct Nov Dec
1992: Jan Feb Mar Apr May Jun Jul Aug Sep Oct Nov Dec
1991: Jan Feb Mar Apr May Jun Jul Aug Sep Oct Nov Dec
1990: Jan Feb Mar Apr May Jun Jul Aug Sep Oct Nov Dec
1989: Jan Feb Mar Apr May Jun Jul Aug Sep Oct Nov Dec
1988: Jan Feb Mar Apr May Jun Jul Aug Sep Oct Nov Dec
1987: Jan Feb Mar Apr May Jun Jul Aug Sep Oct Nov Dec
1986: Jan Feb Mar Apr May Jun Jul Aug Sep Oct Nov Dec

Report for 1989 December
                  MONTHLY CLIMATOLOGICAL SUMMARY FOR 12/1989
                                        HEAT  COOL        
     MEAN                               DEG   DEG       WIND SPEED       DOM MEAN  MEAN
DAY  TEMP  HIGH   TIME     LOW   TIME   DAYS  DAYS RAIN AVG  HI  TIME    DIR BAROM HUM
---------------------------------------------------------------------------------------
1    30.4  46.0  2:00pm   21.2 12:00am  26.8  0.0  0.00  12  23  00:00    SW  29.1 47.5
2    29.1  46.0  2:00pm   18.1  1:00am  27.4  0.0  0.00   7  13  00:00   SSE  29.3 46.6
3    40.4  66.0  3:00pm   23.2 12:00am  11.8  0.0  0.00   7  13  00:00     S  29.0 41.7
4    48.5  64.9  2:00pm   35.1 12:00am   8.3  0.0  0.00   9  17  00:00     W  28.9 32.0
5    46.7  63.0  1:00pm   35.1  7:00am  10.1  0.0  0.00  15  29  00:00   WSW  28.7 44.2
6    33.1  41.0 12:00pm   31.1  7:00am  27.9  0.0  0.00   9  17  00:00    SE  28.8 70.8
7    27.4  33.1  1:00pm   20.1 10:00pm  34.7  0.0  0.00   7  14  00:00   NNW  28.9 84.4
8    37.4  57.0 12:00pm   17.2  1:00am  17.8  0.0  0.00   7  13  00:00   SSW  28.8 48.5
9    38.8  55.9  1:00pm   28.2 10:00pm  17.6  0.0  0.00  14  27  00:00   SSE  28.7 46.3
10   19.8  32.0 12:00am    6.3 10:00pm  39.1  0.0  0.00   9  17  00:00     E  28.9 89.4
11    7.4  16.2 10:00pm    1.2  5:00pm  53.2  0.0  0.00   9  16  00:00    SE  28.9 85.3
12   22.6  29.1 12:00pm   17.2 12:00am  39.1  0.0  0.00   9  17  00:00     W  28.7 54.0
13   23.3  32.0 12:00pm   16.2  2:00am  37.3  0.0  0.00   9  16  00:00   WSW  28.7 54.4
14   26.5  39.0  1:00pm   14.2 11:00pm  32.2  0.0  0.00  13  25  00:00   WSW  28.6 61.6
15   14.6  23.2  7:00pm    7.2 10:00am  46.1  0.0  0.00   5   9  00:00   SSW  28.6 84.5
16   13.5  25.2  3:00am    2.1 11:00pm  45.6  0.0  0.00   7  14  00:00     S  28.8 90.9
17    8.6  18.1  2:00pm    0.1 12:00am  51.6  0.0  0.00   6  12  00:00    SW  28.6 86.3
18      3  11.1  1:00am   -5.8  7:00pm  57.9  0.0  0.00   8  15  00:00   ESE  28.6 93.3
19   11.3  29.1  2:00pm   -5.8 12:00am  44.8  0.0  0.00   7  14  00:00   SSE  28.6 77.3
20   21.3  43.0  2:00pm    2.1 10:00pm  32.8  0.0  0.00  10  20  00:00     E  28.7 69.0
21   -0.5   3.2  3:00am   -4.9  6:00pm  63.6  0.0  0.00   6  12  00:00    NE  29.0 91.0
22    0.9  16.2  2:00pm  -11.7  5:00am  56.4  0.0  0.00   7  13  00:00   SSW  29.1 82.4
23   34.8  48.9 12:00pm   13.1 12:00am  23.1  0.0  0.00  24  46  00:00    SW  29.0 56.5
24   29.6  39.9  1:00pm   23.2  8:00am  30.2  0.0  0.00   7  14  00:00    SE  29.1 65.4
25   32.4  50.0  3:00pm   21.2  4:00am  23.8  0.0  0.00   9  16  00:00   SSW  29.0 53.0
26   37.5  53.1  3:00pm   29.1 11:00pm  19.7  0.0  0.00   9  17  00:00   WSW  27.4 47.4
27   33.1  50.0  4:00pm   24.3  3:00am  23.4  0.0  0.00   7  14  00:00   SSE  28.8 63.9
28   35.4  50.0  1:00pm   30.2  2:00am  22.3  0.0  0.00   6  12  00:00   SSE  28.6 52.5
29   24.4  33.1  3:00pm   19.2 10:00pm  36.2  0.0  0.00   6  12  00:00   ESE  28.7 80.0
30   21.1  27.1  3:00pm   12.2 11:00pm  40.9  0.0  0.00   7  14  00:00    SE  28.8 91.0
31   24.8  35.1  2:00pm   12.2 12:00am  35.0  0.0  0.00   9  17  00:00     S  28.8 64.8