NOAA-Style Climate Reports

Select a Year or Month report
2018: Jan Feb Mar Apr May Jun Jul Aug Sep Oct Nov Dec
2017: Jan Feb Mar Apr May Jun Jul Aug Sep Oct Nov Dec
2016: Jan Feb Mar Apr May Jun Jul Aug Sep Oct Nov Dec
2015: Jan Feb Mar Apr May Jun Jul Aug Sep Oct Nov Dec
2014: Jan Feb Mar Apr May Jun Jul Aug Sep Oct Nov Dec
2013: Jan Feb Mar Apr May Jun Jul Aug Sep Oct Nov Dec
2012: Jan Feb Mar Apr May Jun Jul Aug Sep Oct Nov Dec
2011: Jan Feb Mar Apr May Jun Jul Aug Sep Oct Nov Dec
2010: Jan Feb Mar Apr May Jun Jul Aug Sep Oct Nov Dec
2009: Jan Feb Mar Apr May Jun Jul Aug Sep Oct Nov Dec
2008: Jan Feb Mar Apr May Jun Jul Aug Sep Oct Nov Dec
2007: Jan Feb Mar Apr May Jun Jul Aug Sep Oct Nov Dec
2006: Jan Feb Mar Apr May Jun Jul Aug Sep Oct Nov Dec
2005: Jan Feb Mar Apr May Jun Jul Aug Sep Oct Nov Dec
2004: Jan Feb Mar Apr May Jun Jul Aug Sep Oct Nov Dec
2003: Jan Feb Mar Apr May Jun Jul Aug Sep Oct Nov Dec
2002: Jan Feb Mar Apr May Jun Jul Aug Sep Oct Nov Dec
2001: Jan Feb Mar Apr May Jun Jul Aug Sep Oct Nov Dec
2000: Jan Feb Mar Apr May Jun Jul Aug Sep Oct Nov Dec
1999: Jan Feb Mar Apr May Jun Jul Aug Sep Oct Nov Dec
1998: Jan Feb Mar Apr May Jun Jul Aug Sep Oct Nov Dec
1997: Jan Feb Mar Apr May Jun Jul Aug Sep Oct Nov Dec
1996: Jan Feb Mar Apr May Jun Jul Aug Sep Oct Nov Dec
1995: Jan Feb Mar Apr May Jun Jul Aug Sep Oct Nov Dec
1994: Jan Feb Mar Apr May Jun Jul Aug Sep Oct Nov Dec
1993: Jan Feb Mar Apr May Jun Jul Aug Sep Oct Nov Dec
1992: Jan Feb Mar Apr May Jun Jul Aug Sep Oct Nov Dec
1991: Jan Feb Mar Apr May Jun Jul Aug Sep Oct Nov Dec
1990: Jan Feb Mar Apr May Jun Jul Aug Sep Oct Nov Dec
1989: Jan Feb Mar Apr May Jun Jul Aug Sep Oct Nov Dec
1988: Jan Feb Mar Apr May Jun Jul Aug Sep Oct Nov Dec
1987: Jan Feb Mar Apr May Jun Jul Aug Sep Oct Nov Dec
1986: Jan Feb Mar Apr May Jun Jul Aug Sep Oct Nov Dec

Report for 1990 January
                  MONTHLY CLIMATOLOGICAL SUMMARY FOR 1/1990
                                        HEAT  COOL        
     MEAN                               DEG   DEG       WIND SPEED       DOM MEAN  MEAN
DAY  TEMP  HIGH   TIME     LOW   TIME   DAYS  DAYS RAIN AVG  HI  TIME    DIR BAROM HUM
---------------------------------------------------------------------------------------
1    37.4  53.1  2:00pm   27.1  3:00am  19.7  0.0  0.00   9  16  00:00   SSW  28.7 41.6
2    37.9  52.0  1:00pm   28.2 10:00pm  20.0  0.0  0.00  13  25  00:00    SW  28.5 40.8
3    23.4  32.0 12:00am   14.2 11:00pm  37.3  0.0  0.00   6  12  00:00     S  28.7 78.2
4    18.4  35.1  3:00pm    9.1  3:00am  38.2  0.0  0.00   6  12  00:00    SE  28.8 72.0
5    26.4  36.0  3:00pm   20.1 10:00pm  33.8  0.0  0.00  13  24  00:00    SW  28.9 55.8
6    33.6  53.1  2:00pm   17.2  4:00am  21.6  0.0  0.00   7  14  00:00   SSW  28.9 41.6
7    38.3  54.0  4:00pm   24.3  8:00am  18.8  0.0  0.00  10  18  00:00    SW  28.7 40.9
8    45.9  59.0  3:00pm   39.9 12:00am  12.5  0.0  0.00  19  37  00:00   WSW  28.6 41.7
9      47  61.0  2:00pm   37.0  6:00am  11.0  0.0  0.00  13  25  00:00   WNW  28.8 38.7
10   51.5  69.1  1:00pm   39.0  1:00am   4.7  0.0  0.00  21  40  00:00     W  28.9 27.5
11     36  50.0  1:00am   24.3  5:00pm  22.0  0.0  0.00   6  12  00:00    SE  28.9 58.5
12   30.1  43.0 12:00pm   22.1  5:00am  28.4  0.0  0.00  10  20  00:00   SSW  29.0 71.4
13     40  59.0  1:00pm   27.1  6:00am  15.5  0.0  0.00   7  14  00:00   SSW  28.5 46.9
14   39.6  54.0  1:00pm   31.1  3:00am  18.2  0.0  0.00  15  29  00:00   SSW  28.7 45.8
15     34  50.0  2:00pm   24.3  7:00am  23.0  0.0  0.00   7  14  00:00     S  28.7 54.1
16   31.8  45.0  2:00pm   23.2  6:00am  26.6  0.0  0.00   9  17  00:00     S  28.6 47.1
17   28.8  41.0  1:00pm   19.2  4:00am  30.1  0.0  0.00   9  17  00:00     S  28.8 54.0
18   22.9  29.1  3:00pm   19.2  7:00am  39.0  0.0  0.00   9  17  00:00   SSE  28.9 84.4
19     22  27.1 12:00am   20.1  8:00am  40.4  0.0  0.00   9  16  00:00   WNW  28.7 91.2
20   22.6  31.1  1:00pm   15.3  8:00pm  38.1  0.0  0.00   9  16  00:00   SSW  27.6 80.8
21     32  45.0  2:00pm   22.1  8:00am  26.5  0.0  0.00  10  18  00:00   SSW  28.8 49.4
22   36.4  48.0  5:00pm   26.2  4:00am  22.8  0.0  0.00  18  35  00:00     S  28.7 46.3
23   35.8  45.0  1:00pm   26.2 11:00pm  24.6  0.0  0.00  20  40  00:00   WNW  28.5 43.6
24   22.3  28.2  9:00am   17.2  5:00am  39.7  0.0  0.00  17  32  00:00   WNW  28.7 59.0
25     29  43.0  9:00pm   19.2  3:00am  29.0  0.0  0.00  15  29  00:00    SW  28.8 52.1
26   36.3  51.1  2:00pm   27.1  8:00am  21.3  0.0  0.00  18  35  00:00     S  28.4 48.1
27   19.5  28.2 12:00am   12.2  9:00pm  41.1  0.0  0.00  18  36  00:00    SW  28.8 57.8
28   23.8  35.1  4:00pm   13.1 12:00am  35.5  0.0  0.00  17  32  00:00     W  28.7 46.5
29   31.7  43.0  1:00pm   22.1 12:00am  27.6  0.0  0.00  15  29  00:00   WNW  28.3 51.0
30   30.2  46.9  5:00pm   15.3  5:00am  26.4  0.0  0.00  18  35  00:00   SSE  28.4 54.1
31   37.2  50.0  4:00pm   27.1 11:00pm  21.4  0.0  0.00  12  23  00:00   SSW  28.3 47.8